{"version":"1.0","provider_name":"Batijournal","provider_url":"https:\/\/batijournal.com","author_name":"Bati-journal","author_url":"https:\/\/batijournal.com\/index.php\/author\/elodie\/","title":"18 immeubles orl\u00e9anais en instance de classement","type":"rich","width":600,"height":338,"html":"<blockquote class=\"wp-embedded-content\" data-secret=\"yVLuqbvS3J\"><a href=\"https:\/\/batijournal.com\/index.php\/18-immeubles-orleanais-en-instance-de-classement\/75693\/\">18 immeubles orl\u00e9anais en instance de classement<\/a><\/blockquote><iframe sandbox=\"allow-scripts\" security=\"restricted\" src=\"https:\/\/batijournal.com\/index.php\/18-immeubles-orleanais-en-instance-de-classement\/75693\/embed\/#?secret=yVLuqbvS3J\" width=\"600\" height=\"338\" title=\"\u00ab\u00a018 immeubles orl\u00e9anais en instance de classement\u00a0\u00bb &#8212; Batijournal\" data-secret=\"yVLuqbvS3J\" frameborder=\"0\" marginwidth=\"0\" marginheight=\"0\" scrolling=\"no\" class=\"wp-embedded-content\"><\/iframe><script type=\"text\/javascript\">\n\/* <![CDATA[ *\/\n\/*! This file is auto-generated *\/\n!function(d,l){\"use strict\";l.querySelector&&d.addEventListener&&\"undefined\"!=typeof URL&&(d.wp=d.wp||{},d.wp.receiveEmbedMessage||(d.wp.receiveEmbedMessage=function(e){var t=e.data;if((t||t.secret||t.message||t.value)&&!\/[^a-zA-Z0-9]\/.test(t.secret)){for(var s,r,n,a=l.querySelectorAll('iframe[data-secret=\"'+t.secret+'\"]'),o=l.querySelectorAll('blockquote[data-secret=\"'+t.secret+'\"]'),c=new RegExp(\"^https?:$\",\"i\"),i=0;i<o.length;i++)o[i].style.display=\"none\";for(i=0;i<a.length;i++)s=a[i],e.source===s.contentWindow&&(s.removeAttribute(\"style\"),\"height\"===t.message?(1e3<(r=parseInt(t.value,10))?r=1e3:~~r<200&&(r=200),s.height=r):\"link\"===t.message&&(r=new URL(s.getAttribute(\"src\")),n=new URL(t.value),c.test(n.protocol))&&n.host===r.host&&l.activeElement===s&&(d.top.location.href=t.value))}},d.addEventListener(\"message\",d.wp.receiveEmbedMessage,!1),l.addEventListener(\"DOMContentLoaded\",function(){for(var e,t,s=l.querySelectorAll(\"iframe.wp-embedded-content\"),r=0;r<s.length;r++)(t=(e=s[r]).getAttribute(\"data-secret\"))||(t=Math.random().toString(36).substring(2,12),e.src+=\"#?secret=\"+t,e.setAttribute(\"data-secret\",t)),e.contentWindow.postMessage({message:\"ready\",secret:t},\"*\")},!1)))}(window,document);\n\/\/# sourceURL=https:\/\/batijournal.com\/wp-includes\/js\/wp-embed.min.js\n\/* ]]> *\/\n<\/script>\n","description":"Aur\u00e9lie Filippetti, ministre de la Culture et de la communication, d\u00e9cide de placer sous le r\u00e9gime de l&rsquo;instance de classement au titre des monuments historiques, 18 immeubles formant le front sud de la rue des Carmes, \u00e0 Orl\u00e9ans. Les immeubles, construits du Moyen \u00c2ge au 18e si\u00e8cle, ont \u00e9t\u00e9 rep\u00e9r\u00e9s comme quartier historique par la [&hellip;]"}

18 immeubles orléanais en instance de classement

<blockquote class="wp-embedded-content" data-secret="yVLuqbvS3J"><a href="https://batijournal.com/index.php/18-immeubles-orleanais-en-instance-de-classement/75693/">18 immeubles orléanais en instance de classement</a></blockquote><iframe sandbox="allow-scripts" security="restricted" src="https://batijournal.com/index.php/18-immeubles-orleanais-en-instance-de-classement/75693/embed/#?secret=yVLuqbvS3J" width="600" height="338" title="« 18 immeubles orléanais en instance de classement » &#8212; Batijournal" data-secret="yVLuqbvS3J" frameborder="0" marginwidth="0" marginheight="0" scrolling="no" class="wp-embedded-content"></iframe><script type="text/javascript">
/* <![CDATA[ */
/*! This file is auto-generated */
!function(d,l){"use strict";l.querySelector&&d.addEventListener&&"undefined"!=typeof URL&&(d.wp=d.wp||{},d.wp.receiveEmbedMessage||(d.wp.receiveEmbedMessage=function(e){var t=e.data;if((t||t.secret||t.message||t.value)&&!/[^a-zA-Z0-9]/.test(t.secret)){for(var s,r,n,a=l.querySelectorAll('iframe[data-secret="'+t.secret+'"]'),o=l.querySelectorAll('blockquote[data-secret="'+t.secret+'"]'),c=new RegExp("^https?:$","i"),i=0;i<o.length;i++)o[i].style.display="none";for(i=0;i<a.length;i++)s=a[i],e.source===s.contentWindow&&(s.removeAttribute("style"),"height"===t.message?(1e3<(r=parseInt(t.value,10))?r=1e3:~~r<200&&(r=200),s.height=r):"link"===t.message&&(r=new URL(s.getAttribute("src")),n=new URL(t.value),c.test(n.protocol))&&n.host===r.host&&l.activeElement===s&&(d.top.location.href=t.value))}},d.addEventListener("message",d.wp.receiveEmbedMessage,!1),l.addEventListener("DOMContentLoaded",function(){for(var e,t,s=l.querySelectorAll("iframe.wp-embedded-content"),r=0;r<s.length;r++)(t=(e=s[r]).getAttribute("data-secret"))||(t=Math.random().toString(36).substring(2,12),e.src+="#?secret="+t,e.setAttribute("data-secret",t)),e.contentWindow.postMessage({message:"ready",secret:t},"*")},!1)))}(window,document);
//# sourceURL=https://batijournal.com/wp-includes/js/wp-embed.min.js
/* ]]> */
</script>

Aurélie Filippetti, ministre de la Culture et de la communication, décide de placer sous le régime de l&rsquo;instance de classement au titre des monuments historiques, 18 immeubles formant le front sud de la rue des Carmes, à Orléans. Les immeubles, construits du Moyen Âge au 18e siècle, ont été repérés comme quartier historique par la [&hellip;]
