{"version":"1.0","provider_name":"Batijournal","provider_url":"https:\/\/batijournal.com","author_name":"St\u00e9phane Miget","author_url":"https:\/\/batijournal.com\/index.php\/author\/stephane\/","title":"L'\u00cele-de-France se dote d'un m\u00e9diateur de la construction de logements","type":"rich","width":600,"height":338,"html":"<blockquote class=\"wp-embedded-content\" data-secret=\"9R34QVQi9w\"><a href=\"https:\/\/batijournal.com\/index.php\/90611-2\/90611\/\">L&rsquo;\u00cele-de-France se dote d&rsquo;un m\u00e9diateur de la construction de logements<\/a><\/blockquote><iframe sandbox=\"allow-scripts\" security=\"restricted\" src=\"https:\/\/batijournal.com\/index.php\/90611-2\/90611\/embed\/#?secret=9R34QVQi9w\" width=\"600\" height=\"338\" title=\"\u00ab\u00a0L&rsquo;\u00cele-de-France se dote d&rsquo;un m\u00e9diateur de la construction de logements\u00a0\u00bb &#8212; Batijournal\" data-secret=\"9R34QVQi9w\" frameborder=\"0\" marginwidth=\"0\" marginheight=\"0\" scrolling=\"no\" class=\"wp-embedded-content\"><\/iframe><script type=\"text\/javascript\">\n\/* <![CDATA[ *\/\n\/*! This file is auto-generated *\/\n!function(d,l){\"use strict\";l.querySelector&&d.addEventListener&&\"undefined\"!=typeof URL&&(d.wp=d.wp||{},d.wp.receiveEmbedMessage||(d.wp.receiveEmbedMessage=function(e){var t=e.data;if((t||t.secret||t.message||t.value)&&!\/[^a-zA-Z0-9]\/.test(t.secret)){for(var s,r,n,a=l.querySelectorAll('iframe[data-secret=\"'+t.secret+'\"]'),o=l.querySelectorAll('blockquote[data-secret=\"'+t.secret+'\"]'),c=new RegExp(\"^https?:$\",\"i\"),i=0;i<o.length;i++)o[i].style.display=\"none\";for(i=0;i<a.length;i++)s=a[i],e.source===s.contentWindow&&(s.removeAttribute(\"style\"),\"height\"===t.message?(1e3<(r=parseInt(t.value,10))?r=1e3:~~r<200&&(r=200),s.height=r):\"link\"===t.message&&(r=new URL(s.getAttribute(\"src\")),n=new URL(t.value),c.test(n.protocol))&&n.host===r.host&&l.activeElement===s&&(d.top.location.href=t.value))}},d.addEventListener(\"message\",d.wp.receiveEmbedMessage,!1),l.addEventListener(\"DOMContentLoaded\",function(){for(var e,t,s=l.querySelectorAll(\"iframe.wp-embedded-content\"),r=0;r<s.length;r++)(t=(e=s[r]).getAttribute(\"data-secret\"))||(t=Math.random().toString(36).substring(2,12),e.src+=\"#?secret=\"+t,e.setAttribute(\"data-secret\",t)),e.contentWindow.postMessage({message:\"ready\",secret:t},\"*\")},!1)))}(window,document);\n\/\/# sourceURL=https:\/\/batijournal.com\/wp-includes\/js\/wp-embed.min.js\n\/* ]]> *\/\n<\/script>\n","thumbnail_url":"https:\/\/batijournal.com\/wp-content\/uploads\/2015\/11\/Installation-aupres-du-prefet-de-la-region-d-Ile-de-France-prefet-de-Paris-d-un-mediateur-regional-de-la-construction-de-logements.jpg","thumbnail_width":762,"thumbnail_height":510,"description":"Jean-Fran\u00e7ois Carenco, pr\u00e9fet de la r\u00e9gion d\u2019\u00cele-de-France, pr\u00e9fet de Paris, a nomm\u00e9 Jean Rebuffel, m\u00e9diateur r\u00e9gional de la construction de logements. Ce nouveau m\u00e9diateur fournira un appui ind\u00e9pendant de l\u2019administration \u00e0 l\u2019analyse des projets bloqu\u00e9s de logements collectifs pour faciliter leur mise au point et leur lancement effectif : d\u00e9bloquer des permis de construire, trouver [&hellip;]"}

Stéphane Miget

L'Île-de-France se dote d'un médiateur de la construction de logements

<blockquote class="wp-embedded-content" data-secret="9R34QVQi9w"><a href="https://batijournal.com/index.php/90611-2/90611/">L&rsquo;Île-de-France se dote d&rsquo;un médiateur de la construction de logements</a></blockquote><iframe sandbox="allow-scripts" security="restricted" src="https://batijournal.com/index.php/90611-2/90611/embed/#?secret=9R34QVQi9w" width="600" height="338" title="« L&rsquo;Île-de-France se dote d&rsquo;un médiateur de la construction de logements » &#8212; Batijournal" data-secret="9R34QVQi9w" frameborder="0" marginwidth="0" marginheight="0" scrolling="no" class="wp-embedded-content"></iframe><script type="text/javascript">
/* <![CDATA[ */
/*! This file is auto-generated */
!function(d,l){"use strict";l.querySelector&&d.addEventListener&&"undefined"!=typeof URL&&(d.wp=d.wp||{},d.wp.receiveEmbedMessage||(d.wp.receiveEmbedMessage=function(e){var t=e.data;if((t||t.secret||t.message||t.value)&&!/[^a-zA-Z0-9]/.test(t.secret)){for(var s,r,n,a=l.querySelectorAll('iframe[data-secret="'+t.secret+'"]'),o=l.querySelectorAll('blockquote[data-secret="'+t.secret+'"]'),c=new RegExp("^https?:$","i"),i=0;i<o.length;i++)o[i].style.display="none";for(i=0;i<a.length;i++)s=a[i],e.source===s.contentWindow&&(s.removeAttribute("style"),"height"===t.message?(1e3<(r=parseInt(t.value,10))?r=1e3:~~r<200&&(r=200),s.height=r):"link"===t.message&&(r=new URL(s.getAttribute("src")),n=new URL(t.value),c.test(n.protocol))&&n.host===r.host&&l.activeElement===s&&(d.top.location.href=t.value))}},d.addEventListener("message",d.wp.receiveEmbedMessage,!1),l.addEventListener("DOMContentLoaded",function(){for(var e,t,s=l.querySelectorAll("iframe.wp-embedded-content"),r=0;r<s.length;r++)(t=(e=s[r]).getAttribute("data-secret"))||(t=Math.random().toString(36).substring(2,12),e.src+="#?secret="+t,e.setAttribute("data-secret",t)),e.contentWindow.postMessage({message:"ready",secret:t},"*")},!1)))}(window,document);
//# sourceURL=https://batijournal.com/wp-includes/js/wp-embed.min.js
/* ]]> */
</script>

Jean-François Carenco, préfet de la région d’Île-de-France, préfet de Paris, a nommé Jean Rebuffel, médiateur régional de la construction de logements. Ce nouveau médiateur fournira un appui indépendant de l’administration à l’analyse des projets bloqués de logements collectifs pour faciliter leur mise au point et leur lancement effectif : débloquer des permis de construire, trouver [&hellip;]
