{"version":"1.0","provider_name":"Batijournal","provider_url":"https:\/\/batijournal.com","author_name":"Bati-journal","author_url":"https:\/\/batijournal.com\/index.php\/author\/elodie\/","title":"Accord-cadre bois-construction","type":"rich","width":600,"height":338,"html":"<blockquote class=\"wp-embedded-content\" data-secret=\"avwD7lVf6K\"><a href=\"https:\/\/batijournal.com\/index.php\/accord-cadre-bois-construction\/74962\/\">Accord-cadre bois-construction<\/a><\/blockquote><iframe sandbox=\"allow-scripts\" security=\"restricted\" src=\"https:\/\/batijournal.com\/index.php\/accord-cadre-bois-construction\/74962\/embed\/#?secret=avwD7lVf6K\" width=\"600\" height=\"338\" title=\"\u00ab\u00a0Accord-cadre bois-construction\u00a0\u00bb &#8212; Batijournal\" data-secret=\"avwD7lVf6K\" frameborder=\"0\" marginwidth=\"0\" marginheight=\"0\" scrolling=\"no\" class=\"wp-embedded-content\"><\/iframe><script type=\"text\/javascript\">\n\/* <![CDATA[ *\/\n\/*! This file is auto-generated *\/\n!function(d,l){\"use strict\";l.querySelector&&d.addEventListener&&\"undefined\"!=typeof URL&&(d.wp=d.wp||{},d.wp.receiveEmbedMessage||(d.wp.receiveEmbedMessage=function(e){var t=e.data;if((t||t.secret||t.message||t.value)&&!\/[^a-zA-Z0-9]\/.test(t.secret)){for(var s,r,n,a=l.querySelectorAll('iframe[data-secret=\"'+t.secret+'\"]'),o=l.querySelectorAll('blockquote[data-secret=\"'+t.secret+'\"]'),c=new RegExp(\"^https?:$\",\"i\"),i=0;i<o.length;i++)o[i].style.display=\"none\";for(i=0;i<a.length;i++)s=a[i],e.source===s.contentWindow&&(s.removeAttribute(\"style\"),\"height\"===t.message?(1e3<(r=parseInt(t.value,10))?r=1e3:~~r<200&&(r=200),s.height=r):\"link\"===t.message&&(r=new URL(s.getAttribute(\"src\")),n=new URL(t.value),c.test(n.protocol))&&n.host===r.host&&l.activeElement===s&&(d.top.location.href=t.value))}},d.addEventListener(\"message\",d.wp.receiveEmbedMessage,!1),l.addEventListener(\"DOMContentLoaded\",function(){for(var e,t,s=l.querySelectorAll(\"iframe.wp-embedded-content\"),r=0;r<s.length;r++)(t=(e=s[r]).getAttribute(\"data-secret\"))||(t=Math.random().toString(36).substring(2,12),e.src+=\"#?secret=\"+t,e.setAttribute(\"data-secret\",t)),e.contentWindow.postMessage({message:\"ready\",secret:t},\"*\")},!1)))}(window,document);\n\/\/# sourceURL=https:\/\/batijournal.com\/wp-includes\/js\/wp-embed.min.js\n\/* ]]> *\/\n<\/script>\n","thumbnail_url":"https:\/\/batijournal.com\/wp-content\/uploads\/2015\/03\/92772474.jpg","thumbnail_width":599,"thumbnail_height":393,"description":"Lors du Salon des maires et des collectivit\u00e9s locales, Dominique Jarlier, nouveau pr\u00e9sident de la F\u00e9d\u00e9ration nationale des communes foresti\u00e8res (FNCOFOR), et Christian Piquet, pr\u00e9sident de France Bois R\u00e9gions (FBR), ont sign\u00e9 un accord-cadre sur le d\u00e9veloppement et la valorisation du bois fran\u00e7ais dans la construction. Cet accord d\u00e9finit le cadre du partenariat entre les [&hellip;]"}

Lors du Salon des maires et des collectivités locales, Dominique Jarlier, nouveau président de la Fédération nationale des communes forestières (FNCOFOR), et Christian Piquet, président de France Bois Régions (FBR), ont signé un accord-cadre sur le développement et la valorisation du bois français dans la construction. Cet accord définit le cadre du partenariat entre les [&hellip;]
