{"version":"1.0","provider_name":"Batijournal","provider_url":"https:\/\/batijournal.com","author_name":"St\u00e9phane Miget","author_url":"https:\/\/batijournal.com\/index.php\/author\/stephane\/","title":"ARCHITECT@WORK Lyon,les 5 juin et 6 juin 2024","type":"rich","width":600,"height":338,"html":"<blockquote class=\"wp-embedded-content\" data-secret=\"SxQVTe2kXZ\"><a href=\"https:\/\/batijournal.com\/index.php\/architectwork-lyonles-5-juin-et-6-juin-2024\/110594\/\">ARCHITECT@WORK Lyon,les 5 juin et 6 juin 2024<\/a><\/blockquote><iframe sandbox=\"allow-scripts\" security=\"restricted\" src=\"https:\/\/batijournal.com\/index.php\/architectwork-lyonles-5-juin-et-6-juin-2024\/110594\/embed\/#?secret=SxQVTe2kXZ\" width=\"600\" height=\"338\" title=\"\u00ab\u00a0ARCHITECT@WORK Lyon,les 5 juin et 6 juin 2024\u00a0\u00bb &#8212; Batijournal\" data-secret=\"SxQVTe2kXZ\" frameborder=\"0\" marginwidth=\"0\" marginheight=\"0\" scrolling=\"no\" class=\"wp-embedded-content\"><\/iframe><script type=\"text\/javascript\">\n\/* <![CDATA[ *\/\n\/*! This file is auto-generated *\/\n!function(d,l){\"use strict\";l.querySelector&&d.addEventListener&&\"undefined\"!=typeof URL&&(d.wp=d.wp||{},d.wp.receiveEmbedMessage||(d.wp.receiveEmbedMessage=function(e){var t=e.data;if((t||t.secret||t.message||t.value)&&!\/[^a-zA-Z0-9]\/.test(t.secret)){for(var s,r,n,a=l.querySelectorAll('iframe[data-secret=\"'+t.secret+'\"]'),o=l.querySelectorAll('blockquote[data-secret=\"'+t.secret+'\"]'),c=new RegExp(\"^https?:$\",\"i\"),i=0;i<o.length;i++)o[i].style.display=\"none\";for(i=0;i<a.length;i++)s=a[i],e.source===s.contentWindow&&(s.removeAttribute(\"style\"),\"height\"===t.message?(1e3<(r=parseInt(t.value,10))?r=1e3:~~r<200&&(r=200),s.height=r):\"link\"===t.message&&(r=new URL(s.getAttribute(\"src\")),n=new URL(t.value),c.test(n.protocol))&&n.host===r.host&&l.activeElement===s&&(d.top.location.href=t.value))}},d.addEventListener(\"message\",d.wp.receiveEmbedMessage,!1),l.addEventListener(\"DOMContentLoaded\",function(){for(var e,t,s=l.querySelectorAll(\"iframe.wp-embedded-content\"),r=0;r<s.length;r++)(t=(e=s[r]).getAttribute(\"data-secret\"))||(t=Math.random().toString(36).substring(2,12),e.src+=\"#?secret=\"+t,e.setAttribute(\"data-secret\",t)),e.contentWindow.postMessage({message:\"ready\",secret:t},\"*\")},!1)))}(window,document);\n\/\/# sourceURL=https:\/\/batijournal.com\/wp-includes\/js\/wp-embed.min.js\n\/* ]]> *\/\n<\/script>\n","thumbnail_url":"https:\/\/batijournal.com\/wp-content\/uploads\/2024\/05\/Architect-at-work-Lyon-5.jpeg","thumbnail_width":1280,"thumbnail_height":853,"description":"ARCHITECT@WORK Lyon, ouvrira ses portes pour la 7e fois, les mercredi 5 juin &amp; jeudi 6 juin 2024. Cet \u00e9v\u00e9nement atypique, r\u00e9serv\u00e9 aux architectes et autres prescripteurs, proposera une s\u00e9lection de plus de 400 nouveaux produits, pr\u00e9sent\u00e9s par non moins de 176 industriels. Comme \u00e0 son habitude ARCHITECT@WORK propose un vaste programme d\u2019interventions et d\u2019expositions [&hellip;]"}

Stéphane Miget

ARCHITECT@WORK Lyon, ouvrira ses portes pour la 7e fois, les mercredi 5 juin &amp; jeudi 6 juin 2024. Cet événement atypique, réservé aux architectes et autres prescripteurs, proposera une sélection de plus de 400 nouveaux produits, présentés par non moins de 176 industriels. Comme à son habitude ARCHITECT@WORK propose un vaste programme d’interventions et d’expositions [&hellip;]
