{"version":"1.0","provider_name":"Batijournal","provider_url":"https:\/\/batijournal.com","author_name":"St\u00e9phane Miget","author_url":"https:\/\/batijournal.com\/index.php\/author\/stephane\/","title":"Les artisans vont louer moins cher un v\u00e9hicule","type":"rich","width":600,"height":338,"html":"<blockquote class=\"wp-embedded-content\" data-secret=\"MaS8V0Dpaq\"><a href=\"https:\/\/batijournal.com\/index.php\/artisans-louer-cher-vehicule\/93768\/\">Les artisans vont louer moins cher un v\u00e9hicule<\/a><\/blockquote><iframe sandbox=\"allow-scripts\" security=\"restricted\" src=\"https:\/\/batijournal.com\/index.php\/artisans-louer-cher-vehicule\/93768\/embed\/#?secret=MaS8V0Dpaq\" width=\"600\" height=\"338\" title=\"\u00ab\u00a0Les artisans vont louer moins cher un v\u00e9hicule\u00a0\u00bb &#8212; Batijournal\" data-secret=\"MaS8V0Dpaq\" frameborder=\"0\" marginwidth=\"0\" marginheight=\"0\" scrolling=\"no\" class=\"wp-embedded-content\"><\/iframe><script type=\"text\/javascript\">\n\/* <![CDATA[ *\/\n\/*! This file is auto-generated *\/\n!function(d,l){\"use strict\";l.querySelector&&d.addEventListener&&\"undefined\"!=typeof URL&&(d.wp=d.wp||{},d.wp.receiveEmbedMessage||(d.wp.receiveEmbedMessage=function(e){var t=e.data;if((t||t.secret||t.message||t.value)&&!\/[^a-zA-Z0-9]\/.test(t.secret)){for(var s,r,n,a=l.querySelectorAll('iframe[data-secret=\"'+t.secret+'\"]'),o=l.querySelectorAll('blockquote[data-secret=\"'+t.secret+'\"]'),c=new RegExp(\"^https?:$\",\"i\"),i=0;i<o.length;i++)o[i].style.display=\"none\";for(i=0;i<a.length;i++)s=a[i],e.source===s.contentWindow&&(s.removeAttribute(\"style\"),\"height\"===t.message?(1e3<(r=parseInt(t.value,10))?r=1e3:~~r<200&&(r=200),s.height=r):\"link\"===t.message&&(r=new URL(s.getAttribute(\"src\")),n=new URL(t.value),c.test(n.protocol))&&n.host===r.host&&l.activeElement===s&&(d.top.location.href=t.value))}},d.addEventListener(\"message\",d.wp.receiveEmbedMessage,!1),l.addEventListener(\"DOMContentLoaded\",function(){for(var e,t,s=l.querySelectorAll(\"iframe.wp-embedded-content\"),r=0;r<s.length;r++)(t=(e=s[r]).getAttribute(\"data-secret\"))||(t=Math.random().toString(36).substring(2,12),e.src+=\"#?secret=\"+t,e.setAttribute(\"data-secret\",t)),e.contentWindow.postMessage({message:\"ready\",secret:t},\"*\")},!1)))}(window,document);\n\/\/# sourceURL=https:\/\/batijournal.com\/wp-includes\/js\/wp-embed.min.js\n\/* ]]> *\/\n<\/script>\n","thumbnail_url":"https:\/\/batijournal.com\/wp-content\/uploads\/2016\/09\/capeb-europcar.jpg","thumbnail_width":1200,"thumbnail_height":868,"description":"La CAPEB et Europcar France ont conclu un nouveau partenariat afin de proposer aux entreprises artisanales du B\u00e2timent et aux ECO Artisans\u00ae RGE des solutions de location de v\u00e9hicules adapt\u00e9s \u00e0 leurs besoins, \u00e0 des tarifs pr\u00e9f\u00e9rentiels, de 10% \u00e0 25% de remise pour la location de v\u00e9hicules de tourisme et d\u2019utilitaires. Pour plus de [&hellip;]"}

Stéphane Miget

Les artisans vont louer moins cher un véhicule

<blockquote class="wp-embedded-content" data-secret="MaS8V0Dpaq"><a href="https://batijournal.com/index.php/artisans-louer-cher-vehicule/93768/">Les artisans vont louer moins cher un véhicule</a></blockquote><iframe sandbox="allow-scripts" security="restricted" src="https://batijournal.com/index.php/artisans-louer-cher-vehicule/93768/embed/#?secret=MaS8V0Dpaq" width="600" height="338" title="« Les artisans vont louer moins cher un véhicule » &#8212; Batijournal" data-secret="MaS8V0Dpaq" frameborder="0" marginwidth="0" marginheight="0" scrolling="no" class="wp-embedded-content"></iframe><script type="text/javascript">
/* <![CDATA[ */
/*! This file is auto-generated */
!function(d,l){"use strict";l.querySelector&&d.addEventListener&&"undefined"!=typeof URL&&(d.wp=d.wp||{},d.wp.receiveEmbedMessage||(d.wp.receiveEmbedMessage=function(e){var t=e.data;if((t||t.secret||t.message||t.value)&&!/[^a-zA-Z0-9]/.test(t.secret)){for(var s,r,n,a=l.querySelectorAll('iframe[data-secret="'+t.secret+'"]'),o=l.querySelectorAll('blockquote[data-secret="'+t.secret+'"]'),c=new RegExp("^https?:$","i"),i=0;i<o.length;i++)o[i].style.display="none";for(i=0;i<a.length;i++)s=a[i],e.source===s.contentWindow&&(s.removeAttribute("style"),"height"===t.message?(1e3<(r=parseInt(t.value,10))?r=1e3:~~r<200&&(r=200),s.height=r):"link"===t.message&&(r=new URL(s.getAttribute("src")),n=new URL(t.value),c.test(n.protocol))&&n.host===r.host&&l.activeElement===s&&(d.top.location.href=t.value))}},d.addEventListener("message",d.wp.receiveEmbedMessage,!1),l.addEventListener("DOMContentLoaded",function(){for(var e,t,s=l.querySelectorAll("iframe.wp-embedded-content"),r=0;r<s.length;r++)(t=(e=s[r]).getAttribute("data-secret"))||(t=Math.random().toString(36).substring(2,12),e.src+="#?secret="+t,e.setAttribute("data-secret",t)),e.contentWindow.postMessage({message:"ready",secret:t},"*")},!1)))}(window,document);
//# sourceURL=https://batijournal.com/wp-includes/js/wp-embed.min.js
/* ]]> */
</script>

La CAPEB et Europcar France ont conclu un nouveau partenariat afin de proposer aux entreprises artisanales du Bâtiment et aux ECO Artisans® RGE des solutions de location de véhicules adaptés à leurs besoins, à des tarifs préférentiels, de 10% à 25% de remise pour la location de véhicules de tourisme et d’utilitaires. Pour plus de [&hellip;]
