{"version":"1.0","provider_name":"Batijournal","provider_url":"https:\/\/batijournal.com","author_name":"Bati-journal","author_url":"https:\/\/batijournal.com\/index.php\/author\/elodie\/","title":"Auditorium du Forum Bois Construction","type":"rich","width":600,"height":338,"html":"<blockquote class=\"wp-embedded-content\" data-secret=\"TbKht3w1Ha\"><a href=\"https:\/\/batijournal.com\/index.php\/auditorium-du-forum-bois-construction\/106175\/\">Auditorium du Forum Bois Construction<\/a><\/blockquote><iframe sandbox=\"allow-scripts\" security=\"restricted\" src=\"https:\/\/batijournal.com\/index.php\/auditorium-du-forum-bois-construction\/106175\/embed\/#?secret=TbKht3w1Ha\" width=\"600\" height=\"338\" title=\"\u00ab\u00a0Auditorium du Forum Bois Construction\u00a0\u00bb &#8212; Batijournal\" data-secret=\"TbKht3w1Ha\" frameborder=\"0\" marginwidth=\"0\" marginheight=\"0\" scrolling=\"no\" class=\"wp-embedded-content\"><\/iframe><script type=\"text\/javascript\">\n\/* <![CDATA[ *\/\n\/*! This file is auto-generated *\/\n!function(d,l){\"use strict\";l.querySelector&&d.addEventListener&&\"undefined\"!=typeof URL&&(d.wp=d.wp||{},d.wp.receiveEmbedMessage||(d.wp.receiveEmbedMessage=function(e){var t=e.data;if((t||t.secret||t.message||t.value)&&!\/[^a-zA-Z0-9]\/.test(t.secret)){for(var s,r,n,a=l.querySelectorAll('iframe[data-secret=\"'+t.secret+'\"]'),o=l.querySelectorAll('blockquote[data-secret=\"'+t.secret+'\"]'),c=new RegExp(\"^https?:$\",\"i\"),i=0;i<o.length;i++)o[i].style.display=\"none\";for(i=0;i<a.length;i++)s=a[i],e.source===s.contentWindow&&(s.removeAttribute(\"style\"),\"height\"===t.message?(1e3<(r=parseInt(t.value,10))?r=1e3:~~r<200&&(r=200),s.height=r):\"link\"===t.message&&(r=new URL(s.getAttribute(\"src\")),n=new URL(t.value),c.test(n.protocol))&&n.host===r.host&&l.activeElement===s&&(d.top.location.href=t.value))}},d.addEventListener(\"message\",d.wp.receiveEmbedMessage,!1),l.addEventListener(\"DOMContentLoaded\",function(){for(var e,t,s=l.querySelectorAll(\"iframe.wp-embedded-content\"),r=0;r<s.length;r++)(t=(e=s[r]).getAttribute(\"data-secret\"))||(t=Math.random().toString(36).substring(2,12),e.src+=\"#?secret=\"+t,e.setAttribute(\"data-secret\",t)),e.contentWindow.postMessage({message:\"ready\",secret:t},\"*\")},!1)))}(window,document);\n\/\/# sourceURL=https:\/\/batijournal.com\/wp-includes\/js\/wp-embed.min.js\n\/* ]]> *\/\n<\/script>\n","thumbnail_url":"https:\/\/batijournal.com\/wp-content\/uploads\/2021\/07\/E18_Auditorium_forum_bois1-scaled.jpg","thumbnail_width":2560,"thumbnail_height":1600,"description":"[vc_row][vc_column][vc_column_text] \u00c9mission Bati-Journal.TV\u00a0 Construction \u00c9ph\u00e9m\u00e8re en bois : l\u2019Auditorium du Forum Bois Construction [\/vc_column_text][\/vc_column][\/vc_row][vc_row][vc_column][vc_column_text] Bati-Journal.TV, un \u00e9v\u00e9nement organis\u00e9 par \u00c9ditions des Halles et le Forum Bois Construction, avec le soutien de l\u2019interprofession nationale France Bois For\u00eat en partenariat avec Wood Surfer, Plan\u00e8te B\u00e2timent et Atrium, patrimoine et r\u00e9novation. [\/vc_column_text][\/vc_column][\/vc_row][vc_row][vc_column][vc_single_image image=\u00a0\u00bb106176&Prime; img_size=\u00a0\u00bblarge\u00a0\u00bb alignment=\u00a0\u00bbcenter\u00a0\u00bb][\/vc_column][\/vc_row][vc_row][vc_column][vc_column_text] Du 15 au [&hellip;]"}

[vc_row][vc_column][vc_column_text] Émission Bati-Journal.TV  Construction Éphémère en bois : l’Auditorium du Forum Bois Construction [/vc_column_text][/vc_column][/vc_row][vc_row][vc_column][vc_column_text] Bati-Journal.TV, un événement organisé par Éditions des Halles et le Forum Bois Construction, avec le soutien de l’interprofession nationale France Bois Forêt en partenariat avec Wood Surfer, Planète Bâtiment et Atrium, patrimoine et rénovation. [/vc_column_text][/vc_column][/vc_row][vc_row][vc_column][vc_single_image image= »106176&Prime; img_size= »large » alignment= »center »][/vc_column][/vc_row][vc_row][vc_column][vc_column_text] Du 15 au [&hellip;]
