{"version":"1.0","provider_name":"Batijournal","provider_url":"https:\/\/batijournal.com","author_name":"St\u00e9phane Miget","author_url":"https:\/\/batijournal.com\/index.php\/author\/stephane\/","title":"Bau : la grand-messe du b\u00e2timent","type":"rich","width":600,"height":338,"html":"<blockquote class=\"wp-embedded-content\" data-secret=\"IYIzbSy8Jy\"><a href=\"https:\/\/batijournal.com\/index.php\/bau-grand-messe-batiment\/94107\/\">Bau : la grand-messe du b\u00e2timent<\/a><\/blockquote><iframe sandbox=\"allow-scripts\" security=\"restricted\" src=\"https:\/\/batijournal.com\/index.php\/bau-grand-messe-batiment\/94107\/embed\/#?secret=IYIzbSy8Jy\" width=\"600\" height=\"338\" title=\"\u00ab\u00a0Bau : la grand-messe du b\u00e2timent\u00a0\u00bb &#8212; Batijournal\" data-secret=\"IYIzbSy8Jy\" frameborder=\"0\" marginwidth=\"0\" marginheight=\"0\" scrolling=\"no\" class=\"wp-embedded-content\"><\/iframe><script type=\"text\/javascript\">\n\/* <![CDATA[ *\/\n\/*! This file is auto-generated *\/\n!function(d,l){\"use strict\";l.querySelector&&d.addEventListener&&\"undefined\"!=typeof URL&&(d.wp=d.wp||{},d.wp.receiveEmbedMessage||(d.wp.receiveEmbedMessage=function(e){var t=e.data;if((t||t.secret||t.message||t.value)&&!\/[^a-zA-Z0-9]\/.test(t.secret)){for(var s,r,n,a=l.querySelectorAll('iframe[data-secret=\"'+t.secret+'\"]'),o=l.querySelectorAll('blockquote[data-secret=\"'+t.secret+'\"]'),c=new RegExp(\"^https?:$\",\"i\"),i=0;i<o.length;i++)o[i].style.display=\"none\";for(i=0;i<a.length;i++)s=a[i],e.source===s.contentWindow&&(s.removeAttribute(\"style\"),\"height\"===t.message?(1e3<(r=parseInt(t.value,10))?r=1e3:~~r<200&&(r=200),s.height=r):\"link\"===t.message&&(r=new URL(s.getAttribute(\"src\")),n=new URL(t.value),c.test(n.protocol))&&n.host===r.host&&l.activeElement===s&&(d.top.location.href=t.value))}},d.addEventListener(\"message\",d.wp.receiveEmbedMessage,!1),l.addEventListener(\"DOMContentLoaded\",function(){for(var e,t,s=l.querySelectorAll(\"iframe.wp-embedded-content\"),r=0;r<s.length;r++)(t=(e=s[r]).getAttribute(\"data-secret\"))||(t=Math.random().toString(36).substring(2,12),e.src+=\"#?secret=\"+t,e.setAttribute(\"data-secret\",t)),e.contentWindow.postMessage({message:\"ready\",secret:t},\"*\")},!1)))}(window,document);\n\/\/# sourceURL=https:\/\/batijournal.com\/wp-includes\/js\/wp-embed.min.js\n\/* ]]> *\/\n<\/script>\n","thumbnail_url":"https:\/\/batijournal.com\/wp-content\/uploads\/2016\/11\/salon-BAU-2015-Entree-Ouest.jpg","thumbnail_width":1200,"thumbnail_height":866,"description":"Avec 185 000 m2 de surface et 2 000 exposants de plus de 40 pays, la prochaine \u00e9dition de Bau, salon professionnel international des mat\u00e9riaux et \u00e9quipements de construction, occupera la totalit\u00e9 des 17 halls du parc d\u2019Exposition de Munich. Quatre th\u00e8mes phares ont \u00e9t\u00e9 d\u00e9finis pour l\u2019\u00e9v\u00e9nement qui se d\u00e9roulera du 16 au 21 [&hellip;]"}

Stéphane Miget

Bau : la grand-messe du bâtiment

<blockquote class="wp-embedded-content" data-secret="IYIzbSy8Jy"><a href="https://batijournal.com/index.php/bau-grand-messe-batiment/94107/">Bau : la grand-messe du bâtiment</a></blockquote><iframe sandbox="allow-scripts" security="restricted" src="https://batijournal.com/index.php/bau-grand-messe-batiment/94107/embed/#?secret=IYIzbSy8Jy" width="600" height="338" title="« Bau : la grand-messe du bâtiment » &#8212; Batijournal" data-secret="IYIzbSy8Jy" frameborder="0" marginwidth="0" marginheight="0" scrolling="no" class="wp-embedded-content"></iframe><script type="text/javascript">
/* <![CDATA[ */
/*! This file is auto-generated */
!function(d,l){"use strict";l.querySelector&&d.addEventListener&&"undefined"!=typeof URL&&(d.wp=d.wp||{},d.wp.receiveEmbedMessage||(d.wp.receiveEmbedMessage=function(e){var t=e.data;if((t||t.secret||t.message||t.value)&&!/[^a-zA-Z0-9]/.test(t.secret)){for(var s,r,n,a=l.querySelectorAll('iframe[data-secret="'+t.secret+'"]'),o=l.querySelectorAll('blockquote[data-secret="'+t.secret+'"]'),c=new RegExp("^https?:$","i"),i=0;i<o.length;i++)o[i].style.display="none";for(i=0;i<a.length;i++)s=a[i],e.source===s.contentWindow&&(s.removeAttribute("style"),"height"===t.message?(1e3<(r=parseInt(t.value,10))?r=1e3:~~r<200&&(r=200),s.height=r):"link"===t.message&&(r=new URL(s.getAttribute("src")),n=new URL(t.value),c.test(n.protocol))&&n.host===r.host&&l.activeElement===s&&(d.top.location.href=t.value))}},d.addEventListener("message",d.wp.receiveEmbedMessage,!1),l.addEventListener("DOMContentLoaded",function(){for(var e,t,s=l.querySelectorAll("iframe.wp-embedded-content"),r=0;r<s.length;r++)(t=(e=s[r]).getAttribute("data-secret"))||(t=Math.random().toString(36).substring(2,12),e.src+="#?secret="+t,e.setAttribute("data-secret",t)),e.contentWindow.postMessage({message:"ready",secret:t},"*")},!1)))}(window,document);
//# sourceURL=https://batijournal.com/wp-includes/js/wp-embed.min.js
/* ]]> */
</script>

Avec 185 000 m2 de surface et 2 000 exposants de plus de 40 pays, la prochaine édition de Bau, salon professionnel international des matériaux et équipements de construction, occupera la totalité des 17 halls du parc d’Exposition de Munich. Quatre thèmes phares ont été définis pour l’événement qui se déroulera du 16 au 21 [&hellip;]
