{"version":"1.0","provider_name":"Batijournal","provider_url":"https:\/\/batijournal.com","author_name":"Bati-journal","author_url":"https:\/\/batijournal.com\/index.php\/author\/elodie\/","title":"Beaubourg accueille sa nouvelle directrice","type":"rich","width":600,"height":338,"html":"<blockquote class=\"wp-embedded-content\" data-secret=\"Nz00Knrilm\"><a href=\"https:\/\/batijournal.com\/index.php\/beaubourg-accueille-sa-nouvelle-directrice\/75071\/\">Beaubourg accueille sa nouvelle directrice<\/a><\/blockquote><iframe sandbox=\"allow-scripts\" security=\"restricted\" src=\"https:\/\/batijournal.com\/index.php\/beaubourg-accueille-sa-nouvelle-directrice\/75071\/embed\/#?secret=Nz00Knrilm\" width=\"600\" height=\"338\" title=\"\u00ab\u00a0Beaubourg accueille sa nouvelle directrice\u00a0\u00bb &#8212; Batijournal\" data-secret=\"Nz00Knrilm\" frameborder=\"0\" marginwidth=\"0\" marginheight=\"0\" scrolling=\"no\" class=\"wp-embedded-content\"><\/iframe><script type=\"text\/javascript\">\n\/* <![CDATA[ *\/\n\/*! This file is auto-generated *\/\n!function(d,l){\"use strict\";l.querySelector&&d.addEventListener&&\"undefined\"!=typeof URL&&(d.wp=d.wp||{},d.wp.receiveEmbedMessage||(d.wp.receiveEmbedMessage=function(e){var t=e.data;if((t||t.secret||t.message||t.value)&&!\/[^a-zA-Z0-9]\/.test(t.secret)){for(var s,r,n,a=l.querySelectorAll('iframe[data-secret=\"'+t.secret+'\"]'),o=l.querySelectorAll('blockquote[data-secret=\"'+t.secret+'\"]'),c=new RegExp(\"^https?:$\",\"i\"),i=0;i<o.length;i++)o[i].style.display=\"none\";for(i=0;i<a.length;i++)s=a[i],e.source===s.contentWindow&&(s.removeAttribute(\"style\"),\"height\"===t.message?(1e3<(r=parseInt(t.value,10))?r=1e3:~~r<200&&(r=200),s.height=r):\"link\"===t.message&&(r=new URL(s.getAttribute(\"src\")),n=new URL(t.value),c.test(n.protocol))&&n.host===r.host&&l.activeElement===s&&(d.top.location.href=t.value))}},d.addEventListener(\"message\",d.wp.receiveEmbedMessage,!1),l.addEventListener(\"DOMContentLoaded\",function(){for(var e,t,s=l.querySelectorAll(\"iframe.wp-embedded-content\"),r=0;r<s.length;r++)(t=(e=s[r]).getAttribute(\"data-secret\"))||(t=Math.random().toString(36).substring(2,12),e.src+=\"#?secret=\"+t,e.setAttribute(\"data-secret\",t)),e.contentWindow.postMessage({message:\"ready\",secret:t},\"*\")},!1)))}(window,document);\n\/\/# sourceURL=https:\/\/batijournal.com\/wp-includes\/js\/wp-embed.min.js\n\/* ]]> *\/\n<\/script>\n","description":"Le Centre national d&rsquo;art et de culture Georges Pompidou accueille une nouvelle directrice. Agn\u00e8s Saal succ\u00e8de en effet \u00e0 Bruno Maquart nomm\u00e9 directeur g\u00e9n\u00e9ral de l&rsquo;Agence internationale des mus\u00e9es de France (France Mus\u00e9ums). Directrice g\u00e9n\u00e9rale de la Biblioth\u00e8que nationale de France (BNF) depuis 2001, Agn\u00e8s Saal int\u00e8gre le minist\u00e8re de la Culture de 1983 \u00e0 [&hellip;]"}

Le Centre national d&rsquo;art et de culture Georges Pompidou accueille une nouvelle directrice. Agnès Saal succède en effet à Bruno Maquart nommé directeur général de l&rsquo;Agence internationale des musées de France (France Muséums). Directrice générale de la Bibliothèque nationale de France (BNF) depuis 2001, Agnès Saal intègre le ministère de la Culture de 1983 à [&hellip;]
