{"version":"1.0","provider_name":"Batijournal","provider_url":"https:\/\/batijournal.com","author_name":"St\u00e9phane Miget","author_url":"https:\/\/batijournal.com\/index.php\/author\/stephane\/","title":"BOIS DE FRANCE : 3 ans et des projets !","type":"rich","width":600,"height":338,"html":"<blockquote class=\"wp-embedded-content\" data-secret=\"s6qDCgN8V7\"><a href=\"https:\/\/batijournal.com\/index.php\/bois-de-france-3-ans-et-des-projets\/108629\/\">BOIS DE FRANCE : 3 ans et des projets !<\/a><\/blockquote><iframe sandbox=\"allow-scripts\" security=\"restricted\" src=\"https:\/\/batijournal.com\/index.php\/bois-de-france-3-ans-et-des-projets\/108629\/embed\/#?secret=s6qDCgN8V7\" width=\"600\" height=\"338\" title=\"\u00ab\u00a0BOIS DE FRANCE : 3 ans et des projets !\u00a0\u00bb &#8212; Batijournal\" data-secret=\"s6qDCgN8V7\" frameborder=\"0\" marginwidth=\"0\" marginheight=\"0\" scrolling=\"no\" class=\"wp-embedded-content\"><\/iframe><script type=\"text\/javascript\">\n\/* <![CDATA[ *\/\n\/*! This file is auto-generated *\/\n!function(d,l){\"use strict\";l.querySelector&&d.addEventListener&&\"undefined\"!=typeof URL&&(d.wp=d.wp||{},d.wp.receiveEmbedMessage||(d.wp.receiveEmbedMessage=function(e){var t=e.data;if((t||t.secret||t.message||t.value)&&!\/[^a-zA-Z0-9]\/.test(t.secret)){for(var s,r,n,a=l.querySelectorAll('iframe[data-secret=\"'+t.secret+'\"]'),o=l.querySelectorAll('blockquote[data-secret=\"'+t.secret+'\"]'),c=new RegExp(\"^https?:$\",\"i\"),i=0;i<o.length;i++)o[i].style.display=\"none\";for(i=0;i<a.length;i++)s=a[i],e.source===s.contentWindow&&(s.removeAttribute(\"style\"),\"height\"===t.message?(1e3<(r=parseInt(t.value,10))?r=1e3:~~r<200&&(r=200),s.height=r):\"link\"===t.message&&(r=new URL(s.getAttribute(\"src\")),n=new URL(t.value),c.test(n.protocol))&&n.host===r.host&&l.activeElement===s&&(d.top.location.href=t.value))}},d.addEventListener(\"message\",d.wp.receiveEmbedMessage,!1),l.addEventListener(\"DOMContentLoaded\",function(){for(var e,t,s=l.querySelectorAll(\"iframe.wp-embedded-content\"),r=0;r<s.length;r++)(t=(e=s[r]).getAttribute(\"data-secret\"))||(t=Math.random().toString(36).substring(2,12),e.src+=\"#?secret=\"+t,e.setAttribute(\"data-secret\",t)),e.contentWindow.postMessage({message:\"ready\",secret:t},\"*\")},!1)))}(window,document);\n\/\/# sourceURL=https:\/\/batijournal.com\/wp-includes\/js\/wp-embed.min.js\n\/* ]]> *\/\n<\/script>\n","thumbnail_url":"https:\/\/batijournal.com\/wp-content\/uploads\/2023\/02\/bois-de-combustion-scierie-bois-de-france.jpg","thumbnail_width":1000,"thumbnail_height":613,"description":"Le label BOIS DE FRANCE vient de f\u00eater ses 3 ans. De 40 entreprises engag\u00e9es en juillet 2020, il compte aujourd\u2019hui 161 entreprises, une progression qui t\u00e9moigne de leur volont\u00e9 de s\u2019engager collectivement pour garantir la p\u00e9rennit\u00e9 de la fili\u00e8re bois fran\u00e7aise. Ces entreprises couvrent une grande diversit\u00e9 de m\u00e9tiers : entreprises souhaitant valoriser leurs [&hellip;]"}

Stéphane Miget

Le label BOIS DE FRANCE vient de fêter ses 3 ans. De 40 entreprises engagées en juillet 2020, il compte aujourd’hui 161 entreprises, une progression qui témoigne de leur volonté de s’engager collectivement pour garantir la pérennité de la filière bois française. Ces entreprises couvrent une grande diversité de métiers : entreprises souhaitant valoriser leurs [&hellip;]
