{"version":"1.0","provider_name":"Batijournal","provider_url":"https:\/\/batijournal.com","author_name":"Bati-journal","author_url":"https:\/\/batijournal.com\/index.php\/author\/elodie\/","title":"Chantier \u00e0 Lille : b\u00e9ton autopla\u00e7ant architectonique Cemex","type":"rich","width":600,"height":338,"html":"<blockquote class=\"wp-embedded-content\" data-secret=\"Q3QVQ0UEEl\"><a href=\"https:\/\/batijournal.com\/index.php\/chantier-a-lille-beton-autoplacant-architectonique-cemex\/81091\/\">Chantier \u00e0 Lille : b\u00e9ton autopla\u00e7ant architectonique Cemex<\/a><\/blockquote><iframe sandbox=\"allow-scripts\" security=\"restricted\" src=\"https:\/\/batijournal.com\/index.php\/chantier-a-lille-beton-autoplacant-architectonique-cemex\/81091\/embed\/#?secret=Q3QVQ0UEEl\" width=\"600\" height=\"338\" title=\"\u00ab\u00a0Chantier \u00e0 Lille : b\u00e9ton autopla\u00e7ant architectonique Cemex\u00a0\u00bb &#8212; Batijournal\" data-secret=\"Q3QVQ0UEEl\" frameborder=\"0\" marginwidth=\"0\" marginheight=\"0\" scrolling=\"no\" class=\"wp-embedded-content\"><\/iframe><script type=\"text\/javascript\">\n\/* <![CDATA[ *\/\n\/*! This file is auto-generated *\/\n!function(d,l){\"use strict\";l.querySelector&&d.addEventListener&&\"undefined\"!=typeof URL&&(d.wp=d.wp||{},d.wp.receiveEmbedMessage||(d.wp.receiveEmbedMessage=function(e){var t=e.data;if((t||t.secret||t.message||t.value)&&!\/[^a-zA-Z0-9]\/.test(t.secret)){for(var s,r,n,a=l.querySelectorAll('iframe[data-secret=\"'+t.secret+'\"]'),o=l.querySelectorAll('blockquote[data-secret=\"'+t.secret+'\"]'),c=new RegExp(\"^https?:$\",\"i\"),i=0;i<o.length;i++)o[i].style.display=\"none\";for(i=0;i<a.length;i++)s=a[i],e.source===s.contentWindow&&(s.removeAttribute(\"style\"),\"height\"===t.message?(1e3<(r=parseInt(t.value,10))?r=1e3:~~r<200&&(r=200),s.height=r):\"link\"===t.message&&(r=new URL(s.getAttribute(\"src\")),n=new URL(t.value),c.test(n.protocol))&&n.host===r.host&&l.activeElement===s&&(d.top.location.href=t.value))}},d.addEventListener(\"message\",d.wp.receiveEmbedMessage,!1),l.addEventListener(\"DOMContentLoaded\",function(){for(var e,t,s=l.querySelectorAll(\"iframe.wp-embedded-content\"),r=0;r<s.length;r++)(t=(e=s[r]).getAttribute(\"data-secret\"))||(t=Math.random().toString(36).substring(2,12),e.src+=\"#?secret=\"+t,e.setAttribute(\"data-secret\",t)),e.contentWindow.postMessage({message:\"ready\",secret:t},\"*\")},!1)))}(window,document);\n\/\/# sourceURL=https:\/\/batijournal.com\/wp-includes\/js\/wp-embed.min.js\n\/* ]]> *\/\n<\/script>\n","thumbnail_url":"https:\/\/batijournal.com\/wp-content\/uploads\/2015\/03\/17796116.jpg","thumbnail_width":599,"thumbnail_height":449,"description":"Rue Lazare Garreau, sur les friches de la Maison d\u2019accueil parents enfants (MAPE), s\u2019ouvrira en octobre 2011, un nouveau centre social et centre de la petite enfance. S\u2019y croiseront les usagers de la consultation PMI (Protection Maternelle et Infantile), les pensionnaires d\u2019une cr\u00e8che de 25 places et des publics de classes d\u2019\u00e2ge sup\u00e9rieures (6-12 ans, [&hellip;]"}

Chantier à Lille : béton autoplaçant architectonique Cemex

<blockquote class="wp-embedded-content" data-secret="Q3QVQ0UEEl"><a href="https://batijournal.com/index.php/chantier-a-lille-beton-autoplacant-architectonique-cemex/81091/">Chantier à Lille : béton autoplaçant architectonique Cemex</a></blockquote><iframe sandbox="allow-scripts" security="restricted" src="https://batijournal.com/index.php/chantier-a-lille-beton-autoplacant-architectonique-cemex/81091/embed/#?secret=Q3QVQ0UEEl" width="600" height="338" title="« Chantier à Lille : béton autoplaçant architectonique Cemex » &#8212; Batijournal" data-secret="Q3QVQ0UEEl" frameborder="0" marginwidth="0" marginheight="0" scrolling="no" class="wp-embedded-content"></iframe><script type="text/javascript">
/* <![CDATA[ */
/*! This file is auto-generated */
!function(d,l){"use strict";l.querySelector&&d.addEventListener&&"undefined"!=typeof URL&&(d.wp=d.wp||{},d.wp.receiveEmbedMessage||(d.wp.receiveEmbedMessage=function(e){var t=e.data;if((t||t.secret||t.message||t.value)&&!/[^a-zA-Z0-9]/.test(t.secret)){for(var s,r,n,a=l.querySelectorAll('iframe[data-secret="'+t.secret+'"]'),o=l.querySelectorAll('blockquote[data-secret="'+t.secret+'"]'),c=new RegExp("^https?:$","i"),i=0;i<o.length;i++)o[i].style.display="none";for(i=0;i<a.length;i++)s=a[i],e.source===s.contentWindow&&(s.removeAttribute("style"),"height"===t.message?(1e3<(r=parseInt(t.value,10))?r=1e3:~~r<200&&(r=200),s.height=r):"link"===t.message&&(r=new URL(s.getAttribute("src")),n=new URL(t.value),c.test(n.protocol))&&n.host===r.host&&l.activeElement===s&&(d.top.location.href=t.value))}},d.addEventListener("message",d.wp.receiveEmbedMessage,!1),l.addEventListener("DOMContentLoaded",function(){for(var e,t,s=l.querySelectorAll("iframe.wp-embedded-content"),r=0;r<s.length;r++)(t=(e=s[r]).getAttribute("data-secret"))||(t=Math.random().toString(36).substring(2,12),e.src+="#?secret="+t,e.setAttribute("data-secret",t)),e.contentWindow.postMessage({message:"ready",secret:t},"*")},!1)))}(window,document);
//# sourceURL=https://batijournal.com/wp-includes/js/wp-embed.min.js
/* ]]> */
</script>

Rue Lazare Garreau, sur les friches de la Maison d’accueil parents enfants (MAPE), s’ouvrira en octobre 2011, un nouveau centre social et centre de la petite enfance. S’y croiseront les usagers de la consultation PMI (Protection Maternelle et Infantile), les pensionnaires d’une crèche de 25 places et des publics de classes d’âge supérieures (6-12 ans, [&hellip;]
