{"version":"1.0","provider_name":"Batijournal","provider_url":"https:\/\/batijournal.com","author_name":"St\u00e9phane Miget","author_url":"https:\/\/batijournal.com\/index.php\/author\/stephane\/","title":"La cour des comptes remet en question la plupart des aides aux logements","type":"rich","width":600,"height":338,"html":"<blockquote class=\"wp-embedded-content\" data-secret=\"0hDhSYFMrQ\"><a href=\"https:\/\/batijournal.com\/index.php\/cour-comptes-remet-question-aides-aux-logements\/96384\/\">La cour des comptes remet en question la plupart des aides aux logements<\/a><\/blockquote><iframe sandbox=\"allow-scripts\" security=\"restricted\" src=\"https:\/\/batijournal.com\/index.php\/cour-comptes-remet-question-aides-aux-logements\/96384\/embed\/#?secret=0hDhSYFMrQ\" width=\"600\" height=\"338\" title=\"\u00ab\u00a0La cour des comptes remet en question la plupart des aides aux logements\u00a0\u00bb &#8212; Batijournal\" data-secret=\"0hDhSYFMrQ\" frameborder=\"0\" marginwidth=\"0\" marginheight=\"0\" scrolling=\"no\" class=\"wp-embedded-content\"><\/iframe><script type=\"text\/javascript\">\n\/* <![CDATA[ *\/\n\/*! This file is auto-generated *\/\n!function(d,l){\"use strict\";l.querySelector&&d.addEventListener&&\"undefined\"!=typeof URL&&(d.wp=d.wp||{},d.wp.receiveEmbedMessage||(d.wp.receiveEmbedMessage=function(e){var t=e.data;if((t||t.secret||t.message||t.value)&&!\/[^a-zA-Z0-9]\/.test(t.secret)){for(var s,r,n,a=l.querySelectorAll('iframe[data-secret=\"'+t.secret+'\"]'),o=l.querySelectorAll('blockquote[data-secret=\"'+t.secret+'\"]'),c=new RegExp(\"^https?:$\",\"i\"),i=0;i<o.length;i++)o[i].style.display=\"none\";for(i=0;i<a.length;i++)s=a[i],e.source===s.contentWindow&&(s.removeAttribute(\"style\"),\"height\"===t.message?(1e3<(r=parseInt(t.value,10))?r=1e3:~~r<200&&(r=200),s.height=r):\"link\"===t.message&&(r=new URL(s.getAttribute(\"src\")),n=new URL(t.value),c.test(n.protocol))&&n.host===r.host&&l.activeElement===s&&(d.top.location.href=t.value))}},d.addEventListener(\"message\",d.wp.receiveEmbedMessage,!1),l.addEventListener(\"DOMContentLoaded\",function(){for(var e,t,s=l.querySelectorAll(\"iframe.wp-embedded-content\"),r=0;r<s.length;r++)(t=(e=s[r]).getAttribute(\"data-secret\"))||(t=Math.random().toString(36).substring(2,12),e.src+=\"#?secret=\"+t,e.setAttribute(\"data-secret\",t)),e.contentWindow.postMessage({message:\"ready\",secret:t},\"*\")},!1)))}(window,document);\n\/\/# sourceURL=https:\/\/batijournal.com\/wp-includes\/js\/wp-embed.min.js\n\/* ]]> *\/\n<\/script>\n","thumbnail_url":"https:\/\/batijournal.com\/wp-content\/uploads\/2017\/06\/travaux-bati-ancien-tva-reduite.jpg","thumbnail_width":1200,"thumbnail_height":690,"description":"Le Premier ministre, Edouard Philippe, a demand\u00e9 \u00e0 la Cour des comptes un audit pour \u00e9valuer la situation actuelle des comptes publics. Selon le rapport, le d\u00e9ficit public d\u00e9passera l\u2019objectif de 0,4 point de PIB, pour atteindre 3,2 points, soit un d\u00e9rapage de 8 milliards d\u2019euros. Elle pr\u00e9conise de reporter ou annuler toutes les mesures [&hellip;]"}

Stéphane Miget

Le Premier ministre, Edouard Philippe, a demandé à la Cour des comptes un audit pour évaluer la situation actuelle des comptes publics. Selon le rapport, le déficit public dépassera l’objectif de 0,4 point de PIB, pour atteindre 3,2 points, soit un dérapage de 8 milliards d’euros. Elle préconise de reporter ou annuler toutes les mesures [&hellip;]
