{"version":"1.0","provider_name":"Batijournal","provider_url":"https:\/\/batijournal.com","author_name":"St\u00e9phane Miget","author_url":"https:\/\/batijournal.com\/index.php\/author\/stephane\/","title":"La culture architecturale des Fran\u00e7ais","type":"rich","width":600,"height":338,"html":"<blockquote class=\"wp-embedded-content\" data-secret=\"7vIRiRekeu\"><a href=\"https:\/\/batijournal.com\/index.php\/culture-architecturale-francais\/98634\/\">La culture architecturale des Fran\u00e7ais<\/a><\/blockquote><iframe sandbox=\"allow-scripts\" security=\"restricted\" src=\"https:\/\/batijournal.com\/index.php\/culture-architecturale-francais\/98634\/embed\/#?secret=7vIRiRekeu\" width=\"600\" height=\"338\" title=\"\u00ab\u00a0La culture architecturale des Fran\u00e7ais\u00a0\u00bb &#8212; Batijournal\" data-secret=\"7vIRiRekeu\" frameborder=\"0\" marginwidth=\"0\" marginheight=\"0\" scrolling=\"no\" class=\"wp-embedded-content\"><\/iframe><script type=\"text\/javascript\">\n\/* <![CDATA[ *\/\n\/*! This file is auto-generated *\/\n!function(d,l){\"use strict\";l.querySelector&&d.addEventListener&&\"undefined\"!=typeof URL&&(d.wp=d.wp||{},d.wp.receiveEmbedMessage||(d.wp.receiveEmbedMessage=function(e){var t=e.data;if((t||t.secret||t.message||t.value)&&!\/[^a-zA-Z0-9]\/.test(t.secret)){for(var s,r,n,a=l.querySelectorAll('iframe[data-secret=\"'+t.secret+'\"]'),o=l.querySelectorAll('blockquote[data-secret=\"'+t.secret+'\"]'),c=new RegExp(\"^https?:$\",\"i\"),i=0;i<o.length;i++)o[i].style.display=\"none\";for(i=0;i<a.length;i++)s=a[i],e.source===s.contentWindow&&(s.removeAttribute(\"style\"),\"height\"===t.message?(1e3<(r=parseInt(t.value,10))?r=1e3:~~r<200&&(r=200),s.height=r):\"link\"===t.message&&(r=new URL(s.getAttribute(\"src\")),n=new URL(t.value),c.test(n.protocol))&&n.host===r.host&&l.activeElement===s&&(d.top.location.href=t.value))}},d.addEventListener(\"message\",d.wp.receiveEmbedMessage,!1),l.addEventListener(\"DOMContentLoaded\",function(){for(var e,t,s=l.querySelectorAll(\"iframe.wp-embedded-content\"),r=0;r<s.length;r++)(t=(e=s[r]).getAttribute(\"data-secret\"))||(t=Math.random().toString(36).substring(2,12),e.src+=\"#?secret=\"+t,e.setAttribute(\"data-secret\",t)),e.contentWindow.postMessage({message:\"ready\",secret:t},\"*\")},!1)))}(window,document);\n\/\/# sourceURL=https:\/\/batijournal.com\/wp-includes\/js\/wp-embed.min.js\n\/* ]]> *\/\n<\/script>\n","thumbnail_url":"https:\/\/batijournal.com\/wp-content\/uploads\/2018\/03\/La-culture-architecturale-des-Francais.jpg","thumbnail_width":330,"thumbnail_height":500,"description":"L&rsquo;architecture reste une discipline peu connue des Fran\u00e7ais. Le minist\u00e8re de la Culture publie La Culture architecturale des Fran\u00e7ais dans la collection \u00ab Questions de culture \u00bb, en co\u00e9dition avec les Presses de Sciences Po. L&rsquo;ouvrage restitue les r\u00e9sultats d&rsquo;une vaste enqu\u00eate interrogeant diff\u00e9rents publics sur leur connaissance d&rsquo;une discipline et d&rsquo;une profession qui engagent [&hellip;]"}

Stéphane Miget

La culture architecturale des Français

<blockquote class="wp-embedded-content" data-secret="7vIRiRekeu"><a href="https://batijournal.com/index.php/culture-architecturale-francais/98634/">La culture architecturale des Français</a></blockquote><iframe sandbox="allow-scripts" security="restricted" src="https://batijournal.com/index.php/culture-architecturale-francais/98634/embed/#?secret=7vIRiRekeu" width="600" height="338" title="« La culture architecturale des Français » &#8212; Batijournal" data-secret="7vIRiRekeu" frameborder="0" marginwidth="0" marginheight="0" scrolling="no" class="wp-embedded-content"></iframe><script type="text/javascript">
/* <![CDATA[ */
/*! This file is auto-generated */
!function(d,l){"use strict";l.querySelector&&d.addEventListener&&"undefined"!=typeof URL&&(d.wp=d.wp||{},d.wp.receiveEmbedMessage||(d.wp.receiveEmbedMessage=function(e){var t=e.data;if((t||t.secret||t.message||t.value)&&!/[^a-zA-Z0-9]/.test(t.secret)){for(var s,r,n,a=l.querySelectorAll('iframe[data-secret="'+t.secret+'"]'),o=l.querySelectorAll('blockquote[data-secret="'+t.secret+'"]'),c=new RegExp("^https?:$","i"),i=0;i<o.length;i++)o[i].style.display="none";for(i=0;i<a.length;i++)s=a[i],e.source===s.contentWindow&&(s.removeAttribute("style"),"height"===t.message?(1e3<(r=parseInt(t.value,10))?r=1e3:~~r<200&&(r=200),s.height=r):"link"===t.message&&(r=new URL(s.getAttribute("src")),n=new URL(t.value),c.test(n.protocol))&&n.host===r.host&&l.activeElement===s&&(d.top.location.href=t.value))}},d.addEventListener("message",d.wp.receiveEmbedMessage,!1),l.addEventListener("DOMContentLoaded",function(){for(var e,t,s=l.querySelectorAll("iframe.wp-embedded-content"),r=0;r<s.length;r++)(t=(e=s[r]).getAttribute("data-secret"))||(t=Math.random().toString(36).substring(2,12),e.src+="#?secret="+t,e.setAttribute("data-secret",t)),e.contentWindow.postMessage({message:"ready",secret:t},"*")},!1)))}(window,document);
//# sourceURL=https://batijournal.com/wp-includes/js/wp-embed.min.js
/* ]]> */
</script>

L&rsquo;architecture reste une discipline peu connue des Français. Le ministère de la Culture publie La Culture architecturale des Français dans la collection « Questions de culture », en coédition avec les Presses de Sciences Po. L&rsquo;ouvrage restitue les résultats d&rsquo;une vaste enquête interrogeant différents publics sur leur connaissance d&rsquo;une discipline et d&rsquo;une profession qui engagent [&hellip;]
