{"version":"1.0","provider_name":"Batijournal","provider_url":"https:\/\/batijournal.com","author_name":"St\u00e9phane Miget","author_url":"https:\/\/batijournal.com\/index.php\/author\/stephane\/","title":"D\u00e9claration d'ouverture des monuments historiques","type":"rich","width":600,"height":338,"html":"<blockquote class=\"wp-embedded-content\" data-secret=\"bVx5fhU8oH\"><a href=\"https:\/\/batijournal.com\/index.php\/declaration-douverture-des-monuments-historiques\/103666\/\">D\u00e9claration d&rsquo;ouverture des monuments historiques<\/a><\/blockquote><iframe sandbox=\"allow-scripts\" security=\"restricted\" src=\"https:\/\/batijournal.com\/index.php\/declaration-douverture-des-monuments-historiques\/103666\/embed\/#?secret=bVx5fhU8oH\" width=\"600\" height=\"338\" title=\"\u00ab\u00a0D\u00e9claration d&rsquo;ouverture des monuments historiques\u00a0\u00bb &#8212; Batijournal\" data-secret=\"bVx5fhU8oH\" frameborder=\"0\" marginwidth=\"0\" marginheight=\"0\" scrolling=\"no\" class=\"wp-embedded-content\"><\/iframe><script type=\"text\/javascript\">\n\/* <![CDATA[ *\/\n\/*! This file is auto-generated *\/\n!function(d,l){\"use strict\";l.querySelector&&d.addEventListener&&\"undefined\"!=typeof URL&&(d.wp=d.wp||{},d.wp.receiveEmbedMessage||(d.wp.receiveEmbedMessage=function(e){var t=e.data;if((t||t.secret||t.message||t.value)&&!\/[^a-zA-Z0-9]\/.test(t.secret)){for(var s,r,n,a=l.querySelectorAll('iframe[data-secret=\"'+t.secret+'\"]'),o=l.querySelectorAll('blockquote[data-secret=\"'+t.secret+'\"]'),c=new RegExp(\"^https?:$\",\"i\"),i=0;i<o.length;i++)o[i].style.display=\"none\";for(i=0;i<a.length;i++)s=a[i],e.source===s.contentWindow&&(s.removeAttribute(\"style\"),\"height\"===t.message?(1e3<(r=parseInt(t.value,10))?r=1e3:~~r<200&&(r=200),s.height=r):\"link\"===t.message&&(r=new URL(s.getAttribute(\"src\")),n=new URL(t.value),c.test(n.protocol))&&n.host===r.host&&l.activeElement===s&&(d.top.location.href=t.value))}},d.addEventListener(\"message\",d.wp.receiveEmbedMessage,!1),l.addEventListener(\"DOMContentLoaded\",function(){for(var e,t,s=l.querySelectorAll(\"iframe.wp-embedded-content\"),r=0;r<s.length;r++)(t=(e=s[r]).getAttribute(\"data-secret\"))||(t=Math.random().toString(36).substring(2,12),e.src+=\"#?secret=\"+t,e.setAttribute(\"data-secret\",t)),e.contentWindow.postMessage({message:\"ready\",secret:t},\"*\")},!1)))}(window,document);\n\/\/# sourceURL=https:\/\/batijournal.com\/wp-includes\/js\/wp-embed.min.js\n\/* ]]> *\/\n<\/script>\n","thumbnail_url":"https:\/\/batijournal.com\/wp-content\/uploads\/2015\/09\/monument-historique.jpg","thumbnail_width":683,"thumbnail_height":1024,"description":"Pour b\u00e9n\u00e9ficier des avantages fiscaux li\u00e9s \u00e0 l\u2019ouverture au public de son monument, le propri\u00e9taire d\u2019un monument historique ouvert au public est tenu de d\u00e9clarer au plus tard le 29 f\u00e9vrier 2020. Le formulaire de d\u00e9claration des conditions d&rsquo;ouverture pour l&rsquo;ann\u00e9e 2020 est disponible sur le site de la Direction R\u00e9gionale des Entreprises, de la [&hellip;]"}

Stéphane Miget

Déclaration d'ouverture des monuments historiques

<blockquote class="wp-embedded-content" data-secret="bVx5fhU8oH"><a href="https://batijournal.com/index.php/declaration-douverture-des-monuments-historiques/103666/">Déclaration d&rsquo;ouverture des monuments historiques</a></blockquote><iframe sandbox="allow-scripts" security="restricted" src="https://batijournal.com/index.php/declaration-douverture-des-monuments-historiques/103666/embed/#?secret=bVx5fhU8oH" width="600" height="338" title="« Déclaration d&rsquo;ouverture des monuments historiques » &#8212; Batijournal" data-secret="bVx5fhU8oH" frameborder="0" marginwidth="0" marginheight="0" scrolling="no" class="wp-embedded-content"></iframe><script type="text/javascript">
/* <![CDATA[ */
/*! This file is auto-generated */
!function(d,l){"use strict";l.querySelector&&d.addEventListener&&"undefined"!=typeof URL&&(d.wp=d.wp||{},d.wp.receiveEmbedMessage||(d.wp.receiveEmbedMessage=function(e){var t=e.data;if((t||t.secret||t.message||t.value)&&!/[^a-zA-Z0-9]/.test(t.secret)){for(var s,r,n,a=l.querySelectorAll('iframe[data-secret="'+t.secret+'"]'),o=l.querySelectorAll('blockquote[data-secret="'+t.secret+'"]'),c=new RegExp("^https?:$","i"),i=0;i<o.length;i++)o[i].style.display="none";for(i=0;i<a.length;i++)s=a[i],e.source===s.contentWindow&&(s.removeAttribute("style"),"height"===t.message?(1e3<(r=parseInt(t.value,10))?r=1e3:~~r<200&&(r=200),s.height=r):"link"===t.message&&(r=new URL(s.getAttribute("src")),n=new URL(t.value),c.test(n.protocol))&&n.host===r.host&&l.activeElement===s&&(d.top.location.href=t.value))}},d.addEventListener("message",d.wp.receiveEmbedMessage,!1),l.addEventListener("DOMContentLoaded",function(){for(var e,t,s=l.querySelectorAll("iframe.wp-embedded-content"),r=0;r<s.length;r++)(t=(e=s[r]).getAttribute("data-secret"))||(t=Math.random().toString(36).substring(2,12),e.src+="#?secret="+t,e.setAttribute("data-secret",t)),e.contentWindow.postMessage({message:"ready",secret:t},"*")},!1)))}(window,document);
//# sourceURL=https://batijournal.com/wp-includes/js/wp-embed.min.js
/* ]]> */
</script>

Pour bénéficier des avantages fiscaux liés à l’ouverture au public de son monument, le propriétaire d’un monument historique ouvert au public est tenu de déclarer au plus tard le 29 février 2020. Le formulaire de déclaration des conditions d&rsquo;ouverture pour l&rsquo;année 2020 est disponible sur le site de la Direction Régionale des Entreprises, de la [&hellip;]
