{"version":"1.0","provider_name":"Batijournal","provider_url":"https:\/\/batijournal.com","author_name":"Bati-journal","author_url":"https:\/\/batijournal.com\/index.php\/author\/elodie\/","title":"Dialogue entre C\u00e9cile Duflot et la FFB","type":"rich","width":600,"height":338,"html":"<blockquote class=\"wp-embedded-content\" data-secret=\"G9aalDzApC\"><a href=\"https:\/\/batijournal.com\/index.php\/dialogue-entre-cecile-duflot-et-la-ffb\/71839\/\">Dialogue entre C\u00e9cile Duflot et la FFB<\/a><\/blockquote><iframe sandbox=\"allow-scripts\" security=\"restricted\" src=\"https:\/\/batijournal.com\/index.php\/dialogue-entre-cecile-duflot-et-la-ffb\/71839\/embed\/#?secret=G9aalDzApC\" width=\"600\" height=\"338\" title=\"\u00ab\u00a0Dialogue entre C\u00e9cile Duflot et la FFB\u00a0\u00bb &#8212; Batijournal\" data-secret=\"G9aalDzApC\" frameborder=\"0\" marginwidth=\"0\" marginheight=\"0\" scrolling=\"no\" class=\"wp-embedded-content\"><\/iframe><script type=\"text\/javascript\">\n\/* <![CDATA[ *\/\n\/*! This file is auto-generated *\/\n!function(d,l){\"use strict\";l.querySelector&&d.addEventListener&&\"undefined\"!=typeof URL&&(d.wp=d.wp||{},d.wp.receiveEmbedMessage||(d.wp.receiveEmbedMessage=function(e){var t=e.data;if((t||t.secret||t.message||t.value)&&!\/[^a-zA-Z0-9]\/.test(t.secret)){for(var s,r,n,a=l.querySelectorAll('iframe[data-secret=\"'+t.secret+'\"]'),o=l.querySelectorAll('blockquote[data-secret=\"'+t.secret+'\"]'),c=new RegExp(\"^https?:$\",\"i\"),i=0;i<o.length;i++)o[i].style.display=\"none\";for(i=0;i<a.length;i++)s=a[i],e.source===s.contentWindow&&(s.removeAttribute(\"style\"),\"height\"===t.message?(1e3<(r=parseInt(t.value,10))?r=1e3:~~r<200&&(r=200),s.height=r):\"link\"===t.message&&(r=new URL(s.getAttribute(\"src\")),n=new URL(t.value),c.test(n.protocol))&&n.host===r.host&&l.activeElement===s&&(d.top.location.href=t.value))}},d.addEventListener(\"message\",d.wp.receiveEmbedMessage,!1),l.addEventListener(\"DOMContentLoaded\",function(){for(var e,t,s=l.querySelectorAll(\"iframe.wp-embedded-content\"),r=0;r<s.length;r++)(t=(e=s[r]).getAttribute(\"data-secret\"))||(t=Math.random().toString(36).substring(2,12),e.src+=\"#?secret=\"+t,e.setAttribute(\"data-secret\",t)),e.contentWindow.postMessage({message:\"ready\",secret:t},\"*\")},!1)))}(window,document);\n\/\/# sourceURL=https:\/\/batijournal.com\/wp-includes\/js\/wp-embed.min.js\n\/* ]]> *\/\n<\/script>\n","thumbnail_url":"https:\/\/batijournal.com\/wp-content\/uploads\/2015\/03\/57596123.jpg","thumbnail_width":544,"thumbnail_height":600,"description":"Jeudi 17 janvier, C\u00e9cile Duflot, ministre de l&rsquo;Egalit\u00e9 des territoires et du Logement, a rencontr\u00e9 Didier Ridoret, Pr\u00e9sident de la F\u00e9d\u00e9ration Fran\u00e7aise du B\u00e2timent, et son Bureau pour aborder le climat \u00e9conomique morose actuel et dialoguer de mani\u00e8re franche et constructive sur les mesures restrictives datant de 2011 et celles \u00e0 appliquer en cette p\u00e9riode [&hellip;]"}

Dialogue entre Cécile Duflot et la FFB

<blockquote class="wp-embedded-content" data-secret="G9aalDzApC"><a href="https://batijournal.com/index.php/dialogue-entre-cecile-duflot-et-la-ffb/71839/">Dialogue entre Cécile Duflot et la FFB</a></blockquote><iframe sandbox="allow-scripts" security="restricted" src="https://batijournal.com/index.php/dialogue-entre-cecile-duflot-et-la-ffb/71839/embed/#?secret=G9aalDzApC" width="600" height="338" title="« Dialogue entre Cécile Duflot et la FFB » &#8212; Batijournal" data-secret="G9aalDzApC" frameborder="0" marginwidth="0" marginheight="0" scrolling="no" class="wp-embedded-content"></iframe><script type="text/javascript">
/* <![CDATA[ */
/*! This file is auto-generated */
!function(d,l){"use strict";l.querySelector&&d.addEventListener&&"undefined"!=typeof URL&&(d.wp=d.wp||{},d.wp.receiveEmbedMessage||(d.wp.receiveEmbedMessage=function(e){var t=e.data;if((t||t.secret||t.message||t.value)&&!/[^a-zA-Z0-9]/.test(t.secret)){for(var s,r,n,a=l.querySelectorAll('iframe[data-secret="'+t.secret+'"]'),o=l.querySelectorAll('blockquote[data-secret="'+t.secret+'"]'),c=new RegExp("^https?:$","i"),i=0;i<o.length;i++)o[i].style.display="none";for(i=0;i<a.length;i++)s=a[i],e.source===s.contentWindow&&(s.removeAttribute("style"),"height"===t.message?(1e3<(r=parseInt(t.value,10))?r=1e3:~~r<200&&(r=200),s.height=r):"link"===t.message&&(r=new URL(s.getAttribute("src")),n=new URL(t.value),c.test(n.protocol))&&n.host===r.host&&l.activeElement===s&&(d.top.location.href=t.value))}},d.addEventListener("message",d.wp.receiveEmbedMessage,!1),l.addEventListener("DOMContentLoaded",function(){for(var e,t,s=l.querySelectorAll("iframe.wp-embedded-content"),r=0;r<s.length;r++)(t=(e=s[r]).getAttribute("data-secret"))||(t=Math.random().toString(36).substring(2,12),e.src+="#?secret="+t,e.setAttribute("data-secret",t)),e.contentWindow.postMessage({message:"ready",secret:t},"*")},!1)))}(window,document);
//# sourceURL=https://batijournal.com/wp-includes/js/wp-embed.min.js
/* ]]> */
</script>

Jeudi 17 janvier, Cécile Duflot, ministre de l&rsquo;Egalité des territoires et du Logement, a rencontré Didier Ridoret, Président de la Fédération Française du Bâtiment, et son Bureau pour aborder le climat économique morose actuel et dialoguer de manière franche et constructive sur les mesures restrictives datant de 2011 et celles à appliquer en cette période [&hellip;]
