{"version":"1.0","provider_name":"Batijournal","provider_url":"https:\/\/batijournal.com","author_name":"Bati-journal","author_url":"https:\/\/batijournal.com\/index.php\/author\/elodie\/","title":"Energie et Habitat investit tout Namur Expo","type":"rich","width":600,"height":338,"html":"<blockquote class=\"wp-embedded-content\" data-secret=\"F77bulkfUf\"><a href=\"https:\/\/batijournal.com\/index.php\/energie-et-habitat-investit-tout-namur-expo\/80074\/\">Energie et Habitat investit tout Namur Expo<\/a><\/blockquote><iframe sandbox=\"allow-scripts\" security=\"restricted\" src=\"https:\/\/batijournal.com\/index.php\/energie-et-habitat-investit-tout-namur-expo\/80074\/embed\/#?secret=F77bulkfUf\" width=\"600\" height=\"338\" title=\"\u00ab\u00a0Energie et Habitat investit tout Namur Expo\u00a0\u00bb &#8212; Batijournal\" data-secret=\"F77bulkfUf\" frameborder=\"0\" marginwidth=\"0\" marginheight=\"0\" scrolling=\"no\" class=\"wp-embedded-content\"><\/iframe><script type=\"text\/javascript\">\n\/* <![CDATA[ *\/\n\/*! This file is auto-generated *\/\n!function(d,l){\"use strict\";l.querySelector&&d.addEventListener&&\"undefined\"!=typeof URL&&(d.wp=d.wp||{},d.wp.receiveEmbedMessage||(d.wp.receiveEmbedMessage=function(e){var t=e.data;if((t||t.secret||t.message||t.value)&&!\/[^a-zA-Z0-9]\/.test(t.secret)){for(var s,r,n,a=l.querySelectorAll('iframe[data-secret=\"'+t.secret+'\"]'),o=l.querySelectorAll('blockquote[data-secret=\"'+t.secret+'\"]'),c=new RegExp(\"^https?:$\",\"i\"),i=0;i<o.length;i++)o[i].style.display=\"none\";for(i=0;i<a.length;i++)s=a[i],e.source===s.contentWindow&&(s.removeAttribute(\"style\"),\"height\"===t.message?(1e3<(r=parseInt(t.value,10))?r=1e3:~~r<200&&(r=200),s.height=r):\"link\"===t.message&&(r=new URL(s.getAttribute(\"src\")),n=new URL(t.value),c.test(n.protocol))&&n.host===r.host&&l.activeElement===s&&(d.top.location.href=t.value))}},d.addEventListener(\"message\",d.wp.receiveEmbedMessage,!1),l.addEventListener(\"DOMContentLoaded\",function(){for(var e,t,s=l.querySelectorAll(\"iframe.wp-embedded-content\"),r=0;r<s.length;r++)(t=(e=s[r]).getAttribute(\"data-secret\"))||(t=Math.random().toString(36).substring(2,12),e.src+=\"#?secret=\"+t,e.setAttribute(\"data-secret\",t)),e.contentWindow.postMessage({message:\"ready\",secret:t},\"*\")},!1)))}(window,document);\n\/\/# sourceURL=https:\/\/batijournal.com\/wp-includes\/js\/wp-embed.min.js\n\/* ]]> *\/\n<\/script>\n","description":"Devant le succ\u00e8s de la 1\u00e8re \u00e9dition d&rsquo;\u0092Energie et Habitat et pour pouvoir r\u00e9pondre positivement aux demandes des exposants, le salon occupera d\u00e8s cette ann\u00e9e la totalit\u00e9 de Namur Expo avec la location du 3\u00e8me palais, soit 12 000 m\u00b2 au lieu de 8 000 m\u00b2. En accroissant la surface d\u0092&rsquo;exposition de son salon, Energie [&hellip;]"}

Devant le succès de la 1ère édition d&rsquo;Energie et Habitat et pour pouvoir répondre positivement aux demandes des exposants, le salon occupera dès cette année la totalité de Namur Expo avec la location du 3ème palais, soit 12 000 m² au lieu de 8 000 m². En accroissant la surface d&rsquo;exposition de son salon, Energie [&hellip;]
