{"version":"1.0","provider_name":"Batijournal","provider_url":"https:\/\/batijournal.com","author_name":"Bati-journal","author_url":"https:\/\/batijournal.com\/index.php\/author\/elodie\/","title":"Europarket 2008 : fr\u00e9quentation en hausse","type":"rich","width":600,"height":338,"html":"<blockquote class=\"wp-embedded-content\" data-secret=\"4lbeWDczy4\"><a href=\"https:\/\/batijournal.com\/index.php\/europarket-2008-frequentation-en-hausse\/80775\/\">Europarket 2008 : fr\u00e9quentation en hausse<\/a><\/blockquote><iframe sandbox=\"allow-scripts\" security=\"restricted\" src=\"https:\/\/batijournal.com\/index.php\/europarket-2008-frequentation-en-hausse\/80775\/embed\/#?secret=4lbeWDczy4\" width=\"600\" height=\"338\" title=\"\u00ab\u00a0Europarket 2008 : fr\u00e9quentation en hausse\u00a0\u00bb &#8212; Batijournal\" data-secret=\"4lbeWDczy4\" frameborder=\"0\" marginwidth=\"0\" marginheight=\"0\" scrolling=\"no\" class=\"wp-embedded-content\"><\/iframe><script type=\"text\/javascript\">\n\/* <![CDATA[ *\/\n\/*! This file is auto-generated *\/\n!function(d,l){\"use strict\";l.querySelector&&d.addEventListener&&\"undefined\"!=typeof URL&&(d.wp=d.wp||{},d.wp.receiveEmbedMessage||(d.wp.receiveEmbedMessage=function(e){var t=e.data;if((t||t.secret||t.message||t.value)&&!\/[^a-zA-Z0-9]\/.test(t.secret)){for(var s,r,n,a=l.querySelectorAll('iframe[data-secret=\"'+t.secret+'\"]'),o=l.querySelectorAll('blockquote[data-secret=\"'+t.secret+'\"]'),c=new RegExp(\"^https?:$\",\"i\"),i=0;i<o.length;i++)o[i].style.display=\"none\";for(i=0;i<a.length;i++)s=a[i],e.source===s.contentWindow&&(s.removeAttribute(\"style\"),\"height\"===t.message?(1e3<(r=parseInt(t.value,10))?r=1e3:~~r<200&&(r=200),s.height=r):\"link\"===t.message&&(r=new URL(s.getAttribute(\"src\")),n=new URL(t.value),c.test(n.protocol))&&n.host===r.host&&l.activeElement===s&&(d.top.location.href=t.value))}},d.addEventListener(\"message\",d.wp.receiveEmbedMessage,!1),l.addEventListener(\"DOMContentLoaded\",function(){for(var e,t,s=l.querySelectorAll(\"iframe.wp-embedded-content\"),r=0;r<s.length;r++)(t=(e=s[r]).getAttribute(\"data-secret\"))||(t=Math.random().toString(36).substring(2,12),e.src+=\"#?secret=\"+t,e.setAttribute(\"data-secret\",t)),e.contentWindow.postMessage({message:\"ready\",secret:t},\"*\")},!1)))}(window,document);\n\/\/# sourceURL=https:\/\/batijournal.com\/wp-includes\/js\/wp-embed.min.js\n\/* ]]> *\/\n<\/script>\n","thumbnail_url":"https:\/\/batijournal.com\/wp-content\/uploads\/2015\/03\/002804.jpg","thumbnail_width":599,"thumbnail_height":398,"description":"La cinqui\u00e8me \u00e9dition du salon professionnel international du parquet, du plancher, du parquet de placage, des sols stratifi\u00e9s, des rev\u00eatements en li\u00e8ge et de leurs accessoires qui s\u0092est d\u00e9roul\u00e9e du 13 au 15 avril \u00e0 Kortrjk Xpo (Belgique) a r\u00e9uni 185 exposants venus de 19 pays. Apr\u00e8s une l\u00e9g\u00e8re baisse de fr\u00e9quentation lors de l\u0092&rsquo;\u00e9dition [&hellip;]"}

Europarket 2008 : fréquentation en hausse

<blockquote class="wp-embedded-content" data-secret="4lbeWDczy4"><a href="https://batijournal.com/index.php/europarket-2008-frequentation-en-hausse/80775/">Europarket 2008 : fréquentation en hausse</a></blockquote><iframe sandbox="allow-scripts" security="restricted" src="https://batijournal.com/index.php/europarket-2008-frequentation-en-hausse/80775/embed/#?secret=4lbeWDczy4" width="600" height="338" title="« Europarket 2008 : fréquentation en hausse » &#8212; Batijournal" data-secret="4lbeWDczy4" frameborder="0" marginwidth="0" marginheight="0" scrolling="no" class="wp-embedded-content"></iframe><script type="text/javascript">
/* <![CDATA[ */
/*! This file is auto-generated */
!function(d,l){"use strict";l.querySelector&&d.addEventListener&&"undefined"!=typeof URL&&(d.wp=d.wp||{},d.wp.receiveEmbedMessage||(d.wp.receiveEmbedMessage=function(e){var t=e.data;if((t||t.secret||t.message||t.value)&&!/[^a-zA-Z0-9]/.test(t.secret)){for(var s,r,n,a=l.querySelectorAll('iframe[data-secret="'+t.secret+'"]'),o=l.querySelectorAll('blockquote[data-secret="'+t.secret+'"]'),c=new RegExp("^https?:$","i"),i=0;i<o.length;i++)o[i].style.display="none";for(i=0;i<a.length;i++)s=a[i],e.source===s.contentWindow&&(s.removeAttribute("style"),"height"===t.message?(1e3<(r=parseInt(t.value,10))?r=1e3:~~r<200&&(r=200),s.height=r):"link"===t.message&&(r=new URL(s.getAttribute("src")),n=new URL(t.value),c.test(n.protocol))&&n.host===r.host&&l.activeElement===s&&(d.top.location.href=t.value))}},d.addEventListener("message",d.wp.receiveEmbedMessage,!1),l.addEventListener("DOMContentLoaded",function(){for(var e,t,s=l.querySelectorAll("iframe.wp-embedded-content"),r=0;r<s.length;r++)(t=(e=s[r]).getAttribute("data-secret"))||(t=Math.random().toString(36).substring(2,12),e.src+="#?secret="+t,e.setAttribute("data-secret",t)),e.contentWindow.postMessage({message:"ready",secret:t},"*")},!1)))}(window,document);
//# sourceURL=https://batijournal.com/wp-includes/js/wp-embed.min.js
/* ]]> */
</script>

La cinquième édition du salon professionnel international du parquet, du plancher, du parquet de placage, des sols stratifiés, des revêtements en liège et de leurs accessoires qui sest déroulée du 13 au 15 avril à Kortrjk Xpo (Belgique) a réuni 185 exposants venus de 19 pays. Après une légère baisse de fréquentation lors de l&rsquo;édition [&hellip;]
