{"version":"1.0","provider_name":"Batijournal","provider_url":"https:\/\/batijournal.com","author_name":"Bati-journal","author_url":"https:\/\/batijournal.com\/index.php\/author\/elodie\/","title":"European Floor & Wall Exhibition (EFWEX)","type":"rich","width":600,"height":338,"html":"<blockquote class=\"wp-embedded-content\" data-secret=\"0CwZL8eZnh\"><a href=\"https:\/\/batijournal.com\/index.php\/european-floor-wall-exhibition-efwex\/79181\/\">European Floor &#038; Wall Exhibition (EFWEX)<\/a><\/blockquote><iframe sandbox=\"allow-scripts\" security=\"restricted\" src=\"https:\/\/batijournal.com\/index.php\/european-floor-wall-exhibition-efwex\/79181\/embed\/#?secret=0CwZL8eZnh\" width=\"600\" height=\"338\" title=\"\u00ab\u00a0European Floor &#038; Wall Exhibition (EFWEX)\u00a0\u00bb &#8212; Batijournal\" data-secret=\"0CwZL8eZnh\" frameborder=\"0\" marginwidth=\"0\" marginheight=\"0\" scrolling=\"no\" class=\"wp-embedded-content\"><\/iframe><script type=\"text\/javascript\">\n\/* <![CDATA[ *\/\n\/*! This file is auto-generated *\/\n!function(d,l){\"use strict\";l.querySelector&&d.addEventListener&&\"undefined\"!=typeof URL&&(d.wp=d.wp||{},d.wp.receiveEmbedMessage||(d.wp.receiveEmbedMessage=function(e){var t=e.data;if((t||t.secret||t.message||t.value)&&!\/[^a-zA-Z0-9]\/.test(t.secret)){for(var s,r,n,a=l.querySelectorAll('iframe[data-secret=\"'+t.secret+'\"]'),o=l.querySelectorAll('blockquote[data-secret=\"'+t.secret+'\"]'),c=new RegExp(\"^https?:$\",\"i\"),i=0;i<o.length;i++)o[i].style.display=\"none\";for(i=0;i<a.length;i++)s=a[i],e.source===s.contentWindow&&(s.removeAttribute(\"style\"),\"height\"===t.message?(1e3<(r=parseInt(t.value,10))?r=1e3:~~r<200&&(r=200),s.height=r):\"link\"===t.message&&(r=new URL(s.getAttribute(\"src\")),n=new URL(t.value),c.test(n.protocol))&&n.host===r.host&&l.activeElement===s&&(d.top.location.href=t.value))}},d.addEventListener(\"message\",d.wp.receiveEmbedMessage,!1),l.addEventListener(\"DOMContentLoaded\",function(){for(var e,t,s=l.querySelectorAll(\"iframe.wp-embedded-content\"),r=0;r<s.length;r++)(t=(e=s[r]).getAttribute(\"data-secret\"))||(t=Math.random().toString(36).substring(2,12),e.src+=\"#?secret=\"+t,e.setAttribute(\"data-secret\",t)),e.contentWindow.postMessage({message:\"ready\",secret:t},\"*\")},!1)))}(window,document);\n\/\/# sourceURL=https:\/\/batijournal.com\/wp-includes\/js\/wp-embed.min.js\n\/* ]]> *\/\n<\/script>\n","thumbnail_url":"https:\/\/batijournal.com\/wp-content\/uploads\/2015\/03\/73781094.jpg","thumbnail_width":600,"thumbnail_height":330,"description":"Au printemps 2014, la Belgique accueillera un nouveau salon professionnel europ\u00e9en d\u00e9di\u00e9 aux sols et rev\u00eatements de fa\u00e7ade en bois, aux sols LVT, vinyle et PVC, aux produits de pose, de finition et d&rsquo;entretien et \u00e0 tous les outils y aff\u00e9rant. Ce projet a vu le jour fin juillet apr\u00e8s concertation avec de nombreuses entreprises [&hellip;]"}

Au printemps 2014, la Belgique accueillera un nouveau salon professionnel européen dédié aux sols et revêtements de façade en bois, aux sols LVT, vinyle et PVC, aux produits de pose, de finition et d&rsquo;entretien et à tous les outils y afférant. Ce projet a vu le jour fin juillet après concertation avec de nombreuses entreprises [&hellip;]
