{"version":"1.0","provider_name":"Batijournal","provider_url":"https:\/\/batijournal.com","author_name":"St\u00e9phane Miget","author_url":"https:\/\/batijournal.com\/index.php\/author\/stephane\/","title":"Festival du film d\u2019arch\u00e9ologie d\u2019Amiens du 10 au 14 avril 2018","type":"rich","width":600,"height":338,"html":"<blockquote class=\"wp-embedded-content\" data-secret=\"nLEp5sYt9b\"><a href=\"https:\/\/batijournal.com\/index.php\/festival-film-darcheologie-damiens-10-14-avril-2018\/98465\/\">Festival du film d\u2019arch\u00e9ologie d\u2019Amiens du 10 au 14 avril 2018<\/a><\/blockquote><iframe sandbox=\"allow-scripts\" security=\"restricted\" src=\"https:\/\/batijournal.com\/index.php\/festival-film-darcheologie-damiens-10-14-avril-2018\/98465\/embed\/#?secret=nLEp5sYt9b\" width=\"600\" height=\"338\" title=\"\u00ab\u00a0Festival du film d\u2019arch\u00e9ologie d\u2019Amiens du 10 au 14 avril 2018\u00a0\u00bb &#8212; Batijournal\" data-secret=\"nLEp5sYt9b\" frameborder=\"0\" marginwidth=\"0\" marginheight=\"0\" scrolling=\"no\" class=\"wp-embedded-content\"><\/iframe><script type=\"text\/javascript\">\n\/* <![CDATA[ *\/\n\/*! This file is auto-generated *\/\n!function(d,l){\"use strict\";l.querySelector&&d.addEventListener&&\"undefined\"!=typeof URL&&(d.wp=d.wp||{},d.wp.receiveEmbedMessage||(d.wp.receiveEmbedMessage=function(e){var t=e.data;if((t||t.secret||t.message||t.value)&&!\/[^a-zA-Z0-9]\/.test(t.secret)){for(var s,r,n,a=l.querySelectorAll('iframe[data-secret=\"'+t.secret+'\"]'),o=l.querySelectorAll('blockquote[data-secret=\"'+t.secret+'\"]'),c=new RegExp(\"^https?:$\",\"i\"),i=0;i<o.length;i++)o[i].style.display=\"none\";for(i=0;i<a.length;i++)s=a[i],e.source===s.contentWindow&&(s.removeAttribute(\"style\"),\"height\"===t.message?(1e3<(r=parseInt(t.value,10))?r=1e3:~~r<200&&(r=200),s.height=r):\"link\"===t.message&&(r=new URL(s.getAttribute(\"src\")),n=new URL(t.value),c.test(n.protocol))&&n.host===r.host&&l.activeElement===s&&(d.top.location.href=t.value))}},d.addEventListener(\"message\",d.wp.receiveEmbedMessage,!1),l.addEventListener(\"DOMContentLoaded\",function(){for(var e,t,s=l.querySelectorAll(\"iframe.wp-embedded-content\"),r=0;r<s.length;r++)(t=(e=s[r]).getAttribute(\"data-secret\"))||(t=Math.random().toString(36).substring(2,12),e.src+=\"#?secret=\"+t,e.setAttribute(\"data-secret\",t)),e.contentWindow.postMessage({message:\"ready\",secret:t},\"*\")},!1)))}(window,document);\n\/\/# sourceURL=https:\/\/batijournal.com\/wp-includes\/js\/wp-embed.min.js\n\/* ]]> *\/\n<\/script>\n","thumbnail_url":"https:\/\/batijournal.com\/wp-content\/uploads\/2018\/02\/festival-film-archeologie.jpg","thumbnail_width":681,"thumbnail_height":960,"description":"Le Festival du film d\u2019arch\u00e9ologie est rythm\u00e9 par plus de 70 documentaires programm\u00e9s au travers de 16 s\u00e9ances et offre un vaste panorama g\u00e9ographique des d\u00e9couvertes arch\u00e9ologiques r\u00e9centes. Les projections ont lieu principalement au Gaumont \u00e0 Amiens, mais aussi \u00e0 l&rsquo;Universit\u00e9 de Picardie Jules Verne, au Lyc\u00e9e Robert de Luzarches et \u00e0 la Facult\u00e9 des [&hellip;]"}

Stéphane Miget

Festival du film d’archéologie d’Amiens du 10 au 14 avril 2018

<blockquote class="wp-embedded-content" data-secret="nLEp5sYt9b"><a href="https://batijournal.com/index.php/festival-film-darcheologie-damiens-10-14-avril-2018/98465/">Festival du film d’archéologie d’Amiens du 10 au 14 avril 2018</a></blockquote><iframe sandbox="allow-scripts" security="restricted" src="https://batijournal.com/index.php/festival-film-darcheologie-damiens-10-14-avril-2018/98465/embed/#?secret=nLEp5sYt9b" width="600" height="338" title="« Festival du film d’archéologie d’Amiens du 10 au 14 avril 2018 » &#8212; Batijournal" data-secret="nLEp5sYt9b" frameborder="0" marginwidth="0" marginheight="0" scrolling="no" class="wp-embedded-content"></iframe><script type="text/javascript">
/* <![CDATA[ */
/*! This file is auto-generated */
!function(d,l){"use strict";l.querySelector&&d.addEventListener&&"undefined"!=typeof URL&&(d.wp=d.wp||{},d.wp.receiveEmbedMessage||(d.wp.receiveEmbedMessage=function(e){var t=e.data;if((t||t.secret||t.message||t.value)&&!/[^a-zA-Z0-9]/.test(t.secret)){for(var s,r,n,a=l.querySelectorAll('iframe[data-secret="'+t.secret+'"]'),o=l.querySelectorAll('blockquote[data-secret="'+t.secret+'"]'),c=new RegExp("^https?:$","i"),i=0;i<o.length;i++)o[i].style.display="none";for(i=0;i<a.length;i++)s=a[i],e.source===s.contentWindow&&(s.removeAttribute("style"),"height"===t.message?(1e3<(r=parseInt(t.value,10))?r=1e3:~~r<200&&(r=200),s.height=r):"link"===t.message&&(r=new URL(s.getAttribute("src")),n=new URL(t.value),c.test(n.protocol))&&n.host===r.host&&l.activeElement===s&&(d.top.location.href=t.value))}},d.addEventListener("message",d.wp.receiveEmbedMessage,!1),l.addEventListener("DOMContentLoaded",function(){for(var e,t,s=l.querySelectorAll("iframe.wp-embedded-content"),r=0;r<s.length;r++)(t=(e=s[r]).getAttribute("data-secret"))||(t=Math.random().toString(36).substring(2,12),e.src+="#?secret="+t,e.setAttribute("data-secret",t)),e.contentWindow.postMessage({message:"ready",secret:t},"*")},!1)))}(window,document);
//# sourceURL=https://batijournal.com/wp-includes/js/wp-embed.min.js
/* ]]> */
</script>

Le Festival du film d’archéologie est rythmé par plus de 70 documentaires programmés au travers de 16 séances et offre un vaste panorama géographique des découvertes archéologiques récentes. Les projections ont lieu principalement au Gaumont à Amiens, mais aussi à l&rsquo;Université de Picardie Jules Verne, au Lycée Robert de Luzarches et à la Faculté des [&hellip;]
