{"version":"1.0","provider_name":"Batijournal","provider_url":"https:\/\/batijournal.com","author_name":"Bati-journal","author_url":"https:\/\/batijournal.com\/index.php\/author\/elodie\/","title":"Filippo et Filippino Lippi au mus\u00e9e du Luxembourg","type":"rich","width":600,"height":338,"html":"<blockquote class=\"wp-embedded-content\" data-secret=\"tRxiPXBwkO\"><a href=\"https:\/\/batijournal.com\/index.php\/filippo-et-filippino-lippi-au-musee-du-luxembourg\/76170\/\">Filippo et Filippino Lippi au mus\u00e9e du Luxembourg<\/a><\/blockquote><iframe sandbox=\"allow-scripts\" security=\"restricted\" src=\"https:\/\/batijournal.com\/index.php\/filippo-et-filippino-lippi-au-musee-du-luxembourg\/76170\/embed\/#?secret=tRxiPXBwkO\" width=\"600\" height=\"338\" title=\"\u00ab\u00a0Filippo et Filippino Lippi au mus\u00e9e du Luxembourg\u00a0\u00bb &#8212; Batijournal\" data-secret=\"tRxiPXBwkO\" frameborder=\"0\" marginwidth=\"0\" marginheight=\"0\" scrolling=\"no\" class=\"wp-embedded-content\"><\/iframe><script type=\"text\/javascript\">\n\/* <![CDATA[ *\/\n\/*! This file is auto-generated *\/\n!function(d,l){\"use strict\";l.querySelector&&d.addEventListener&&\"undefined\"!=typeof URL&&(d.wp=d.wp||{},d.wp.receiveEmbedMessage||(d.wp.receiveEmbedMessage=function(e){var t=e.data;if((t||t.secret||t.message||t.value)&&!\/[^a-zA-Z0-9]\/.test(t.secret)){for(var s,r,n,a=l.querySelectorAll('iframe[data-secret=\"'+t.secret+'\"]'),o=l.querySelectorAll('blockquote[data-secret=\"'+t.secret+'\"]'),c=new RegExp(\"^https?:$\",\"i\"),i=0;i<o.length;i++)o[i].style.display=\"none\";for(i=0;i<a.length;i++)s=a[i],e.source===s.contentWindow&&(s.removeAttribute(\"style\"),\"height\"===t.message?(1e3<(r=parseInt(t.value,10))?r=1e3:~~r<200&&(r=200),s.height=r):\"link\"===t.message&&(r=new URL(s.getAttribute(\"src\")),n=new URL(t.value),c.test(n.protocol))&&n.host===r.host&&l.activeElement===s&&(d.top.location.href=t.value))}},d.addEventListener(\"message\",d.wp.receiveEmbedMessage,!1),l.addEventListener(\"DOMContentLoaded\",function(){for(var e,t,s=l.querySelectorAll(\"iframe.wp-embedded-content\"),r=0;r<s.length;r++)(t=(e=s[r]).getAttribute(\"data-secret\"))||(t=Math.random().toString(36).substring(2,12),e.src+=\"#?secret=\"+t,e.setAttribute(\"data-secret\",t)),e.contentWindow.postMessage({message:\"ready\",secret:t},\"*\")},!1)))}(window,document);\n\/\/# sourceURL=https:\/\/batijournal.com\/wp-includes\/js\/wp-embed.min.js\n\/* ]]> *\/\n<\/script>\n","description":"Cette exposition majeure pour la compr\u00e9hension de la Renaissance italienne se tient du 25 mars au 2 ao\u00fbt. Elle rassemble une cinquantaine de tableaux et sculptures du XIVe au XVIe si\u00e8cle, encore jamais pr\u00e9sent\u00e9s en France (et pour certaines oeuvres jamais sorties d\u0092Italie), provenant en partie du mus\u00e9e municipal de Prato, situ\u00e9 dans le Palazzo [&hellip;]"}

Filippo et Filippino Lippi au musée du Luxembourg

<blockquote class="wp-embedded-content" data-secret="tRxiPXBwkO"><a href="https://batijournal.com/index.php/filippo-et-filippino-lippi-au-musee-du-luxembourg/76170/">Filippo et Filippino Lippi au musée du Luxembourg</a></blockquote><iframe sandbox="allow-scripts" security="restricted" src="https://batijournal.com/index.php/filippo-et-filippino-lippi-au-musee-du-luxembourg/76170/embed/#?secret=tRxiPXBwkO" width="600" height="338" title="« Filippo et Filippino Lippi au musée du Luxembourg » &#8212; Batijournal" data-secret="tRxiPXBwkO" frameborder="0" marginwidth="0" marginheight="0" scrolling="no" class="wp-embedded-content"></iframe><script type="text/javascript">
/* <![CDATA[ */
/*! This file is auto-generated */
!function(d,l){"use strict";l.querySelector&&d.addEventListener&&"undefined"!=typeof URL&&(d.wp=d.wp||{},d.wp.receiveEmbedMessage||(d.wp.receiveEmbedMessage=function(e){var t=e.data;if((t||t.secret||t.message||t.value)&&!/[^a-zA-Z0-9]/.test(t.secret)){for(var s,r,n,a=l.querySelectorAll('iframe[data-secret="'+t.secret+'"]'),o=l.querySelectorAll('blockquote[data-secret="'+t.secret+'"]'),c=new RegExp("^https?:$","i"),i=0;i<o.length;i++)o[i].style.display="none";for(i=0;i<a.length;i++)s=a[i],e.source===s.contentWindow&&(s.removeAttribute("style"),"height"===t.message?(1e3<(r=parseInt(t.value,10))?r=1e3:~~r<200&&(r=200),s.height=r):"link"===t.message&&(r=new URL(s.getAttribute("src")),n=new URL(t.value),c.test(n.protocol))&&n.host===r.host&&l.activeElement===s&&(d.top.location.href=t.value))}},d.addEventListener("message",d.wp.receiveEmbedMessage,!1),l.addEventListener("DOMContentLoaded",function(){for(var e,t,s=l.querySelectorAll("iframe.wp-embedded-content"),r=0;r<s.length;r++)(t=(e=s[r]).getAttribute("data-secret"))||(t=Math.random().toString(36).substring(2,12),e.src+="#?secret="+t,e.setAttribute("data-secret",t)),e.contentWindow.postMessage({message:"ready",secret:t},"*")},!1)))}(window,document);
//# sourceURL=https://batijournal.com/wp-includes/js/wp-embed.min.js
/* ]]> */
</script>

Cette exposition majeure pour la compréhension de la Renaissance italienne se tient du 25 mars au 2 août. Elle rassemble une cinquantaine de tableaux et sculptures du XIVe au XVIe siècle, encore jamais présentés en France (et pour certaines oeuvres jamais sorties dItalie), provenant en partie du musée municipal de Prato, situé dans le Palazzo [&hellip;]
