{"version":"1.0","provider_name":"Batijournal","provider_url":"https:\/\/batijournal.com","author_name":"St\u00e9phane Miget","author_url":"https:\/\/batijournal.com\/index.php\/author\/stephane\/","title":"La Fondation du patrimoine a 20 ans","type":"rich","width":600,"height":338,"html":"<blockquote class=\"wp-embedded-content\" data-secret=\"4cwzjNK62D\"><a href=\"https:\/\/batijournal.com\/index.php\/fondation-patrimoine-a-20-ans\/93284\/\">La Fondation du patrimoine a 20 ans<\/a><\/blockquote><iframe sandbox=\"allow-scripts\" security=\"restricted\" src=\"https:\/\/batijournal.com\/index.php\/fondation-patrimoine-a-20-ans\/93284\/embed\/#?secret=4cwzjNK62D\" width=\"600\" height=\"338\" title=\"\u00ab\u00a0La Fondation du patrimoine a 20 ans\u00a0\u00bb &#8212; Batijournal\" data-secret=\"4cwzjNK62D\" frameborder=\"0\" marginwidth=\"0\" marginheight=\"0\" scrolling=\"no\" class=\"wp-embedded-content\"><\/iframe><script type=\"text\/javascript\">\n\/* <![CDATA[ *\/\n\/*! This file is auto-generated *\/\n!function(d,l){\"use strict\";l.querySelector&&d.addEventListener&&\"undefined\"!=typeof URL&&(d.wp=d.wp||{},d.wp.receiveEmbedMessage||(d.wp.receiveEmbedMessage=function(e){var t=e.data;if((t||t.secret||t.message||t.value)&&!\/[^a-zA-Z0-9]\/.test(t.secret)){for(var s,r,n,a=l.querySelectorAll('iframe[data-secret=\"'+t.secret+'\"]'),o=l.querySelectorAll('blockquote[data-secret=\"'+t.secret+'\"]'),c=new RegExp(\"^https?:$\",\"i\"),i=0;i<o.length;i++)o[i].style.display=\"none\";for(i=0;i<a.length;i++)s=a[i],e.source===s.contentWindow&&(s.removeAttribute(\"style\"),\"height\"===t.message?(1e3<(r=parseInt(t.value,10))?r=1e3:~~r<200&&(r=200),s.height=r):\"link\"===t.message&&(r=new URL(s.getAttribute(\"src\")),n=new URL(t.value),c.test(n.protocol))&&n.host===r.host&&l.activeElement===s&&(d.top.location.href=t.value))}},d.addEventListener(\"message\",d.wp.receiveEmbedMessage,!1),l.addEventListener(\"DOMContentLoaded\",function(){for(var e,t,s=l.querySelectorAll(\"iframe.wp-embedded-content\"),r=0;r<s.length;r++)(t=(e=s[r]).getAttribute(\"data-secret\"))||(t=Math.random().toString(36).substring(2,12),e.src+=\"#?secret=\"+t,e.setAttribute(\"data-secret\",t)),e.contentWindow.postMessage({message:\"ready\",secret:t},\"*\")},!1)))}(window,document);\n\/\/# sourceURL=https:\/\/batijournal.com\/wp-includes\/js\/wp-embed.min.js\n\/* ]]> *\/\n<\/script>\n","thumbnail_url":"https:\/\/batijournal.com\/wp-content\/uploads\/2016\/07\/20-ans-fondation-du-patrimoine.jpg","thumbnail_width":1419,"thumbnail_height":891,"description":"En 1996, le s\u00e9nateur-maire de Saumur Jean-Paul Hugot pr\u00e9sentait devant le S\u00e9nat un rapport qui concluait \u00e0 l\u2019absolue n\u00e9cessit\u00e9 pour notre pays de se doter d\u2019une structure charg\u00e9e d\u2019impulser une politique active de mobilisation du secteur priv\u00e9 en faveur du patrimoine. Sous la forte impulsion du pr\u00e9sident de la R\u00e9publique, le minist\u00e8re de la Culture [&hellip;]"}

Stéphane Miget

En 1996, le sénateur-maire de Saumur Jean-Paul Hugot présentait devant le Sénat un rapport qui concluait à l’absolue nécessité pour notre pays de se doter d’une structure chargée d’impulser une politique active de mobilisation du secteur privé en faveur du patrimoine. Sous la forte impulsion du président de la République, le ministère de la Culture [&hellip;]
