{"version":"1.0","provider_name":"Batijournal","provider_url":"https:\/\/batijournal.com","author_name":"St\u00e9phane Miget","author_url":"https:\/\/batijournal.com\/index.php\/author\/stephane\/","title":"Le Forum International Bois Construction revient en Bourgogne","type":"rich","width":600,"height":338,"html":"<blockquote class=\"wp-embedded-content\" data-secret=\"yUhq8XvEPG\"><a href=\"https:\/\/batijournal.com\/index.php\/forum-international-bois-construction-revient-bourgogne\/98523\/\">Le Forum International Bois Construction revient en Bourgogne<\/a><\/blockquote><iframe sandbox=\"allow-scripts\" security=\"restricted\" src=\"https:\/\/batijournal.com\/index.php\/forum-international-bois-construction-revient-bourgogne\/98523\/embed\/#?secret=yUhq8XvEPG\" width=\"600\" height=\"338\" title=\"\u00ab\u00a0Le Forum International Bois Construction revient en Bourgogne\u00a0\u00bb &#8212; Batijournal\" data-secret=\"yUhq8XvEPG\" frameborder=\"0\" marginwidth=\"0\" marginheight=\"0\" scrolling=\"no\" class=\"wp-embedded-content\"><\/iframe><script type=\"text\/javascript\">\n\/* <![CDATA[ *\/\n\/*! This file is auto-generated *\/\n!function(d,l){\"use strict\";l.querySelector&&d.addEventListener&&\"undefined\"!=typeof URL&&(d.wp=d.wp||{},d.wp.receiveEmbedMessage||(d.wp.receiveEmbedMessage=function(e){var t=e.data;if((t||t.secret||t.message||t.value)&&!\/[^a-zA-Z0-9]\/.test(t.secret)){for(var s,r,n,a=l.querySelectorAll('iframe[data-secret=\"'+t.secret+'\"]'),o=l.querySelectorAll('blockquote[data-secret=\"'+t.secret+'\"]'),c=new RegExp(\"^https?:$\",\"i\"),i=0;i<o.length;i++)o[i].style.display=\"none\";for(i=0;i<a.length;i++)s=a[i],e.source===s.contentWindow&&(s.removeAttribute(\"style\"),\"height\"===t.message?(1e3<(r=parseInt(t.value,10))?r=1e3:~~r<200&&(r=200),s.height=r):\"link\"===t.message&&(r=new URL(s.getAttribute(\"src\")),n=new URL(t.value),c.test(n.protocol))&&n.host===r.host&&l.activeElement===s&&(d.top.location.href=t.value))}},d.addEventListener(\"message\",d.wp.receiveEmbedMessage,!1),l.addEventListener(\"DOMContentLoaded\",function(){for(var e,t,s=l.querySelectorAll(\"iframe.wp-embedded-content\"),r=0;r<s.length;r++)(t=(e=s[r]).getAttribute(\"data-secret\"))||(t=Math.random().toString(36).substring(2,12),e.src+=\"#?secret=\"+t,e.setAttribute(\"data-secret\",t)),e.contentWindow.postMessage({message:\"ready\",secret:t},\"*\")},!1)))}(window,document);\n\/\/# sourceURL=https:\/\/batijournal.com\/wp-includes\/js\/wp-embed.min.js\n\/* ]]> *\/\n<\/script>\n","thumbnail_url":"https:\/\/batijournal.com\/wp-content\/uploads\/2018\/03\/logo_FBC.png","thumbnail_width":992,"thumbnail_height":595,"description":"Le Forum International Bois Construction revient en Bourgogne pour sa huiti\u00e8me \u00e9dition. Il se d\u00e9roulera \u00e0 Dijon, du 11 au 13 avril 2018, au pied de la tour Elithis, pionni\u00e8re de l\u2019\u00e9nergie positive. Attentif au contexte local, il propose n\u00e9anmoins un programme d\u2019envergure internationale, toujours plus riche, et au plus pr\u00e8s de l\u2019actualit\u00e9 de l\u2019architecture [&hellip;]"}

Stéphane Miget

Le Forum International Bois Construction revient en Bourgogne pour sa huitième édition. Il se déroulera à Dijon, du 11 au 13 avril 2018, au pied de la tour Elithis, pionnière de l’énergie positive. Attentif au contexte local, il propose néanmoins un programme d’envergure internationale, toujours plus riche, et au plus près de l’actualité de l’architecture [&hellip;]
