{"version":"1.0","provider_name":"Batijournal","provider_url":"https:\/\/batijournal.com","author_name":"Bati-journal","author_url":"https:\/\/batijournal.com\/index.php\/author\/elodie\/","title":"Forum international de la construction bois","type":"rich","width":600,"height":338,"html":"<blockquote class=\"wp-embedded-content\" data-secret=\"910f9dU617\"><a href=\"https:\/\/batijournal.com\/index.php\/forum-international-de-la-construction-bois\/80346\/\">Forum international de la construction bois<\/a><\/blockquote><iframe sandbox=\"allow-scripts\" security=\"restricted\" src=\"https:\/\/batijournal.com\/index.php\/forum-international-de-la-construction-bois\/80346\/embed\/#?secret=910f9dU617\" width=\"600\" height=\"338\" title=\"\u00ab\u00a0Forum international de la construction bois\u00a0\u00bb &#8212; Batijournal\" data-secret=\"910f9dU617\" frameborder=\"0\" marginwidth=\"0\" marginheight=\"0\" scrolling=\"no\" class=\"wp-embedded-content\"><\/iframe><script type=\"text\/javascript\">\n\/* <![CDATA[ *\/\n\/*! This file is auto-generated *\/\n!function(d,l){\"use strict\";l.querySelector&&d.addEventListener&&\"undefined\"!=typeof URL&&(d.wp=d.wp||{},d.wp.receiveEmbedMessage||(d.wp.receiveEmbedMessage=function(e){var t=e.data;if((t||t.secret||t.message||t.value)&&!\/[^a-zA-Z0-9]\/.test(t.secret)){for(var s,r,n,a=l.querySelectorAll('iframe[data-secret=\"'+t.secret+'\"]'),o=l.querySelectorAll('blockquote[data-secret=\"'+t.secret+'\"]'),c=new RegExp(\"^https?:$\",\"i\"),i=0;i<o.length;i++)o[i].style.display=\"none\";for(i=0;i<a.length;i++)s=a[i],e.source===s.contentWindow&&(s.removeAttribute(\"style\"),\"height\"===t.message?(1e3<(r=parseInt(t.value,10))?r=1e3:~~r<200&&(r=200),s.height=r):\"link\"===t.message&&(r=new URL(s.getAttribute(\"src\")),n=new URL(t.value),c.test(n.protocol))&&n.host===r.host&&l.activeElement===s&&(d.top.location.href=t.value))}},d.addEventListener(\"message\",d.wp.receiveEmbedMessage,!1),l.addEventListener(\"DOMContentLoaded\",function(){for(var e,t,s=l.querySelectorAll(\"iframe.wp-embedded-content\"),r=0;r<s.length;r++)(t=(e=s[r]).getAttribute(\"data-secret\"))||(t=Math.random().toString(36).substring(2,12),e.src+=\"#?secret=\"+t,e.setAttribute(\"data-secret\",t)),e.contentWindow.postMessage({message:\"ready\",secret:t},\"*\")},!1)))}(window,document);\n\/\/# sourceURL=https:\/\/batijournal.com\/wp-includes\/js\/wp-embed.min.js\n\/* ]]> *\/\n<\/script>\n","thumbnail_url":"https:\/\/batijournal.com\/wp-content\/uploads\/2015\/03\/06734887.jpg","thumbnail_width":600,"thumbnail_height":450,"description":"La 15e \u00e9dition du Forum international de la construction bois aura lieu les 2, 3 et 4 d\u00e9cembre 2009, \u00e0 Garmisch-Partenkirchen, en Allemagne. Le Forum \u0096 \u00e9v\u00e9nement unique au monde \u0096 accueille chaque ann\u00e9e plus de 1 200 professionnels de la construction bois autour de pr\u00e8s de 60 conf\u00e9rences et environ 50 exposants. Il r\u00e9unit [&hellip;]"}

La 15e édition du Forum international de la construction bois aura lieu les 2, 3 et 4 décembre 2009, à Garmisch-Partenkirchen, en Allemagne. Le Forum  événement unique au monde  accueille chaque année plus de 1 200 professionnels de la construction bois autour de près de 60 conférences et environ 50 exposants. Il réunit [&hellip;]
