{"version":"1.0","provider_name":"Batijournal","provider_url":"https:\/\/batijournal.com","author_name":"St\u00e9phane Miget","author_url":"https:\/\/batijournal.com\/index.php\/author\/stephane\/","title":"Les journ\u00e9es nationales de l\u2019arch\u00e9ologie 2016","type":"rich","width":600,"height":338,"html":"<blockquote class=\"wp-embedded-content\" data-secret=\"6V24GJocly\"><a href=\"https:\/\/batijournal.com\/index.php\/journees-nationales-de-larcheologie-2016\/93064\/\">Les journ\u00e9es nationales de l\u2019arch\u00e9ologie 2016<\/a><\/blockquote><iframe sandbox=\"allow-scripts\" security=\"restricted\" src=\"https:\/\/batijournal.com\/index.php\/journees-nationales-de-larcheologie-2016\/93064\/embed\/#?secret=6V24GJocly\" width=\"600\" height=\"338\" title=\"\u00ab\u00a0Les journ\u00e9es nationales de l\u2019arch\u00e9ologie 2016\u00a0\u00bb &#8212; Batijournal\" data-secret=\"6V24GJocly\" frameborder=\"0\" marginwidth=\"0\" marginheight=\"0\" scrolling=\"no\" class=\"wp-embedded-content\"><\/iframe><script type=\"text\/javascript\">\n\/* <![CDATA[ *\/\n\/*! This file is auto-generated *\/\n!function(d,l){\"use strict\";l.querySelector&&d.addEventListener&&\"undefined\"!=typeof URL&&(d.wp=d.wp||{},d.wp.receiveEmbedMessage||(d.wp.receiveEmbedMessage=function(e){var t=e.data;if((t||t.secret||t.message||t.value)&&!\/[^a-zA-Z0-9]\/.test(t.secret)){for(var s,r,n,a=l.querySelectorAll('iframe[data-secret=\"'+t.secret+'\"]'),o=l.querySelectorAll('blockquote[data-secret=\"'+t.secret+'\"]'),c=new RegExp(\"^https?:$\",\"i\"),i=0;i<o.length;i++)o[i].style.display=\"none\";for(i=0;i<a.length;i++)s=a[i],e.source===s.contentWindow&&(s.removeAttribute(\"style\"),\"height\"===t.message?(1e3<(r=parseInt(t.value,10))?r=1e3:~~r<200&&(r=200),s.height=r):\"link\"===t.message&&(r=new URL(s.getAttribute(\"src\")),n=new URL(t.value),c.test(n.protocol))&&n.host===r.host&&l.activeElement===s&&(d.top.location.href=t.value))}},d.addEventListener(\"message\",d.wp.receiveEmbedMessage,!1),l.addEventListener(\"DOMContentLoaded\",function(){for(var e,t,s=l.querySelectorAll(\"iframe.wp-embedded-content\"),r=0;r<s.length;r++)(t=(e=s[r]).getAttribute(\"data-secret\"))||(t=Math.random().toString(36).substring(2,12),e.src+=\"#?secret=\"+t,e.setAttribute(\"data-secret\",t)),e.contentWindow.postMessage({message:\"ready\",secret:t},\"*\")},!1)))}(window,document);\n\/\/# sourceURL=https:\/\/batijournal.com\/wp-includes\/js\/wp-embed.min.js\n\/* ]]> *\/\n<\/script>\n","thumbnail_url":"https:\/\/batijournal.com\/wp-content\/uploads\/2016\/06\/Jna-2015-CIF-Viarmes-JL-Bellurget.jpg","thumbnail_width":1000,"thumbnail_height":662,"description":"La 7e \u00e9dition des Journ\u00e9es nationales de l\u2019arch\u00e9ologie (JNA) va se d\u00e9rouler du vendredi 17 au dimanche 19 juin 2016. Pilot\u00e9es par l\u2019Inrap sous l\u2019\u00e9gide du minist\u00e8re de la Culture et de la Communication, ces journ\u00e9es mobilisent l\u2019ensemble de la communaut\u00e9 arch\u00e9ologique en France m\u00e9tropolitaine et en outre-mer. Sur tout le territoire, 1130 manifestations produites [&hellip;]"}

Stéphane Miget

Les journées nationales de l’archéologie 2016

<blockquote class="wp-embedded-content" data-secret="6V24GJocly"><a href="https://batijournal.com/index.php/journees-nationales-de-larcheologie-2016/93064/">Les journées nationales de l’archéologie 2016</a></blockquote><iframe sandbox="allow-scripts" security="restricted" src="https://batijournal.com/index.php/journees-nationales-de-larcheologie-2016/93064/embed/#?secret=6V24GJocly" width="600" height="338" title="« Les journées nationales de l’archéologie 2016 » &#8212; Batijournal" data-secret="6V24GJocly" frameborder="0" marginwidth="0" marginheight="0" scrolling="no" class="wp-embedded-content"></iframe><script type="text/javascript">
/* <![CDATA[ */
/*! This file is auto-generated */
!function(d,l){"use strict";l.querySelector&&d.addEventListener&&"undefined"!=typeof URL&&(d.wp=d.wp||{},d.wp.receiveEmbedMessage||(d.wp.receiveEmbedMessage=function(e){var t=e.data;if((t||t.secret||t.message||t.value)&&!/[^a-zA-Z0-9]/.test(t.secret)){for(var s,r,n,a=l.querySelectorAll('iframe[data-secret="'+t.secret+'"]'),o=l.querySelectorAll('blockquote[data-secret="'+t.secret+'"]'),c=new RegExp("^https?:$","i"),i=0;i<o.length;i++)o[i].style.display="none";for(i=0;i<a.length;i++)s=a[i],e.source===s.contentWindow&&(s.removeAttribute("style"),"height"===t.message?(1e3<(r=parseInt(t.value,10))?r=1e3:~~r<200&&(r=200),s.height=r):"link"===t.message&&(r=new URL(s.getAttribute("src")),n=new URL(t.value),c.test(n.protocol))&&n.host===r.host&&l.activeElement===s&&(d.top.location.href=t.value))}},d.addEventListener("message",d.wp.receiveEmbedMessage,!1),l.addEventListener("DOMContentLoaded",function(){for(var e,t,s=l.querySelectorAll("iframe.wp-embedded-content"),r=0;r<s.length;r++)(t=(e=s[r]).getAttribute("data-secret"))||(t=Math.random().toString(36).substring(2,12),e.src+="#?secret="+t,e.setAttribute("data-secret",t)),e.contentWindow.postMessage({message:"ready",secret:t},"*")},!1)))}(window,document);
//# sourceURL=https://batijournal.com/wp-includes/js/wp-embed.min.js
/* ]]> */
</script>

La 7e édition des Journées nationales de l’archéologie (JNA) va se dérouler du vendredi 17 au dimanche 19 juin 2016. Pilotées par l’Inrap sous l’égide du ministère de la Culture et de la Communication, ces journées mobilisent l’ensemble de la communauté archéologique en France métropolitaine et en outre-mer. Sur tout le territoire, 1130 manifestations produites [&hellip;]
