{"version":"1.0","provider_name":"Batijournal","provider_url":"https:\/\/batijournal.com","author_name":"St\u00e9phane Miget","author_url":"https:\/\/batijournal.com\/index.php\/author\/stephane\/","title":"La fa\u00e7ade composite de la Ga\u00eet\u00e9 Montparnasse","type":"rich","width":600,"height":338,"html":"<blockquote class=\"wp-embedded-content\" data-secret=\"6bW5eVhl0z\"><a href=\"https:\/\/batijournal.com\/index.php\/la-facade-composite-de-la-gaite-montparnasse\/109098\/\">La fa\u00e7ade composite de la Ga\u00eet\u00e9 Montparnasse<\/a><\/blockquote><iframe sandbox=\"allow-scripts\" security=\"restricted\" src=\"https:\/\/batijournal.com\/index.php\/la-facade-composite-de-la-gaite-montparnasse\/109098\/embed\/#?secret=6bW5eVhl0z\" width=\"600\" height=\"338\" title=\"\u00ab\u00a0La fa\u00e7ade composite de la Ga\u00eet\u00e9 Montparnasse\u00a0\u00bb &#8212; Batijournal\" data-secret=\"6bW5eVhl0z\" frameborder=\"0\" marginwidth=\"0\" marginheight=\"0\" scrolling=\"no\" class=\"wp-embedded-content\"><\/iframe><script type=\"text\/javascript\">\n\/* <![CDATA[ *\/\n\/*! This file is auto-generated *\/\n!function(d,l){\"use strict\";l.querySelector&&d.addEventListener&&\"undefined\"!=typeof URL&&(d.wp=d.wp||{},d.wp.receiveEmbedMessage||(d.wp.receiveEmbedMessage=function(e){var t=e.data;if((t||t.secret||t.message||t.value)&&!\/[^a-zA-Z0-9]\/.test(t.secret)){for(var s,r,n,a=l.querySelectorAll('iframe[data-secret=\"'+t.secret+'\"]'),o=l.querySelectorAll('blockquote[data-secret=\"'+t.secret+'\"]'),c=new RegExp(\"^https?:$\",\"i\"),i=0;i<o.length;i++)o[i].style.display=\"none\";for(i=0;i<a.length;i++)s=a[i],e.source===s.contentWindow&&(s.removeAttribute(\"style\"),\"height\"===t.message?(1e3<(r=parseInt(t.value,10))?r=1e3:~~r<200&&(r=200),s.height=r):\"link\"===t.message&&(r=new URL(s.getAttribute(\"src\")),n=new URL(t.value),c.test(n.protocol))&&n.host===r.host&&l.activeElement===s&&(d.top.location.href=t.value))}},d.addEventListener(\"message\",d.wp.receiveEmbedMessage,!1),l.addEventListener(\"DOMContentLoaded\",function(){for(var e,t,s=l.querySelectorAll(\"iframe.wp-embedded-content\"),r=0;r<s.length;r++)(t=(e=s[r]).getAttribute(\"data-secret\"))||(t=Math.random().toString(36).substring(2,12),e.src+=\"#?secret=\"+t,e.setAttribute(\"data-secret\",t)),e.contentWindow.postMessage({message:\"ready\",secret:t},\"*\")},!1)))}(window,document);\n\/\/# sourceURL=https:\/\/batijournal.com\/wp-includes\/js\/wp-embed.min.js\n\/* ]]> *\/\n<\/script>\n","thumbnail_url":"https:\/\/batijournal.com\/wp-content\/uploads\/2023\/07\/facade-composite-tim-gaiete-montparnasse.png","thumbnail_width":519,"thumbnail_height":359,"description":"La mairie de Paris souhaitait r\u00e9nover en profondeur le quartier Montparnasse ayant pour objectifs de \u00ab r\u00e9parer le traumatisme de l\u2019urbanisme des ann\u00e9es 70 \u00bb et de restituer l\u2019identit\u00e9 forte de ce quartier embl\u00e9matique de Paris. La r\u00e9habilitation de l\u2019\u00eelot Ga\u00eet\u00e9 Montparnasse en faisait l\u2019objet. Construit en 1974, par l\u2019architecte Pierre DUFAU (1908-1985), le projet [&hellip;]"}

Stéphane Miget

La façade composite de la Gaîté Montparnasse

<blockquote class="wp-embedded-content" data-secret="6bW5eVhl0z"><a href="https://batijournal.com/index.php/la-facade-composite-de-la-gaite-montparnasse/109098/">La façade composite de la Gaîté Montparnasse</a></blockquote><iframe sandbox="allow-scripts" security="restricted" src="https://batijournal.com/index.php/la-facade-composite-de-la-gaite-montparnasse/109098/embed/#?secret=6bW5eVhl0z" width="600" height="338" title="« La façade composite de la Gaîté Montparnasse » &#8212; Batijournal" data-secret="6bW5eVhl0z" frameborder="0" marginwidth="0" marginheight="0" scrolling="no" class="wp-embedded-content"></iframe><script type="text/javascript">
/* <![CDATA[ */
/*! This file is auto-generated */
!function(d,l){"use strict";l.querySelector&&d.addEventListener&&"undefined"!=typeof URL&&(d.wp=d.wp||{},d.wp.receiveEmbedMessage||(d.wp.receiveEmbedMessage=function(e){var t=e.data;if((t||t.secret||t.message||t.value)&&!/[^a-zA-Z0-9]/.test(t.secret)){for(var s,r,n,a=l.querySelectorAll('iframe[data-secret="'+t.secret+'"]'),o=l.querySelectorAll('blockquote[data-secret="'+t.secret+'"]'),c=new RegExp("^https?:$","i"),i=0;i<o.length;i++)o[i].style.display="none";for(i=0;i<a.length;i++)s=a[i],e.source===s.contentWindow&&(s.removeAttribute("style"),"height"===t.message?(1e3<(r=parseInt(t.value,10))?r=1e3:~~r<200&&(r=200),s.height=r):"link"===t.message&&(r=new URL(s.getAttribute("src")),n=new URL(t.value),c.test(n.protocol))&&n.host===r.host&&l.activeElement===s&&(d.top.location.href=t.value))}},d.addEventListener("message",d.wp.receiveEmbedMessage,!1),l.addEventListener("DOMContentLoaded",function(){for(var e,t,s=l.querySelectorAll("iframe.wp-embedded-content"),r=0;r<s.length;r++)(t=(e=s[r]).getAttribute("data-secret"))||(t=Math.random().toString(36).substring(2,12),e.src+="#?secret="+t,e.setAttribute("data-secret",t)),e.contentWindow.postMessage({message:"ready",secret:t},"*")},!1)))}(window,document);
//# sourceURL=https://batijournal.com/wp-includes/js/wp-embed.min.js
/* ]]> */
</script>

La mairie de Paris souhaitait rénover en profondeur le quartier Montparnasse ayant pour objectifs de « réparer le traumatisme de l’urbanisme des années 70 » et de restituer l’identité forte de ce quartier emblématique de Paris. La réhabilitation de l’îlot Gaîté Montparnasse en faisait l’objet. Construit en 1974, par l’architecte Pierre DUFAU (1908-1985), le projet [&hellip;]
