{"version":"1.0","provider_name":"Batijournal","provider_url":"https:\/\/batijournal.com","author_name":"Bati-journal","author_url":"https:\/\/batijournal.com\/index.php\/author\/elodie\/","title":"La FFB est partenaire des Journ\u00e9es du patrimoine","type":"rich","width":600,"height":338,"html":"<blockquote class=\"wp-embedded-content\" data-secret=\"Ae3518kl0J\"><a href=\"https:\/\/batijournal.com\/index.php\/la-ffb-est-partenaire-des-journees-du-patrimoine\/74565\/\">La FFB est partenaire des Journ\u00e9es du patrimoine<\/a><\/blockquote><iframe sandbox=\"allow-scripts\" security=\"restricted\" src=\"https:\/\/batijournal.com\/index.php\/la-ffb-est-partenaire-des-journees-du-patrimoine\/74565\/embed\/#?secret=Ae3518kl0J\" width=\"600\" height=\"338\" title=\"\u00ab\u00a0La FFB est partenaire des Journ\u00e9es du patrimoine\u00a0\u00bb &#8212; Batijournal\" data-secret=\"Ae3518kl0J\" frameborder=\"0\" marginwidth=\"0\" marginheight=\"0\" scrolling=\"no\" class=\"wp-embedded-content\"><\/iframe><script type=\"text\/javascript\">\n\/* <![CDATA[ *\/\n\/*! This file is auto-generated *\/\n!function(d,l){\"use strict\";l.querySelector&&d.addEventListener&&\"undefined\"!=typeof URL&&(d.wp=d.wp||{},d.wp.receiveEmbedMessage||(d.wp.receiveEmbedMessage=function(e){var t=e.data;if((t||t.secret||t.message||t.value)&&!\/[^a-zA-Z0-9]\/.test(t.secret)){for(var s,r,n,a=l.querySelectorAll('iframe[data-secret=\"'+t.secret+'\"]'),o=l.querySelectorAll('blockquote[data-secret=\"'+t.secret+'\"]'),c=new RegExp(\"^https?:$\",\"i\"),i=0;i<o.length;i++)o[i].style.display=\"none\";for(i=0;i<a.length;i++)s=a[i],e.source===s.contentWindow&&(s.removeAttribute(\"style\"),\"height\"===t.message?(1e3<(r=parseInt(t.value,10))?r=1e3:~~r<200&&(r=200),s.height=r):\"link\"===t.message&&(r=new URL(s.getAttribute(\"src\")),n=new URL(t.value),c.test(n.protocol))&&n.host===r.host&&l.activeElement===s&&(d.top.location.href=t.value))}},d.addEventListener(\"message\",d.wp.receiveEmbedMessage,!1),l.addEventListener(\"DOMContentLoaded\",function(){for(var e,t,s=l.querySelectorAll(\"iframe.wp-embedded-content\"),r=0;r<s.length;r++)(t=(e=s[r]).getAttribute(\"data-secret\"))||(t=Math.random().toString(36).substring(2,12),e.src+=\"#?secret=\"+t,e.setAttribute(\"data-secret\",t)),e.contentWindow.postMessage({message:\"ready\",secret:t},\"*\")},!1)))}(window,document);\n\/\/# sourceURL=https:\/\/batijournal.com\/wp-includes\/js\/wp-embed.min.js\n\/* ]]> *\/\n<\/script>\n","thumbnail_url":"https:\/\/batijournal.com\/wp-content\/uploads\/2015\/03\/50551499.jpg","thumbnail_width":600,"thumbnail_height":552,"description":"La F\u00e9d\u00e9ration Fran\u00e7aise du B\u00e2timent vient de signer un partenariat pour trois ans avec le minist\u00e8re de la Culture et de la Communication dans le cadre des Journ\u00e9es europ\u00e9ennes du Patrimoine. Depuis plusieurs ann\u00e9es, la FFB m\u00e8ne une politique active en faveur du patrimoine pour redynamiser l&rsquo;activit\u00e9 locale et promouvoir, aupr\u00e8s des propri\u00e9taires publics et [&hellip;]"}

La FFB est partenaire des Journées du patrimoine

<blockquote class="wp-embedded-content" data-secret="Ae3518kl0J"><a href="https://batijournal.com/index.php/la-ffb-est-partenaire-des-journees-du-patrimoine/74565/">La FFB est partenaire des Journées du patrimoine</a></blockquote><iframe sandbox="allow-scripts" security="restricted" src="https://batijournal.com/index.php/la-ffb-est-partenaire-des-journees-du-patrimoine/74565/embed/#?secret=Ae3518kl0J" width="600" height="338" title="« La FFB est partenaire des Journées du patrimoine » &#8212; Batijournal" data-secret="Ae3518kl0J" frameborder="0" marginwidth="0" marginheight="0" scrolling="no" class="wp-embedded-content"></iframe><script type="text/javascript">
/* <![CDATA[ */
/*! This file is auto-generated */
!function(d,l){"use strict";l.querySelector&&d.addEventListener&&"undefined"!=typeof URL&&(d.wp=d.wp||{},d.wp.receiveEmbedMessage||(d.wp.receiveEmbedMessage=function(e){var t=e.data;if((t||t.secret||t.message||t.value)&&!/[^a-zA-Z0-9]/.test(t.secret)){for(var s,r,n,a=l.querySelectorAll('iframe[data-secret="'+t.secret+'"]'),o=l.querySelectorAll('blockquote[data-secret="'+t.secret+'"]'),c=new RegExp("^https?:$","i"),i=0;i<o.length;i++)o[i].style.display="none";for(i=0;i<a.length;i++)s=a[i],e.source===s.contentWindow&&(s.removeAttribute("style"),"height"===t.message?(1e3<(r=parseInt(t.value,10))?r=1e3:~~r<200&&(r=200),s.height=r):"link"===t.message&&(r=new URL(s.getAttribute("src")),n=new URL(t.value),c.test(n.protocol))&&n.host===r.host&&l.activeElement===s&&(d.top.location.href=t.value))}},d.addEventListener("message",d.wp.receiveEmbedMessage,!1),l.addEventListener("DOMContentLoaded",function(){for(var e,t,s=l.querySelectorAll("iframe.wp-embedded-content"),r=0;r<s.length;r++)(t=(e=s[r]).getAttribute("data-secret"))||(t=Math.random().toString(36).substring(2,12),e.src+="#?secret="+t,e.setAttribute("data-secret",t)),e.contentWindow.postMessage({message:"ready",secret:t},"*")},!1)))}(window,document);
//# sourceURL=https://batijournal.com/wp-includes/js/wp-embed.min.js
/* ]]> */
</script>

La Fédération Française du Bâtiment vient de signer un partenariat pour trois ans avec le ministère de la Culture et de la Communication dans le cadre des Journées européennes du Patrimoine. Depuis plusieurs années, la FFB mène une politique active en faveur du patrimoine pour redynamiser l&rsquo;activité locale et promouvoir, auprès des propriétaires publics et [&hellip;]
