{"version":"1.0","provider_name":"Batijournal","provider_url":"https:\/\/batijournal.com","author_name":"St\u00e9phane Miget","author_url":"https:\/\/batijournal.com\/index.php\/author\/stephane\/","title":"La fibre optique pourvoie aussi les emplois","type":"rich","width":600,"height":338,"html":"<blockquote class=\"wp-embedded-content\" data-secret=\"TGQvAOHgoY\"><a href=\"https:\/\/batijournal.com\/index.php\/la-fibre-optique-pourvoie-aussi-les-emplois\/104517\/\">La fibre optique pourvoie aussi les emplois<\/a><\/blockquote><iframe sandbox=\"allow-scripts\" security=\"restricted\" src=\"https:\/\/batijournal.com\/index.php\/la-fibre-optique-pourvoie-aussi-les-emplois\/104517\/embed\/#?secret=TGQvAOHgoY\" width=\"600\" height=\"338\" title=\"\u00ab\u00a0La fibre optique pourvoie aussi les emplois\u00a0\u00bb &#8212; Batijournal\" data-secret=\"TGQvAOHgoY\" frameborder=\"0\" marginwidth=\"0\" marginheight=\"0\" scrolling=\"no\" class=\"wp-embedded-content\"><\/iframe><script type=\"text\/javascript\">\n\/* <![CDATA[ *\/\n\/*! This file is auto-generated *\/\n!function(d,l){\"use strict\";l.querySelector&&d.addEventListener&&\"undefined\"!=typeof URL&&(d.wp=d.wp||{},d.wp.receiveEmbedMessage||(d.wp.receiveEmbedMessage=function(e){var t=e.data;if((t||t.secret||t.message||t.value)&&!\/[^a-zA-Z0-9]\/.test(t.secret)){for(var s,r,n,a=l.querySelectorAll('iframe[data-secret=\"'+t.secret+'\"]'),o=l.querySelectorAll('blockquote[data-secret=\"'+t.secret+'\"]'),c=new RegExp(\"^https?:$\",\"i\"),i=0;i<o.length;i++)o[i].style.display=\"none\";for(i=0;i<a.length;i++)s=a[i],e.source===s.contentWindow&&(s.removeAttribute(\"style\"),\"height\"===t.message?(1e3<(r=parseInt(t.value,10))?r=1e3:~~r<200&&(r=200),s.height=r):\"link\"===t.message&&(r=new URL(s.getAttribute(\"src\")),n=new URL(t.value),c.test(n.protocol))&&n.host===r.host&&l.activeElement===s&&(d.top.location.href=t.value))}},d.addEventListener(\"message\",d.wp.receiveEmbedMessage,!1),l.addEventListener(\"DOMContentLoaded\",function(){for(var e,t,s=l.querySelectorAll(\"iframe.wp-embedded-content\"),r=0;r<s.length;r++)(t=(e=s[r]).getAttribute(\"data-secret\"))||(t=Math.random().toString(36).substring(2,12),e.src+=\"#?secret=\"+t,e.setAttribute(\"data-secret\",t)),e.contentWindow.postMessage({message:\"ready\",secret:t},\"*\")},!1)))}(window,document);\n\/\/# sourceURL=https:\/\/batijournal.com\/wp-includes\/js\/wp-embed.min.js\n\/* ]]> *\/\n<\/script>\n","thumbnail_url":"https:\/\/batijournal.com\/wp-content\/uploads\/2020\/07\/fibre-optique.png","thumbnail_width":553,"thumbnail_height":272,"description":"Les infrastructures num\u00e9riques tr\u00e8s haut d\u00e9bit, et en particulier la fibre optique, ont pris bonne part dans la r\u00e9silience de la France pendant la crise COVID. La transition num\u00e9rique des entreprises et des collectivit\u00e9s, ainsi que l\u2019accompagnement des citoyens, font partie des priorit\u00e9s du gouvernement \u00e0 travers le plan France tr\u00e8s haut d\u00e9bit et l\u2019acc\u00e9l\u00e9ration [&hellip;]"}

Stéphane Miget

Les infrastructures numériques très haut débit, et en particulier la fibre optique, ont pris bonne part dans la résilience de la France pendant la crise COVID. La transition numérique des entreprises et des collectivités, ainsi que l’accompagnement des citoyens, font partie des priorités du gouvernement à travers le plan France très haut débit et l’accélération [&hellip;]
