{"version":"1.0","provider_name":"Batijournal","provider_url":"https:\/\/batijournal.com","author_name":"Bati-journal","author_url":"https:\/\/batijournal.com\/index.php\/author\/elodie\/","title":"La Fondation du Patrimoine s'implique \u00e0 Belfort","type":"rich","width":600,"height":338,"html":"<blockquote class=\"wp-embedded-content\" data-secret=\"jZmBiPcd3y\"><a href=\"https:\/\/batijournal.com\/index.php\/la-fondation-du-patrimoine-simplique-a-belfort\/75604\/\">La Fondation du Patrimoine s&rsquo;implique \u00e0 Belfort<\/a><\/blockquote><iframe sandbox=\"allow-scripts\" security=\"restricted\" src=\"https:\/\/batijournal.com\/index.php\/la-fondation-du-patrimoine-simplique-a-belfort\/75604\/embed\/#?secret=jZmBiPcd3y\" width=\"600\" height=\"338\" title=\"\u00ab\u00a0La Fondation du Patrimoine s&rsquo;implique \u00e0 Belfort\u00a0\u00bb &#8212; Batijournal\" data-secret=\"jZmBiPcd3y\" frameborder=\"0\" marginwidth=\"0\" marginheight=\"0\" scrolling=\"no\" class=\"wp-embedded-content\"><\/iframe><script type=\"text\/javascript\">\n\/* <![CDATA[ *\/\n\/*! This file is auto-generated *\/\n!function(d,l){\"use strict\";l.querySelector&&d.addEventListener&&\"undefined\"!=typeof URL&&(d.wp=d.wp||{},d.wp.receiveEmbedMessage||(d.wp.receiveEmbedMessage=function(e){var t=e.data;if((t||t.secret||t.message||t.value)&&!\/[^a-zA-Z0-9]\/.test(t.secret)){for(var s,r,n,a=l.querySelectorAll('iframe[data-secret=\"'+t.secret+'\"]'),o=l.querySelectorAll('blockquote[data-secret=\"'+t.secret+'\"]'),c=new RegExp(\"^https?:$\",\"i\"),i=0;i<o.length;i++)o[i].style.display=\"none\";for(i=0;i<a.length;i++)s=a[i],e.source===s.contentWindow&&(s.removeAttribute(\"style\"),\"height\"===t.message?(1e3<(r=parseInt(t.value,10))?r=1e3:~~r<200&&(r=200),s.height=r):\"link\"===t.message&&(r=new URL(s.getAttribute(\"src\")),n=new URL(t.value),c.test(n.protocol))&&n.host===r.host&&l.activeElement===s&&(d.top.location.href=t.value))}},d.addEventListener(\"message\",d.wp.receiveEmbedMessage,!1),l.addEventListener(\"DOMContentLoaded\",function(){for(var e,t,s=l.querySelectorAll(\"iframe.wp-embedded-content\"),r=0;r<s.length;r++)(t=(e=s[r]).getAttribute(\"data-secret\"))||(t=Math.random().toString(36).substring(2,12),e.src+=\"#?secret=\"+t,e.setAttribute(\"data-secret\",t)),e.contentWindow.postMessage({message:\"ready\",secret:t},\"*\")},!1)))}(window,document);\n\/\/# sourceURL=https:\/\/batijournal.com\/wp-includes\/js\/wp-embed.min.js\n\/* ]]> *\/\n<\/script>\n","description":"Belfort poss\u00e8de un patrimoine historique et architectural particuli\u00e8rement important dont la pr\u00e9servation et la mise en valeur constituent un enjeu majeur. Au-del\u00e0 des efforts financiers de la collectivit\u00e9 et de la mobilisation de partenaires publics, il est apparu souhaitable de permettre aux Belfortains (particuliers et entreprises) de participer au financement des travaux de restauration de [&hellip;]"}

La Fondation du Patrimoine s'implique à Belfort

<blockquote class="wp-embedded-content" data-secret="jZmBiPcd3y"><a href="https://batijournal.com/index.php/la-fondation-du-patrimoine-simplique-a-belfort/75604/">La Fondation du Patrimoine s&rsquo;implique à Belfort</a></blockquote><iframe sandbox="allow-scripts" security="restricted" src="https://batijournal.com/index.php/la-fondation-du-patrimoine-simplique-a-belfort/75604/embed/#?secret=jZmBiPcd3y" width="600" height="338" title="« La Fondation du Patrimoine s&rsquo;implique à Belfort » &#8212; Batijournal" data-secret="jZmBiPcd3y" frameborder="0" marginwidth="0" marginheight="0" scrolling="no" class="wp-embedded-content"></iframe><script type="text/javascript">
/* <![CDATA[ */
/*! This file is auto-generated */
!function(d,l){"use strict";l.querySelector&&d.addEventListener&&"undefined"!=typeof URL&&(d.wp=d.wp||{},d.wp.receiveEmbedMessage||(d.wp.receiveEmbedMessage=function(e){var t=e.data;if((t||t.secret||t.message||t.value)&&!/[^a-zA-Z0-9]/.test(t.secret)){for(var s,r,n,a=l.querySelectorAll('iframe[data-secret="'+t.secret+'"]'),o=l.querySelectorAll('blockquote[data-secret="'+t.secret+'"]'),c=new RegExp("^https?:$","i"),i=0;i<o.length;i++)o[i].style.display="none";for(i=0;i<a.length;i++)s=a[i],e.source===s.contentWindow&&(s.removeAttribute("style"),"height"===t.message?(1e3<(r=parseInt(t.value,10))?r=1e3:~~r<200&&(r=200),s.height=r):"link"===t.message&&(r=new URL(s.getAttribute("src")),n=new URL(t.value),c.test(n.protocol))&&n.host===r.host&&l.activeElement===s&&(d.top.location.href=t.value))}},d.addEventListener("message",d.wp.receiveEmbedMessage,!1),l.addEventListener("DOMContentLoaded",function(){for(var e,t,s=l.querySelectorAll("iframe.wp-embedded-content"),r=0;r<s.length;r++)(t=(e=s[r]).getAttribute("data-secret"))||(t=Math.random().toString(36).substring(2,12),e.src+="#?secret="+t,e.setAttribute("data-secret",t)),e.contentWindow.postMessage({message:"ready",secret:t},"*")},!1)))}(window,document);
//# sourceURL=https://batijournal.com/wp-includes/js/wp-embed.min.js
/* ]]> */
</script>

Belfort possède un patrimoine historique et architectural particulièrement important dont la préservation et la mise en valeur constituent un enjeu majeur. Au-delà des efforts financiers de la collectivité et de la mobilisation de partenaires publics, il est apparu souhaitable de permettre aux Belfortains (particuliers et entreprises) de participer au financement des travaux de restauration de [&hellip;]
