{"version":"1.0","provider_name":"Batijournal","provider_url":"https:\/\/batijournal.com","author_name":"Bati-journal","author_url":"https:\/\/batijournal.com\/index.php\/author\/elodie\/","title":"La for\u00eat, affaire de tous","type":"rich","width":600,"height":338,"html":"<blockquote class=\"wp-embedded-content\" data-secret=\"hQ3cXhFyny\"><a href=\"https:\/\/batijournal.com\/index.php\/la-foret-affaire-de-tous\/86654\/\">La for\u00eat, affaire de tous<\/a><\/blockquote><iframe sandbox=\"allow-scripts\" security=\"restricted\" src=\"https:\/\/batijournal.com\/index.php\/la-foret-affaire-de-tous\/86654\/embed\/#?secret=hQ3cXhFyny\" width=\"600\" height=\"338\" title=\"\u00ab\u00a0La for\u00eat, affaire de tous\u00a0\u00bb &#8212; Batijournal\" data-secret=\"hQ3cXhFyny\" frameborder=\"0\" marginwidth=\"0\" marginheight=\"0\" scrolling=\"no\" class=\"wp-embedded-content\"><\/iframe><script type=\"text\/javascript\">\n\/* <![CDATA[ *\/\n\/*! This file is auto-generated *\/\n!function(d,l){\"use strict\";l.querySelector&&d.addEventListener&&\"undefined\"!=typeof URL&&(d.wp=d.wp||{},d.wp.receiveEmbedMessage||(d.wp.receiveEmbedMessage=function(e){var t=e.data;if((t||t.secret||t.message||t.value)&&!\/[^a-zA-Z0-9]\/.test(t.secret)){for(var s,r,n,a=l.querySelectorAll('iframe[data-secret=\"'+t.secret+'\"]'),o=l.querySelectorAll('blockquote[data-secret=\"'+t.secret+'\"]'),c=new RegExp(\"^https?:$\",\"i\"),i=0;i<o.length;i++)o[i].style.display=\"none\";for(i=0;i<a.length;i++)s=a[i],e.source===s.contentWindow&&(s.removeAttribute(\"style\"),\"height\"===t.message?(1e3<(r=parseInt(t.value,10))?r=1e3:~~r<200&&(r=200),s.height=r):\"link\"===t.message&&(r=new URL(s.getAttribute(\"src\")),n=new URL(t.value),c.test(n.protocol))&&n.host===r.host&&l.activeElement===s&&(d.top.location.href=t.value))}},d.addEventListener(\"message\",d.wp.receiveEmbedMessage,!1),l.addEventListener(\"DOMContentLoaded\",function(){for(var e,t,s=l.querySelectorAll(\"iframe.wp-embedded-content\"),r=0;r<s.length;r++)(t=(e=s[r]).getAttribute(\"data-secret\"))||(t=Math.random().toString(36).substring(2,12),e.src+=\"#?secret=\"+t,e.setAttribute(\"data-secret\",t)),e.contentWindow.postMessage({message:\"ready\",secret:t},\"*\")},!1)))}(window,document);\n\/\/# sourceURL=https:\/\/batijournal.com\/wp-includes\/js\/wp-embed.min.js\n\/* ]]> *\/\n<\/script>\n","thumbnail_url":"https:\/\/batijournal.com\/wp-content\/uploads\/2015\/04\/foret.jpg","thumbnail_width":600,"thumbnail_height":400,"description":"Al&rsquo;approche de l&rsquo;\u00e9ch\u00e9ance de la Conf\u00e9rence des Nations Unies sur les changements climatiques (Cop21) \u00e0 laquelle PEFC apportera son expertise, l&rsquo;organisme de certification foresti\u00e8re en France et dans le monde appelle \u00e0 une mobilisation de chacun \u00e0 travers une p\u00e9tition en faveur de la gestion durable des for\u00eats. \u00ab\u00a0La gestion durable des for\u00eats ne doit [&hellip;]"}

La forêt, affaire de tous

<blockquote class="wp-embedded-content" data-secret="hQ3cXhFyny"><a href="https://batijournal.com/index.php/la-foret-affaire-de-tous/86654/">La forêt, affaire de tous</a></blockquote><iframe sandbox="allow-scripts" security="restricted" src="https://batijournal.com/index.php/la-foret-affaire-de-tous/86654/embed/#?secret=hQ3cXhFyny" width="600" height="338" title="« La forêt, affaire de tous » &#8212; Batijournal" data-secret="hQ3cXhFyny" frameborder="0" marginwidth="0" marginheight="0" scrolling="no" class="wp-embedded-content"></iframe><script type="text/javascript">
/* <![CDATA[ */
/*! This file is auto-generated */
!function(d,l){"use strict";l.querySelector&&d.addEventListener&&"undefined"!=typeof URL&&(d.wp=d.wp||{},d.wp.receiveEmbedMessage||(d.wp.receiveEmbedMessage=function(e){var t=e.data;if((t||t.secret||t.message||t.value)&&!/[^a-zA-Z0-9]/.test(t.secret)){for(var s,r,n,a=l.querySelectorAll('iframe[data-secret="'+t.secret+'"]'),o=l.querySelectorAll('blockquote[data-secret="'+t.secret+'"]'),c=new RegExp("^https?:$","i"),i=0;i<o.length;i++)o[i].style.display="none";for(i=0;i<a.length;i++)s=a[i],e.source===s.contentWindow&&(s.removeAttribute("style"),"height"===t.message?(1e3<(r=parseInt(t.value,10))?r=1e3:~~r<200&&(r=200),s.height=r):"link"===t.message&&(r=new URL(s.getAttribute("src")),n=new URL(t.value),c.test(n.protocol))&&n.host===r.host&&l.activeElement===s&&(d.top.location.href=t.value))}},d.addEventListener("message",d.wp.receiveEmbedMessage,!1),l.addEventListener("DOMContentLoaded",function(){for(var e,t,s=l.querySelectorAll("iframe.wp-embedded-content"),r=0;r<s.length;r++)(t=(e=s[r]).getAttribute("data-secret"))||(t=Math.random().toString(36).substring(2,12),e.src+="#?secret="+t,e.setAttribute("data-secret",t)),e.contentWindow.postMessage({message:"ready",secret:t},"*")},!1)))}(window,document);
//# sourceURL=https://batijournal.com/wp-includes/js/wp-embed.min.js
/* ]]> */
</script>

Al&rsquo;approche de l&rsquo;échéance de la Conférence des Nations Unies sur les changements climatiques (Cop21) à laquelle PEFC apportera son expertise, l&rsquo;organisme de certification forestière en France et dans le monde appelle à une mobilisation de chacun à travers une pétition en faveur de la gestion durable des forêts. « La gestion durable des forêts ne doit [&hellip;]
