{"version":"1.0","provider_name":"Batijournal","provider_url":"https:\/\/batijournal.com","author_name":"St\u00e9phane Miget","author_url":"https:\/\/batijournal.com\/index.php\/author\/stephane\/","title":"Labellisation de l\u2019architecture sportive francilienne","type":"rich","width":600,"height":338,"html":"<blockquote class=\"wp-embedded-content\" data-secret=\"QsrSTV7AF8\"><a href=\"https:\/\/batijournal.com\/index.php\/labellisation-de-larchitecture-sportive-francilienne\/109352\/\">Labellisation de l\u2019architecture sportive francilienne<\/a><\/blockquote><iframe sandbox=\"allow-scripts\" security=\"restricted\" src=\"https:\/\/batijournal.com\/index.php\/labellisation-de-larchitecture-sportive-francilienne\/109352\/embed\/#?secret=QsrSTV7AF8\" width=\"600\" height=\"338\" title=\"\u00ab\u00a0Labellisation de l\u2019architecture sportive francilienne\u00a0\u00bb &#8212; Batijournal\" data-secret=\"QsrSTV7AF8\" frameborder=\"0\" marginwidth=\"0\" marginheight=\"0\" scrolling=\"no\" class=\"wp-embedded-content\"><\/iframe><script type=\"text\/javascript\">\n\/* <![CDATA[ *\/\n\/*! This file is auto-generated *\/\n!function(d,l){\"use strict\";l.querySelector&&d.addEventListener&&\"undefined\"!=typeof URL&&(d.wp=d.wp||{},d.wp.receiveEmbedMessage||(d.wp.receiveEmbedMessage=function(e){var t=e.data;if((t||t.secret||t.message||t.value)&&!\/[^a-zA-Z0-9]\/.test(t.secret)){for(var s,r,n,a=l.querySelectorAll('iframe[data-secret=\"'+t.secret+'\"]'),o=l.querySelectorAll('blockquote[data-secret=\"'+t.secret+'\"]'),c=new RegExp(\"^https?:$\",\"i\"),i=0;i<o.length;i++)o[i].style.display=\"none\";for(i=0;i<a.length;i++)s=a[i],e.source===s.contentWindow&&(s.removeAttribute(\"style\"),\"height\"===t.message?(1e3<(r=parseInt(t.value,10))?r=1e3:~~r<200&&(r=200),s.height=r):\"link\"===t.message&&(r=new URL(s.getAttribute(\"src\")),n=new URL(t.value),c.test(n.protocol))&&n.host===r.host&&l.activeElement===s&&(d.top.location.href=t.value))}},d.addEventListener(\"message\",d.wp.receiveEmbedMessage,!1),l.addEventListener(\"DOMContentLoaded\",function(){for(var e,t,s=l.querySelectorAll(\"iframe.wp-embedded-content\"),r=0;r<s.length;r++)(t=(e=s[r]).getAttribute(\"data-secret\"))||(t=Math.random().toString(36).substring(2,12),e.src+=\"#?secret=\"+t,e.setAttribute(\"data-secret\",t)),e.contentWindow.postMessage({message:\"ready\",secret:t},\"*\")},!1)))}(window,document);\n\/\/# sourceURL=https:\/\/batijournal.com\/wp-includes\/js\/wp-embed.min.js\n\/* ]]> *\/\n<\/script>\n","thumbnail_url":"https:\/\/batijournal.com\/wp-content\/uploads\/2023\/10\/stade-france-site-1.jpg","thumbnail_width":825,"thumbnail_height":515,"description":"Dans la perspective des Jeux de Paris 2024, la DRAC \u00cele-de-France a d\u00e9but\u00e9 une campagne de labellisation \u00ab\u00a0Architecture contemporaine remarquable\u00a0\u00bb sur le th\u00e8me du sport. Les architectures retenues pour ce label s\u2019\u00e9tendent de 1945 \u2013 date de cr\u00e9ation de l\u2019Institut national des sports (INS) sur le site du bois de Vincennes, devenu aujourd\u2019hui l\u2019Institut national [&hellip;]"}

Stéphane Miget

Dans la perspective des Jeux de Paris 2024, la DRAC Île-de-France a débuté une campagne de labellisation « Architecture contemporaine remarquable » sur le thème du sport. Les architectures retenues pour ce label s’étendent de 1945 – date de création de l’Institut national des sports (INS) sur le site du bois de Vincennes, devenu aujourd’hui l’Institut national [&hellip;]
