{"version":"1.0","provider_name":"Batijournal","provider_url":"https:\/\/batijournal.com","author_name":"St\u00e9phane Miget","author_url":"https:\/\/batijournal.com\/index.php\/author\/stephane\/","title":"LCB\u00a0appelle \u00e0 la mobilisation pour promouvoir l'utilisation du bois","type":"rich","width":600,"height":338,"html":"<blockquote class=\"wp-embedded-content\" data-secret=\"D4OWMsWGY4\"><a href=\"https:\/\/batijournal.com\/index.php\/lcb-appelle-a-mobilisation-promouvoir-lutilisation-bois\/93000\/\">LCB\u00a0appelle \u00e0 la mobilisation pour promouvoir l&rsquo;utilisation du bois<\/a><\/blockquote><iframe sandbox=\"allow-scripts\" security=\"restricted\" src=\"https:\/\/batijournal.com\/index.php\/lcb-appelle-a-mobilisation-promouvoir-lutilisation-bois\/93000\/embed\/#?secret=D4OWMsWGY4\" width=\"600\" height=\"338\" title=\"\u00ab\u00a0LCB\u00a0appelle \u00e0 la mobilisation pour promouvoir l&rsquo;utilisation du bois\u00a0\u00bb &#8212; Batijournal\" data-secret=\"D4OWMsWGY4\" frameborder=\"0\" marginwidth=\"0\" marginheight=\"0\" scrolling=\"no\" class=\"wp-embedded-content\"><\/iframe><script type=\"text\/javascript\">\n\/* <![CDATA[ *\/\n\/*! This file is auto-generated *\/\n!function(d,l){\"use strict\";l.querySelector&&d.addEventListener&&\"undefined\"!=typeof URL&&(d.wp=d.wp||{},d.wp.receiveEmbedMessage||(d.wp.receiveEmbedMessage=function(e){var t=e.data;if((t||t.secret||t.message||t.value)&&!\/[^a-zA-Z0-9]\/.test(t.secret)){for(var s,r,n,a=l.querySelectorAll('iframe[data-secret=\"'+t.secret+'\"]'),o=l.querySelectorAll('blockquote[data-secret=\"'+t.secret+'\"]'),c=new RegExp(\"^https?:$\",\"i\"),i=0;i<o.length;i++)o[i].style.display=\"none\";for(i=0;i<a.length;i++)s=a[i],e.source===s.contentWindow&&(s.removeAttribute(\"style\"),\"height\"===t.message?(1e3<(r=parseInt(t.value,10))?r=1e3:~~r<200&&(r=200),s.height=r):\"link\"===t.message&&(r=new URL(s.getAttribute(\"src\")),n=new URL(t.value),c.test(n.protocol))&&n.host===r.host&&l.activeElement===s&&(d.top.location.href=t.value))}},d.addEventListener(\"message\",d.wp.receiveEmbedMessage,!1),l.addEventListener(\"DOMContentLoaded\",function(){for(var e,t,s=l.querySelectorAll(\"iframe.wp-embedded-content\"),r=0;r<s.length;r++)(t=(e=s[r]).getAttribute(\"data-secret\"))||(t=Math.random().toString(36).substring(2,12),e.src+=\"#?secret=\"+t,e.setAttribute(\"data-secret\",t)),e.contentWindow.postMessage({message:\"ready\",secret:t},\"*\")},!1)))}(window,document);\n\/\/# sourceURL=https:\/\/batijournal.com\/wp-includes\/js\/wp-embed.min.js\n\/* ]]> *\/\n<\/script>\n","thumbnail_url":"https:\/\/batijournal.com\/wp-content\/uploads\/2016\/06\/AG-Le-Commerce-du-Bois.jpg","thumbnail_width":2129,"thumbnail_height":1809,"description":"Le Commerce du Bois a r\u00e9uni son Assembl\u00e9e G\u00e9n\u00e9rale vendredi 3 juin dans le cadre du Carrefour International du Bois \u00e0 Nantes. A l\u2019issue de l\u2019Assembl\u00e9e G\u00e9n\u00e9rale, plus de 100 personnes ont assist\u00e9 \u00e0 la pr\u00e9sentation de l\u2019\u00e9tude sur les produits d\u00e9riv\u00e9s du sciage r\u00e9alis\u00e9e par Serge Lochu, \u00e0 la demande de LCB et de [&hellip;]"}

Stéphane Miget

LCB appelle à la mobilisation pour promouvoir l'utilisation du bois

<blockquote class="wp-embedded-content" data-secret="D4OWMsWGY4"><a href="https://batijournal.com/index.php/lcb-appelle-a-mobilisation-promouvoir-lutilisation-bois/93000/">LCB appelle à la mobilisation pour promouvoir l&rsquo;utilisation du bois</a></blockquote><iframe sandbox="allow-scripts" security="restricted" src="https://batijournal.com/index.php/lcb-appelle-a-mobilisation-promouvoir-lutilisation-bois/93000/embed/#?secret=D4OWMsWGY4" width="600" height="338" title="« LCB appelle à la mobilisation pour promouvoir l&rsquo;utilisation du bois » &#8212; Batijournal" data-secret="D4OWMsWGY4" frameborder="0" marginwidth="0" marginheight="0" scrolling="no" class="wp-embedded-content"></iframe><script type="text/javascript">
/* <![CDATA[ */
/*! This file is auto-generated */
!function(d,l){"use strict";l.querySelector&&d.addEventListener&&"undefined"!=typeof URL&&(d.wp=d.wp||{},d.wp.receiveEmbedMessage||(d.wp.receiveEmbedMessage=function(e){var t=e.data;if((t||t.secret||t.message||t.value)&&!/[^a-zA-Z0-9]/.test(t.secret)){for(var s,r,n,a=l.querySelectorAll('iframe[data-secret="'+t.secret+'"]'),o=l.querySelectorAll('blockquote[data-secret="'+t.secret+'"]'),c=new RegExp("^https?:$","i"),i=0;i<o.length;i++)o[i].style.display="none";for(i=0;i<a.length;i++)s=a[i],e.source===s.contentWindow&&(s.removeAttribute("style"),"height"===t.message?(1e3<(r=parseInt(t.value,10))?r=1e3:~~r<200&&(r=200),s.height=r):"link"===t.message&&(r=new URL(s.getAttribute("src")),n=new URL(t.value),c.test(n.protocol))&&n.host===r.host&&l.activeElement===s&&(d.top.location.href=t.value))}},d.addEventListener("message",d.wp.receiveEmbedMessage,!1),l.addEventListener("DOMContentLoaded",function(){for(var e,t,s=l.querySelectorAll("iframe.wp-embedded-content"),r=0;r<s.length;r++)(t=(e=s[r]).getAttribute("data-secret"))||(t=Math.random().toString(36).substring(2,12),e.src+="#?secret="+t,e.setAttribute("data-secret",t)),e.contentWindow.postMessage({message:"ready",secret:t},"*")},!1)))}(window,document);
//# sourceURL=https://batijournal.com/wp-includes/js/wp-embed.min.js
/* ]]> */
</script>

Le Commerce du Bois a réuni son Assemblée Générale vendredi 3 juin dans le cadre du Carrefour International du Bois à Nantes. A l’issue de l’Assemblée Générale, plus de 100 personnes ont assisté à la présentation de l’étude sur les produits dérivés du sciage réalisée par Serge Lochu, à la demande de LCB et de [&hellip;]
