{"version":"1.0","provider_name":"Batijournal","provider_url":"https:\/\/batijournal.com","author_name":"St\u00e9phane Miget","author_url":"https:\/\/batijournal.com\/index.php\/author\/stephane\/","title":"Les Fran\u00e7ais ont besoin de plus grands logements","type":"rich","width":600,"height":338,"html":"<blockquote class=\"wp-embedded-content\" data-secret=\"4zOlNucyO7\"><a href=\"https:\/\/batijournal.com\/index.php\/les-francais-ont-besoin-de-plus-grands-logements\/104958\/\">Les Fran\u00e7ais ont besoin de plus grands logements<\/a><\/blockquote><iframe sandbox=\"allow-scripts\" security=\"restricted\" src=\"https:\/\/batijournal.com\/index.php\/les-francais-ont-besoin-de-plus-grands-logements\/104958\/embed\/#?secret=4zOlNucyO7\" width=\"600\" height=\"338\" title=\"\u00ab\u00a0Les Fran\u00e7ais ont besoin de plus grands logements\u00a0\u00bb &#8212; Batijournal\" data-secret=\"4zOlNucyO7\" frameborder=\"0\" marginwidth=\"0\" marginheight=\"0\" scrolling=\"no\" class=\"wp-embedded-content\"><\/iframe><script type=\"text\/javascript\">\n\/* <![CDATA[ *\/\n\/*! This file is auto-generated *\/\n!function(d,l){\"use strict\";l.querySelector&&d.addEventListener&&\"undefined\"!=typeof URL&&(d.wp=d.wp||{},d.wp.receiveEmbedMessage||(d.wp.receiveEmbedMessage=function(e){var t=e.data;if((t||t.secret||t.message||t.value)&&!\/[^a-zA-Z0-9]\/.test(t.secret)){for(var s,r,n,a=l.querySelectorAll('iframe[data-secret=\"'+t.secret+'\"]'),o=l.querySelectorAll('blockquote[data-secret=\"'+t.secret+'\"]'),c=new RegExp(\"^https?:$\",\"i\"),i=0;i<o.length;i++)o[i].style.display=\"none\";for(i=0;i<a.length;i++)s=a[i],e.source===s.contentWindow&&(s.removeAttribute(\"style\"),\"height\"===t.message?(1e3<(r=parseInt(t.value,10))?r=1e3:~~r<200&&(r=200),s.height=r):\"link\"===t.message&&(r=new URL(s.getAttribute(\"src\")),n=new URL(t.value),c.test(n.protocol))&&n.host===r.host&&l.activeElement===s&&(d.top.location.href=t.value))}},d.addEventListener(\"message\",d.wp.receiveEmbedMessage,!1),l.addEventListener(\"DOMContentLoaded\",function(){for(var e,t,s=l.querySelectorAll(\"iframe.wp-embedded-content\"),r=0;r<s.length;r++)(t=(e=s[r]).getAttribute(\"data-secret\"))||(t=Math.random().toString(36).substring(2,12),e.src+=\"#?secret=\"+t,e.setAttribute(\"data-secret\",t)),e.contentWindow.postMessage({message:\"ready\",secret:t},\"*\")},!1)))}(window,document);\n\/\/# sourceURL=https:\/\/batijournal.com\/wp-includes\/js\/wp-embed.min.js\n\/* ]]> *\/\n<\/script>\n","thumbnail_url":"https:\/\/batijournal.com\/wp-content\/uploads\/2020\/10\/hauteur-sous-plafond.png","thumbnail_width":868,"thumbnail_height":481,"description":"Faute de pouvoir pousser les murs et d\u2019inventer les m\u00e8tres carr\u00e9s suppl\u00e9mentaires, la question de l\u2019am\u00e9nagement int\u00e9rieur des logements est plus cruciale que jamais. L\u2019habitat doit \u00eatre plus flexible, plus pratique, adapt\u00e9 au bien-vieillir. Telles sont les conditions pour un logement en phase avec l\u2019\u00e9volution des attentes et des modes de vie des Fran\u00e7ais selon [&hellip;]"}

Stéphane Miget

Les Français ont besoin de plus grands logements

<blockquote class="wp-embedded-content" data-secret="4zOlNucyO7"><a href="https://batijournal.com/index.php/les-francais-ont-besoin-de-plus-grands-logements/104958/">Les Français ont besoin de plus grands logements</a></blockquote><iframe sandbox="allow-scripts" security="restricted" src="https://batijournal.com/index.php/les-francais-ont-besoin-de-plus-grands-logements/104958/embed/#?secret=4zOlNucyO7" width="600" height="338" title="« Les Français ont besoin de plus grands logements » &#8212; Batijournal" data-secret="4zOlNucyO7" frameborder="0" marginwidth="0" marginheight="0" scrolling="no" class="wp-embedded-content"></iframe><script type="text/javascript">
/* <![CDATA[ */
/*! This file is auto-generated */
!function(d,l){"use strict";l.querySelector&&d.addEventListener&&"undefined"!=typeof URL&&(d.wp=d.wp||{},d.wp.receiveEmbedMessage||(d.wp.receiveEmbedMessage=function(e){var t=e.data;if((t||t.secret||t.message||t.value)&&!/[^a-zA-Z0-9]/.test(t.secret)){for(var s,r,n,a=l.querySelectorAll('iframe[data-secret="'+t.secret+'"]'),o=l.querySelectorAll('blockquote[data-secret="'+t.secret+'"]'),c=new RegExp("^https?:$","i"),i=0;i<o.length;i++)o[i].style.display="none";for(i=0;i<a.length;i++)s=a[i],e.source===s.contentWindow&&(s.removeAttribute("style"),"height"===t.message?(1e3<(r=parseInt(t.value,10))?r=1e3:~~r<200&&(r=200),s.height=r):"link"===t.message&&(r=new URL(s.getAttribute("src")),n=new URL(t.value),c.test(n.protocol))&&n.host===r.host&&l.activeElement===s&&(d.top.location.href=t.value))}},d.addEventListener("message",d.wp.receiveEmbedMessage,!1),l.addEventListener("DOMContentLoaded",function(){for(var e,t,s=l.querySelectorAll("iframe.wp-embedded-content"),r=0;r<s.length;r++)(t=(e=s[r]).getAttribute("data-secret"))||(t=Math.random().toString(36).substring(2,12),e.src+="#?secret="+t,e.setAttribute("data-secret",t)),e.contentWindow.postMessage({message:"ready",secret:t},"*")},!1)))}(window,document);
//# sourceURL=https://batijournal.com/wp-includes/js/wp-embed.min.js
/* ]]> */
</script>

Faute de pouvoir pousser les murs et d’inventer les mètres carrés supplémentaires, la question de l’aménagement intérieur des logements est plus cruciale que jamais. L’habitat doit être plus flexible, plus pratique, adapté au bien-vieillir. Telles sont les conditions pour un logement en phase avec l’évolution des attentes et des modes de vie des Français selon [&hellip;]
