{"version":"1.0","provider_name":"Batijournal","provider_url":"https:\/\/batijournal.com","author_name":"Bati-journal","author_url":"https:\/\/batijournal.com\/index.php\/author\/elodie\/","title":"Les Journ\u00e9es de l'architecture 2011","type":"rich","width":600,"height":338,"html":"<blockquote class=\"wp-embedded-content\" data-secret=\"bSGNKPjW9s\"><a href=\"https:\/\/batijournal.com\/index.php\/les-journees-de-larchitecture-2011\/79849\/\">Les Journ\u00e9es de l&rsquo;architecture 2011<\/a><\/blockquote><iframe sandbox=\"allow-scripts\" security=\"restricted\" src=\"https:\/\/batijournal.com\/index.php\/les-journees-de-larchitecture-2011\/79849\/embed\/#?secret=bSGNKPjW9s\" width=\"600\" height=\"338\" title=\"\u00ab\u00a0Les Journ\u00e9es de l&rsquo;architecture 2011\u00a0\u00bb &#8212; Batijournal\" data-secret=\"bSGNKPjW9s\" frameborder=\"0\" marginwidth=\"0\" marginheight=\"0\" scrolling=\"no\" class=\"wp-embedded-content\"><\/iframe><script type=\"text\/javascript\">\n\/* <![CDATA[ *\/\n\/*! This file is auto-generated *\/\n!function(d,l){\"use strict\";l.querySelector&&d.addEventListener&&\"undefined\"!=typeof URL&&(d.wp=d.wp||{},d.wp.receiveEmbedMessage||(d.wp.receiveEmbedMessage=function(e){var t=e.data;if((t||t.secret||t.message||t.value)&&!\/[^a-zA-Z0-9]\/.test(t.secret)){for(var s,r,n,a=l.querySelectorAll('iframe[data-secret=\"'+t.secret+'\"]'),o=l.querySelectorAll('blockquote[data-secret=\"'+t.secret+'\"]'),c=new RegExp(\"^https?:$\",\"i\"),i=0;i<o.length;i++)o[i].style.display=\"none\";for(i=0;i<a.length;i++)s=a[i],e.source===s.contentWindow&&(s.removeAttribute(\"style\"),\"height\"===t.message?(1e3<(r=parseInt(t.value,10))?r=1e3:~~r<200&&(r=200),s.height=r):\"link\"===t.message&&(r=new URL(s.getAttribute(\"src\")),n=new URL(t.value),c.test(n.protocol))&&n.host===r.host&&l.activeElement===s&&(d.top.location.href=t.value))}},d.addEventListener(\"message\",d.wp.receiveEmbedMessage,!1),l.addEventListener(\"DOMContentLoaded\",function(){for(var e,t,s=l.querySelectorAll(\"iframe.wp-embedded-content\"),r=0;r<s.length;r++)(t=(e=s[r]).getAttribute(\"data-secret\"))||(t=Math.random().toString(36).substring(2,12),e.src+=\"#?secret=\"+t,e.setAttribute(\"data-secret\",t)),e.contentWindow.postMessage({message:\"ready\",secret:t},\"*\")},!1)))}(window,document);\n\/\/# sourceURL=https:\/\/batijournal.com\/wp-includes\/js\/wp-embed.min.js\n\/* ]]> *\/\n<\/script>\n","thumbnail_url":"https:\/\/batijournal.com\/wp-content\/uploads\/2015\/03\/301287361.jpg","thumbnail_width":600,"thumbnail_height":400,"description":"L\u2019architecture sur mesure\u00bb, c\u2019est le th\u00e8me de ce 11\u00e8 Festival des Journ\u00e9es de l\u2019architecture qui se tiendra du vendredi 30 septembre au vendredi 4 novembre 2011. En 2010, les manifestations organis\u00e9es autour du th\u00e8me \u00abL\u2019architecture, c\u2019est durable\u00bb avaient attir\u00e9 plus de 70 000 visiteurs de part et d\u2019autre du Rhin. Cette ann\u00e9e, la Maison europ\u00e9enne [&hellip;]"}

Les Journées de l'architecture 2011

<blockquote class="wp-embedded-content" data-secret="bSGNKPjW9s"><a href="https://batijournal.com/index.php/les-journees-de-larchitecture-2011/79849/">Les Journées de l&rsquo;architecture 2011</a></blockquote><iframe sandbox="allow-scripts" security="restricted" src="https://batijournal.com/index.php/les-journees-de-larchitecture-2011/79849/embed/#?secret=bSGNKPjW9s" width="600" height="338" title="« Les Journées de l&rsquo;architecture 2011 » &#8212; Batijournal" data-secret="bSGNKPjW9s" frameborder="0" marginwidth="0" marginheight="0" scrolling="no" class="wp-embedded-content"></iframe><script type="text/javascript">
/* <![CDATA[ */
/*! This file is auto-generated */
!function(d,l){"use strict";l.querySelector&&d.addEventListener&&"undefined"!=typeof URL&&(d.wp=d.wp||{},d.wp.receiveEmbedMessage||(d.wp.receiveEmbedMessage=function(e){var t=e.data;if((t||t.secret||t.message||t.value)&&!/[^a-zA-Z0-9]/.test(t.secret)){for(var s,r,n,a=l.querySelectorAll('iframe[data-secret="'+t.secret+'"]'),o=l.querySelectorAll('blockquote[data-secret="'+t.secret+'"]'),c=new RegExp("^https?:$","i"),i=0;i<o.length;i++)o[i].style.display="none";for(i=0;i<a.length;i++)s=a[i],e.source===s.contentWindow&&(s.removeAttribute("style"),"height"===t.message?(1e3<(r=parseInt(t.value,10))?r=1e3:~~r<200&&(r=200),s.height=r):"link"===t.message&&(r=new URL(s.getAttribute("src")),n=new URL(t.value),c.test(n.protocol))&&n.host===r.host&&l.activeElement===s&&(d.top.location.href=t.value))}},d.addEventListener("message",d.wp.receiveEmbedMessage,!1),l.addEventListener("DOMContentLoaded",function(){for(var e,t,s=l.querySelectorAll("iframe.wp-embedded-content"),r=0;r<s.length;r++)(t=(e=s[r]).getAttribute("data-secret"))||(t=Math.random().toString(36).substring(2,12),e.src+="#?secret="+t,e.setAttribute("data-secret",t)),e.contentWindow.postMessage({message:"ready",secret:t},"*")},!1)))}(window,document);
//# sourceURL=https://batijournal.com/wp-includes/js/wp-embed.min.js
/* ]]> */
</script>

L’architecture sur mesure», c’est le thème de ce 11è Festival des Journées de l’architecture qui se tiendra du vendredi 30 septembre au vendredi 4 novembre 2011. En 2010, les manifestations organisées autour du thème «L’architecture, c’est durable» avaient attiré plus de 70 000 visiteurs de part et d’autre du Rhin. Cette année, la Maison européenne [&hellip;]
