{"version":"1.0","provider_name":"Batijournal","provider_url":"https:\/\/batijournal.com","author_name":"Bati-journal","author_url":"https:\/\/batijournal.com\/index.php\/author\/elodie\/","title":"Les monuments, n\u00b01 dans l\u0092'esprit des Fran\u00e7ais","type":"rich","width":600,"height":338,"html":"<blockquote class=\"wp-embedded-content\" data-secret=\"oz0ZQFXcjD\"><a href=\"https:\/\/batijournal.com\/index.php\/les-monuments-n1-dans-l%c2%92esprit-des-francais\/75504\/\">Les monuments, n\u00b01 dans l\u0092&rsquo;esprit des Fran\u00e7ais<\/a><\/blockquote><iframe sandbox=\"allow-scripts\" security=\"restricted\" src=\"https:\/\/batijournal.com\/index.php\/les-monuments-n1-dans-l%c2%92esprit-des-francais\/75504\/embed\/#?secret=oz0ZQFXcjD\" width=\"600\" height=\"338\" title=\"\u00ab\u00a0Les monuments, n\u00b01 dans l\u0092&rsquo;esprit des Fran\u00e7ais\u00a0\u00bb &#8212; Batijournal\" data-secret=\"oz0ZQFXcjD\" frameborder=\"0\" marginwidth=\"0\" marginheight=\"0\" scrolling=\"no\" class=\"wp-embedded-content\"><\/iframe><script type=\"text\/javascript\">\n\/* <![CDATA[ *\/\n\/*! This file is auto-generated *\/\n!function(d,l){\"use strict\";l.querySelector&&d.addEventListener&&\"undefined\"!=typeof URL&&(d.wp=d.wp||{},d.wp.receiveEmbedMessage||(d.wp.receiveEmbedMessage=function(e){var t=e.data;if((t||t.secret||t.message||t.value)&&!\/[^a-zA-Z0-9]\/.test(t.secret)){for(var s,r,n,a=l.querySelectorAll('iframe[data-secret=\"'+t.secret+'\"]'),o=l.querySelectorAll('blockquote[data-secret=\"'+t.secret+'\"]'),c=new RegExp(\"^https?:$\",\"i\"),i=0;i<o.length;i++)o[i].style.display=\"none\";for(i=0;i<a.length;i++)s=a[i],e.source===s.contentWindow&&(s.removeAttribute(\"style\"),\"height\"===t.message?(1e3<(r=parseInt(t.value,10))?r=1e3:~~r<200&&(r=200),s.height=r):\"link\"===t.message&&(r=new URL(s.getAttribute(\"src\")),n=new URL(t.value),c.test(n.protocol))&&n.host===r.host&&l.activeElement===s&&(d.top.location.href=t.value))}},d.addEventListener(\"message\",d.wp.receiveEmbedMessage,!1),l.addEventListener(\"DOMContentLoaded\",function(){for(var e,t,s=l.querySelectorAll(\"iframe.wp-embedded-content\"),r=0;r<s.length;r++)(t=(e=s[r]).getAttribute(\"data-secret\"))||(t=Math.random().toString(36).substring(2,12),e.src+=\"#?secret=\"+t,e.setAttribute(\"data-secret\",t)),e.contentWindow.postMessage({message:\"ready\",secret:t},\"*\")},!1)))}(window,document);\n\/\/# sourceURL=https:\/\/batijournal.com\/wp-includes\/js\/wp-embed.min.js\n\/* ]]> *\/\n<\/script>\n","thumbnail_url":"https:\/\/batijournal.com\/wp-content\/uploads\/2015\/03\/30058932.jpg","thumbnail_width":424,"thumbnail_height":600,"description":"Pour 62 % des Fran\u00e7ais, le patrimoine b\u00e2ti repr\u00e9sente le mieux notre patrimoine. C&rsquo;est en tout cas ce qui ressort de l&rsquo;\u00e9tude r\u00e9alis\u00e9e par l&rsquo;Ifop pour le compte de la CAPEB.\u00a0A l\u2019occasion des Journ\u00e9es europ\u00e9ennes du patrimoine des 17 et 18 septembre prochains, la Conf\u00e9d\u00e9ration de l\u2019artisanat et des petites entreprises du b\u00e2timent (CAPEB), partenaire [&hellip;]"}

Les monuments, n°1 dans l'esprit des Français

<blockquote class="wp-embedded-content" data-secret="oz0ZQFXcjD"><a href="https://batijournal.com/index.php/les-monuments-n1-dans-l%c2%92esprit-des-francais/75504/">Les monuments, n°1 dans l&rsquo;esprit des Français</a></blockquote><iframe sandbox="allow-scripts" security="restricted" src="https://batijournal.com/index.php/les-monuments-n1-dans-l%c2%92esprit-des-francais/75504/embed/#?secret=oz0ZQFXcjD" width="600" height="338" title="« Les monuments, n°1 dans l&rsquo;esprit des Français » &#8212; Batijournal" data-secret="oz0ZQFXcjD" frameborder="0" marginwidth="0" marginheight="0" scrolling="no" class="wp-embedded-content"></iframe><script type="text/javascript">
/* <![CDATA[ */
/*! This file is auto-generated */
!function(d,l){"use strict";l.querySelector&&d.addEventListener&&"undefined"!=typeof URL&&(d.wp=d.wp||{},d.wp.receiveEmbedMessage||(d.wp.receiveEmbedMessage=function(e){var t=e.data;if((t||t.secret||t.message||t.value)&&!/[^a-zA-Z0-9]/.test(t.secret)){for(var s,r,n,a=l.querySelectorAll('iframe[data-secret="'+t.secret+'"]'),o=l.querySelectorAll('blockquote[data-secret="'+t.secret+'"]'),c=new RegExp("^https?:$","i"),i=0;i<o.length;i++)o[i].style.display="none";for(i=0;i<a.length;i++)s=a[i],e.source===s.contentWindow&&(s.removeAttribute("style"),"height"===t.message?(1e3<(r=parseInt(t.value,10))?r=1e3:~~r<200&&(r=200),s.height=r):"link"===t.message&&(r=new URL(s.getAttribute("src")),n=new URL(t.value),c.test(n.protocol))&&n.host===r.host&&l.activeElement===s&&(d.top.location.href=t.value))}},d.addEventListener("message",d.wp.receiveEmbedMessage,!1),l.addEventListener("DOMContentLoaded",function(){for(var e,t,s=l.querySelectorAll("iframe.wp-embedded-content"),r=0;r<s.length;r++)(t=(e=s[r]).getAttribute("data-secret"))||(t=Math.random().toString(36).substring(2,12),e.src+="#?secret="+t,e.setAttribute("data-secret",t)),e.contentWindow.postMessage({message:"ready",secret:t},"*")},!1)))}(window,document);
//# sourceURL=https://batijournal.com/wp-includes/js/wp-embed.min.js
/* ]]> */
</script>

Pour 62 % des Français, le patrimoine bâti représente le mieux notre patrimoine. C&rsquo;est en tout cas ce qui ressort de l&rsquo;étude réalisée par l&rsquo;Ifop pour le compte de la CAPEB. A l’occasion des Journées européennes du patrimoine des 17 et 18 septembre prochains, la Confédération de l’artisanat et des petites entreprises du bâtiment (CAPEB), partenaire [&hellip;]
