{"version":"1.0","provider_name":"Batijournal","provider_url":"https:\/\/batijournal.com","author_name":"St\u00e9phane Miget","author_url":"https:\/\/batijournal.com\/index.php\/author\/stephane\/","title":"L\u2019individualisation des frais de chauffage, c'est maintenant","type":"rich","width":600,"height":338,"html":"<blockquote class=\"wp-embedded-content\" data-secret=\"BStPFx6cXx\"><a href=\"https:\/\/batijournal.com\/index.php\/lindividualisation-frais-de-chauffage-cest\/95585\/\">L\u2019individualisation des frais de chauffage, c&rsquo;est maintenant<\/a><\/blockquote><iframe sandbox=\"allow-scripts\" security=\"restricted\" src=\"https:\/\/batijournal.com\/index.php\/lindividualisation-frais-de-chauffage-cest\/95585\/embed\/#?secret=BStPFx6cXx\" width=\"600\" height=\"338\" title=\"\u00ab\u00a0L\u2019individualisation des frais de chauffage, c&rsquo;est maintenant\u00a0\u00bb &#8212; Batijournal\" data-secret=\"BStPFx6cXx\" frameborder=\"0\" marginwidth=\"0\" marginheight=\"0\" scrolling=\"no\" class=\"wp-embedded-content\"><\/iframe><script type=\"text\/javascript\">\n\/* <![CDATA[ *\/\n\/*! This file is auto-generated *\/\n!function(d,l){\"use strict\";l.querySelector&&d.addEventListener&&\"undefined\"!=typeof URL&&(d.wp=d.wp||{},d.wp.receiveEmbedMessage||(d.wp.receiveEmbedMessage=function(e){var t=e.data;if((t||t.secret||t.message||t.value)&&!\/[^a-zA-Z0-9]\/.test(t.secret)){for(var s,r,n,a=l.querySelectorAll('iframe[data-secret=\"'+t.secret+'\"]'),o=l.querySelectorAll('blockquote[data-secret=\"'+t.secret+'\"]'),c=new RegExp(\"^https?:$\",\"i\"),i=0;i<o.length;i++)o[i].style.display=\"none\";for(i=0;i<a.length;i++)s=a[i],e.source===s.contentWindow&&(s.removeAttribute(\"style\"),\"height\"===t.message?(1e3<(r=parseInt(t.value,10))?r=1e3:~~r<200&&(r=200),s.height=r):\"link\"===t.message&&(r=new URL(s.getAttribute(\"src\")),n=new URL(t.value),c.test(n.protocol))&&n.host===r.host&&l.activeElement===s&&(d.top.location.href=t.value))}},d.addEventListener(\"message\",d.wp.receiveEmbedMessage,!1),l.addEventListener(\"DOMContentLoaded\",function(){for(var e,t,s=l.querySelectorAll(\"iframe.wp-embedded-content\"),r=0;r<s.length;r++)(t=(e=s[r]).getAttribute(\"data-secret\"))||(t=Math.random().toString(36).substring(2,12),e.src+=\"#?secret=\"+t,e.setAttribute(\"data-secret\",t)),e.contentWindow.postMessage({message:\"ready\",secret:t},\"*\")},!1)))}(window,document);\n\/\/# sourceURL=https:\/\/batijournal.com\/wp-includes\/js\/wp-embed.min.js\n\/* ]]> *\/\n<\/script>\n","thumbnail_url":"https:\/\/batijournal.com\/wp-content\/uploads\/2016\/02\/thermostat-chauffage-600x359.png","thumbnail_width":600,"thumbnail_height":359,"description":"Un d\u00e9cret oblige \u00e0 la mise en place de compteurs individuels de chauffage dans les immeubles collectifs \u00e0 partir du 31 mars 2017, si techniquement possible. Tous les immeubles collectifs pr\u00e9sentant des consommations de chauffage sup\u00e9rieures \u00e0 150 kWh\/m\u00b2.an doivent avoir mis en place des appareils de mesure permettant de d\u00e9terminer la quantit\u00e9 de chaleur [&hellip;]"}

Stéphane Miget

Un décret oblige à la mise en place de compteurs individuels de chauffage dans les immeubles collectifs à partir du 31 mars 2017, si techniquement possible. Tous les immeubles collectifs présentant des consommations de chauffage supérieures à 150 kWh/m².an doivent avoir mis en place des appareils de mesure permettant de déterminer la quantité de chaleur [&hellip;]
