{"version":"1.0","provider_name":"Batijournal","provider_url":"https:\/\/batijournal.com","author_name":"St\u00e9phane Miget","author_url":"https:\/\/batijournal.com\/index.php\/author\/stephane\/","title":"L'innovation au c\u0153ur du Carrefour International du Bois","type":"rich","width":600,"height":338,"html":"<blockquote class=\"wp-embedded-content\" data-secret=\"lkLlMB4gfO\"><a href=\"https:\/\/batijournal.com\/index.php\/linnovation-au-coeur-du-carrefour-international-du-bois\/107270\/\">L&rsquo;innovation au c\u0153ur du Carrefour International du Bois<\/a><\/blockquote><iframe sandbox=\"allow-scripts\" security=\"restricted\" src=\"https:\/\/batijournal.com\/index.php\/linnovation-au-coeur-du-carrefour-international-du-bois\/107270\/embed\/#?secret=lkLlMB4gfO\" width=\"600\" height=\"338\" title=\"\u00ab\u00a0L&rsquo;innovation au c\u0153ur du Carrefour International du Bois\u00a0\u00bb &#8212; Batijournal\" data-secret=\"lkLlMB4gfO\" frameborder=\"0\" marginwidth=\"0\" marginheight=\"0\" scrolling=\"no\" class=\"wp-embedded-content\"><\/iframe><script type=\"text\/javascript\">\n\/* <![CDATA[ *\/\n\/*! This file is auto-generated *\/\n!function(d,l){\"use strict\";l.querySelector&&d.addEventListener&&\"undefined\"!=typeof URL&&(d.wp=d.wp||{},d.wp.receiveEmbedMessage||(d.wp.receiveEmbedMessage=function(e){var t=e.data;if((t||t.secret||t.message||t.value)&&!\/[^a-zA-Z0-9]\/.test(t.secret)){for(var s,r,n,a=l.querySelectorAll('iframe[data-secret=\"'+t.secret+'\"]'),o=l.querySelectorAll('blockquote[data-secret=\"'+t.secret+'\"]'),c=new RegExp(\"^https?:$\",\"i\"),i=0;i<o.length;i++)o[i].style.display=\"none\";for(i=0;i<a.length;i++)s=a[i],e.source===s.contentWindow&&(s.removeAttribute(\"style\"),\"height\"===t.message?(1e3<(r=parseInt(t.value,10))?r=1e3:~~r<200&&(r=200),s.height=r):\"link\"===t.message&&(r=new URL(s.getAttribute(\"src\")),n=new URL(t.value),c.test(n.protocol))&&n.host===r.host&&l.activeElement===s&&(d.top.location.href=t.value))}},d.addEventListener(\"message\",d.wp.receiveEmbedMessage,!1),l.addEventListener(\"DOMContentLoaded\",function(){for(var e,t,s=l.querySelectorAll(\"iframe.wp-embedded-content\"),r=0;r<s.length;r++)(t=(e=s[r]).getAttribute(\"data-secret\"))||(t=Math.random().toString(36).substring(2,12),e.src+=\"#?secret=\"+t,e.setAttribute(\"data-secret\",t)),e.contentWindow.postMessage({message:\"ready\",secret:t},\"*\")},!1)))}(window,document);\n\/\/# sourceURL=https:\/\/batijournal.com\/wp-includes\/js\/wp-embed.min.js\n\/* ]]> *\/\n<\/script>\n","thumbnail_url":"https:\/\/batijournal.com\/wp-content\/uploads\/2022\/04\/carrefour-international-du-bois-2022.jpg","thumbnail_width":1000,"thumbnail_height":668,"description":"Le Carrefour International du Bois, qui aura lieu du 1er au 3 juin 2022 au Parc des Expositions de Nantes, fera la part belle \u00e0 l\u2019innovation au sein d\u2019un espace d\u00e9di\u00e9 pour la deuxi\u00e8me \u00e9dition cons\u00e9cutive. Situ\u00e9 dans le hall 1, l\u2019espace innovation pr\u00e9sentera les avanc\u00e9es de la fili\u00e8re sur les sujets de R&amp;D ainsi [&hellip;]"}

Stéphane Miget

L'innovation au cœur du Carrefour International du Bois

<blockquote class="wp-embedded-content" data-secret="lkLlMB4gfO"><a href="https://batijournal.com/index.php/linnovation-au-coeur-du-carrefour-international-du-bois/107270/">L&rsquo;innovation au cœur du Carrefour International du Bois</a></blockquote><iframe sandbox="allow-scripts" security="restricted" src="https://batijournal.com/index.php/linnovation-au-coeur-du-carrefour-international-du-bois/107270/embed/#?secret=lkLlMB4gfO" width="600" height="338" title="« L&rsquo;innovation au cœur du Carrefour International du Bois » &#8212; Batijournal" data-secret="lkLlMB4gfO" frameborder="0" marginwidth="0" marginheight="0" scrolling="no" class="wp-embedded-content"></iframe><script type="text/javascript">
/* <![CDATA[ */
/*! This file is auto-generated */
!function(d,l){"use strict";l.querySelector&&d.addEventListener&&"undefined"!=typeof URL&&(d.wp=d.wp||{},d.wp.receiveEmbedMessage||(d.wp.receiveEmbedMessage=function(e){var t=e.data;if((t||t.secret||t.message||t.value)&&!/[^a-zA-Z0-9]/.test(t.secret)){for(var s,r,n,a=l.querySelectorAll('iframe[data-secret="'+t.secret+'"]'),o=l.querySelectorAll('blockquote[data-secret="'+t.secret+'"]'),c=new RegExp("^https?:$","i"),i=0;i<o.length;i++)o[i].style.display="none";for(i=0;i<a.length;i++)s=a[i],e.source===s.contentWindow&&(s.removeAttribute("style"),"height"===t.message?(1e3<(r=parseInt(t.value,10))?r=1e3:~~r<200&&(r=200),s.height=r):"link"===t.message&&(r=new URL(s.getAttribute("src")),n=new URL(t.value),c.test(n.protocol))&&n.host===r.host&&l.activeElement===s&&(d.top.location.href=t.value))}},d.addEventListener("message",d.wp.receiveEmbedMessage,!1),l.addEventListener("DOMContentLoaded",function(){for(var e,t,s=l.querySelectorAll("iframe.wp-embedded-content"),r=0;r<s.length;r++)(t=(e=s[r]).getAttribute("data-secret"))||(t=Math.random().toString(36).substring(2,12),e.src+="#?secret="+t,e.setAttribute("data-secret",t)),e.contentWindow.postMessage({message:"ready",secret:t},"*")},!1)))}(window,document);
//# sourceURL=https://batijournal.com/wp-includes/js/wp-embed.min.js
/* ]]> */
</script>

Le Carrefour International du Bois, qui aura lieu du 1er au 3 juin 2022 au Parc des Expositions de Nantes, fera la part belle à l’innovation au sein d’un espace dédié pour la deuxième édition consécutive. Situé dans le hall 1, l’espace innovation présentera les avancées de la filière sur les sujets de R&amp;D ainsi [&hellip;]
