{"version":"1.0","provider_name":"Batijournal","provider_url":"https:\/\/batijournal.com","author_name":"St\u00e9phane Miget","author_url":"https:\/\/batijournal.com\/index.php\/author\/stephane\/","title":"Logement : un choc de l'offre pr\u00e9vu par le gouvernement cet automne","type":"rich","width":600,"height":338,"html":"<blockquote class=\"wp-embedded-content\" data-secret=\"FtNMP4YdUt\"><a href=\"https:\/\/batijournal.com\/index.php\/logement-choc-de-loffre-prevu-gouvernement-cet-automne\/96553\/\">Logement : un choc de l&rsquo;offre pr\u00e9vu par le gouvernement cet automne<\/a><\/blockquote><iframe sandbox=\"allow-scripts\" security=\"restricted\" src=\"https:\/\/batijournal.com\/index.php\/logement-choc-de-loffre-prevu-gouvernement-cet-automne\/96553\/embed\/#?secret=FtNMP4YdUt\" width=\"600\" height=\"338\" title=\"\u00ab\u00a0Logement : un choc de l&rsquo;offre pr\u00e9vu par le gouvernement cet automne\u00a0\u00bb &#8212; Batijournal\" data-secret=\"FtNMP4YdUt\" frameborder=\"0\" marginwidth=\"0\" marginheight=\"0\" scrolling=\"no\" class=\"wp-embedded-content\"><\/iframe><script type=\"text\/javascript\">\n\/* <![CDATA[ *\/\n\/*! This file is auto-generated *\/\n!function(d,l){\"use strict\";l.querySelector&&d.addEventListener&&\"undefined\"!=typeof URL&&(d.wp=d.wp||{},d.wp.receiveEmbedMessage||(d.wp.receiveEmbedMessage=function(e){var t=e.data;if((t||t.secret||t.message||t.value)&&!\/[^a-zA-Z0-9]\/.test(t.secret)){for(var s,r,n,a=l.querySelectorAll('iframe[data-secret=\"'+t.secret+'\"]'),o=l.querySelectorAll('blockquote[data-secret=\"'+t.secret+'\"]'),c=new RegExp(\"^https?:$\",\"i\"),i=0;i<o.length;i++)o[i].style.display=\"none\";for(i=0;i<a.length;i++)s=a[i],e.source===s.contentWindow&&(s.removeAttribute(\"style\"),\"height\"===t.message?(1e3<(r=parseInt(t.value,10))?r=1e3:~~r<200&&(r=200),s.height=r):\"link\"===t.message&&(r=new URL(s.getAttribute(\"src\")),n=new URL(t.value),c.test(n.protocol))&&n.host===r.host&&l.activeElement===s&&(d.top.location.href=t.value))}},d.addEventListener(\"message\",d.wp.receiveEmbedMessage,!1),l.addEventListener(\"DOMContentLoaded\",function(){for(var e,t,s=l.querySelectorAll(\"iframe.wp-embedded-content\"),r=0;r<s.length;r++)(t=(e=s[r]).getAttribute(\"data-secret\"))||(t=Math.random().toString(36).substring(2,12),e.src+=\"#?secret=\"+t,e.setAttribute(\"data-secret\",t)),e.contentWindow.postMessage({message:\"ready\",secret:t},\"*\")},!1)))}(window,document);\n\/\/# sourceURL=https:\/\/batijournal.com\/wp-includes\/js\/wp-embed.min.js\n\/* ]]> *\/\n<\/script>\n","thumbnail_url":"https:\/\/batijournal.com\/wp-content\/uploads\/2017\/05\/chantier-batiment.jpg","thumbnail_width":1200,"thumbnail_height":676,"description":"Alors que la baisse annonc\u00e9e de 5 euros mensuels des APL ne finit pas de provoquer des remous, que le gouvernement cherche \u00e0 faire des \u00e9conomies dans tous les secteurs, Jacques M\u00e9zard, ministre de la Coh\u00e9sion des territoires, invit\u00e9 de RTL ce 25 juillet, a donn\u00e9 des informations sur de futures r\u00e9formes de la politique [&hellip;]"}

Stéphane Miget

Logement : un choc de l'offre prévu par le gouvernement cet automne

<blockquote class="wp-embedded-content" data-secret="FtNMP4YdUt"><a href="https://batijournal.com/index.php/logement-choc-de-loffre-prevu-gouvernement-cet-automne/96553/">Logement : un choc de l&rsquo;offre prévu par le gouvernement cet automne</a></blockquote><iframe sandbox="allow-scripts" security="restricted" src="https://batijournal.com/index.php/logement-choc-de-loffre-prevu-gouvernement-cet-automne/96553/embed/#?secret=FtNMP4YdUt" width="600" height="338" title="« Logement : un choc de l&rsquo;offre prévu par le gouvernement cet automne » &#8212; Batijournal" data-secret="FtNMP4YdUt" frameborder="0" marginwidth="0" marginheight="0" scrolling="no" class="wp-embedded-content"></iframe><script type="text/javascript">
/* <![CDATA[ */
/*! This file is auto-generated */
!function(d,l){"use strict";l.querySelector&&d.addEventListener&&"undefined"!=typeof URL&&(d.wp=d.wp||{},d.wp.receiveEmbedMessage||(d.wp.receiveEmbedMessage=function(e){var t=e.data;if((t||t.secret||t.message||t.value)&&!/[^a-zA-Z0-9]/.test(t.secret)){for(var s,r,n,a=l.querySelectorAll('iframe[data-secret="'+t.secret+'"]'),o=l.querySelectorAll('blockquote[data-secret="'+t.secret+'"]'),c=new RegExp("^https?:$","i"),i=0;i<o.length;i++)o[i].style.display="none";for(i=0;i<a.length;i++)s=a[i],e.source===s.contentWindow&&(s.removeAttribute("style"),"height"===t.message?(1e3<(r=parseInt(t.value,10))?r=1e3:~~r<200&&(r=200),s.height=r):"link"===t.message&&(r=new URL(s.getAttribute("src")),n=new URL(t.value),c.test(n.protocol))&&n.host===r.host&&l.activeElement===s&&(d.top.location.href=t.value))}},d.addEventListener("message",d.wp.receiveEmbedMessage,!1),l.addEventListener("DOMContentLoaded",function(){for(var e,t,s=l.querySelectorAll("iframe.wp-embedded-content"),r=0;r<s.length;r++)(t=(e=s[r]).getAttribute("data-secret"))||(t=Math.random().toString(36).substring(2,12),e.src+="#?secret="+t,e.setAttribute("data-secret",t)),e.contentWindow.postMessage({message:"ready",secret:t},"*")},!1)))}(window,document);
//# sourceURL=https://batijournal.com/wp-includes/js/wp-embed.min.js
/* ]]> */
</script>

Alors que la baisse annoncée de 5 euros mensuels des APL ne finit pas de provoquer des remous, que le gouvernement cherche à faire des économies dans tous les secteurs, Jacques Mézard, ministre de la Cohésion des territoires, invité de RTL ce 25 juillet, a donné des informations sur de futures réformes de la politique [&hellip;]
