{"version":"1.0","provider_name":"Batijournal","provider_url":"https:\/\/batijournal.com","author_name":"St\u00e9phane Miget","author_url":"https:\/\/batijournal.com\/index.php\/author\/stephane\/","title":"L\u2019UNICEM veut booster la commande publique responsable","type":"rich","width":600,"height":338,"html":"<blockquote class=\"wp-embedded-content\" data-secret=\"vPIsu0oXdS\"><a href=\"https:\/\/batijournal.com\/index.php\/lunicem-veut-booster-commande-publique-responsable\/95812\/\">L\u2019UNICEM veut booster la commande publique responsable<\/a><\/blockquote><iframe sandbox=\"allow-scripts\" security=\"restricted\" src=\"https:\/\/batijournal.com\/index.php\/lunicem-veut-booster-commande-publique-responsable\/95812\/embed\/#?secret=vPIsu0oXdS\" width=\"600\" height=\"338\" title=\"\u00ab\u00a0L\u2019UNICEM veut booster la commande publique responsable\u00a0\u00bb &#8212; Batijournal\" data-secret=\"vPIsu0oXdS\" frameborder=\"0\" marginwidth=\"0\" marginheight=\"0\" scrolling=\"no\" class=\"wp-embedded-content\"><\/iframe><script type=\"text\/javascript\">\n\/* <![CDATA[ *\/\n\/*! This file is auto-generated *\/\n!function(d,l){\"use strict\";l.querySelector&&d.addEventListener&&\"undefined\"!=typeof URL&&(d.wp=d.wp||{},d.wp.receiveEmbedMessage||(d.wp.receiveEmbedMessage=function(e){var t=e.data;if((t||t.secret||t.message||t.value)&&!\/[^a-zA-Z0-9]\/.test(t.secret)){for(var s,r,n,a=l.querySelectorAll('iframe[data-secret=\"'+t.secret+'\"]'),o=l.querySelectorAll('blockquote[data-secret=\"'+t.secret+'\"]'),c=new RegExp(\"^https?:$\",\"i\"),i=0;i<o.length;i++)o[i].style.display=\"none\";for(i=0;i<a.length;i++)s=a[i],e.source===s.contentWindow&&(s.removeAttribute(\"style\"),\"height\"===t.message?(1e3<(r=parseInt(t.value,10))?r=1e3:~~r<200&&(r=200),s.height=r):\"link\"===t.message&&(r=new URL(s.getAttribute(\"src\")),n=new URL(t.value),c.test(n.protocol))&&n.host===r.host&&l.activeElement===s&&(d.top.location.href=t.value))}},d.addEventListener(\"message\",d.wp.receiveEmbedMessage,!1),l.addEventListener(\"DOMContentLoaded\",function(){for(var e,t,s=l.querySelectorAll(\"iframe.wp-embedded-content\"),r=0;r<s.length;r++)(t=(e=s[r]).getAttribute(\"data-secret\"))||(t=Math.random().toString(36).substring(2,12),e.src+=\"#?secret=\"+t,e.setAttribute(\"data-secret\",t)),e.contentWindow.postMessage({message:\"ready\",secret:t},\"*\")},!1)))}(window,document);\n\/\/# sourceURL=https:\/\/batijournal.com\/wp-includes\/js\/wp-embed.min.js\n\/* ]]> *\/\n<\/script>\n","thumbnail_url":"https:\/\/batijournal.com\/wp-content\/uploads\/2016\/02\/granulats-2.jpg","thumbnail_width":1000,"thumbnail_height":588,"description":"Michel Andr\u00e9, pr\u00e9sident de l\u2019Union nationale des industries de carri\u00e8res et mat\u00e9riaux de construction (UNICEM) a \u00e9t\u00e9 auditionn\u00e9 par le Conseil \u00e9conomique, social et environnemental (CESE), dans le cadre de la saisine sur la commande publique responsable. L\u2019occasion pour l\u2019UNICEM de rappeler son engagement de longue date en la mati\u00e8re, et de faire valoir ses [&hellip;]"}

Stéphane Miget

Michel André, président de l’Union nationale des industries de carrières et matériaux de construction (UNICEM) a été auditionné par le Conseil économique, social et environnemental (CESE), dans le cadre de la saisine sur la commande publique responsable. L’occasion pour l’UNICEM de rappeler son engagement de longue date en la matière, et de faire valoir ses [&hellip;]
