{"version":"1.0","provider_name":"Batijournal","provider_url":"https:\/\/batijournal.com","author_name":"St\u00e9phane Miget","author_url":"https:\/\/batijournal.com\/index.php\/author\/stephane\/","title":"MaPrimeR\u00e9nov\u2019 et MaPrimeAdapt\u2019 : la Cour des comptes critique","type":"rich","width":600,"height":338,"html":"<blockquote class=\"wp-embedded-content\" data-secret=\"drMRTP7V1P\"><a href=\"https:\/\/batijournal.com\/index.php\/maprimerenov-et-maprimeadapt-la-cour-des-comptes-critique\/109542\/\">MaPrimeR\u00e9nov\u2019 et MaPrimeAdapt\u2019 : la Cour des comptes critique<\/a><\/blockquote><iframe sandbox=\"allow-scripts\" security=\"restricted\" src=\"https:\/\/batijournal.com\/index.php\/maprimerenov-et-maprimeadapt-la-cour-des-comptes-critique\/109542\/embed\/#?secret=drMRTP7V1P\" width=\"600\" height=\"338\" title=\"\u00ab\u00a0MaPrimeR\u00e9nov\u2019 et MaPrimeAdapt\u2019 : la Cour des comptes critique\u00a0\u00bb &#8212; Batijournal\" data-secret=\"drMRTP7V1P\" frameborder=\"0\" marginwidth=\"0\" marginheight=\"0\" scrolling=\"no\" class=\"wp-embedded-content\"><\/iframe><script type=\"text\/javascript\">\n\/* <![CDATA[ *\/\n\/*! This file is auto-generated *\/\n!function(d,l){\"use strict\";l.querySelector&&d.addEventListener&&\"undefined\"!=typeof URL&&(d.wp=d.wp||{},d.wp.receiveEmbedMessage||(d.wp.receiveEmbedMessage=function(e){var t=e.data;if((t||t.secret||t.message||t.value)&&!\/[^a-zA-Z0-9]\/.test(t.secret)){for(var s,r,n,a=l.querySelectorAll('iframe[data-secret=\"'+t.secret+'\"]'),o=l.querySelectorAll('blockquote[data-secret=\"'+t.secret+'\"]'),c=new RegExp(\"^https?:$\",\"i\"),i=0;i<o.length;i++)o[i].style.display=\"none\";for(i=0;i<a.length;i++)s=a[i],e.source===s.contentWindow&&(s.removeAttribute(\"style\"),\"height\"===t.message?(1e3<(r=parseInt(t.value,10))?r=1e3:~~r<200&&(r=200),s.height=r):\"link\"===t.message&&(r=new URL(s.getAttribute(\"src\")),n=new URL(t.value),c.test(n.protocol))&&n.host===r.host&&l.activeElement===s&&(d.top.location.href=t.value))}},d.addEventListener(\"message\",d.wp.receiveEmbedMessage,!1),l.addEventListener(\"DOMContentLoaded\",function(){for(var e,t,s=l.querySelectorAll(\"iframe.wp-embedded-content\"),r=0;r<s.length;r++)(t=(e=s[r]).getAttribute(\"data-secret\"))||(t=Math.random().toString(36).substring(2,12),e.src+=\"#?secret=\"+t,e.setAttribute(\"data-secret\",t)),e.contentWindow.postMessage({message:\"ready\",secret:t},\"*\")},!1)))}(window,document);\n\/\/# sourceURL=https:\/\/batijournal.com\/wp-includes\/js\/wp-embed.min.js\n\/* ]]> *\/\n<\/script>\n","thumbnail_url":"https:\/\/batijournal.com\/wp-content\/uploads\/2017\/03\/cour-des-comptes.png","thumbnail_width":820,"thumbnail_height":431,"description":"Dans un rapport sur \u00ab le soutien aux logements face aux \u00e9volutions climatiques et au vieillissement de la population \u00bb, la Cour des comptes reste critique face \u00e0 l\u2019efficacit\u00e9 des aides. L\u2019horizon 2050 lie urgence climatique et urgence d\u00e9mographique. Alors que la France vient de retenir un sc\u00e9nario de r\u00e9chauffement possible d\u2019environ 2\u00b0 Celsius en [&hellip;]"}

Stéphane Miget

MaPrimeRénov’ et MaPrimeAdapt’ : la Cour des comptes critique

<blockquote class="wp-embedded-content" data-secret="drMRTP7V1P"><a href="https://batijournal.com/index.php/maprimerenov-et-maprimeadapt-la-cour-des-comptes-critique/109542/">MaPrimeRénov’ et MaPrimeAdapt’ : la Cour des comptes critique</a></blockquote><iframe sandbox="allow-scripts" security="restricted" src="https://batijournal.com/index.php/maprimerenov-et-maprimeadapt-la-cour-des-comptes-critique/109542/embed/#?secret=drMRTP7V1P" width="600" height="338" title="« MaPrimeRénov’ et MaPrimeAdapt’ : la Cour des comptes critique » &#8212; Batijournal" data-secret="drMRTP7V1P" frameborder="0" marginwidth="0" marginheight="0" scrolling="no" class="wp-embedded-content"></iframe><script type="text/javascript">
/* <![CDATA[ */
/*! This file is auto-generated */
!function(d,l){"use strict";l.querySelector&&d.addEventListener&&"undefined"!=typeof URL&&(d.wp=d.wp||{},d.wp.receiveEmbedMessage||(d.wp.receiveEmbedMessage=function(e){var t=e.data;if((t||t.secret||t.message||t.value)&&!/[^a-zA-Z0-9]/.test(t.secret)){for(var s,r,n,a=l.querySelectorAll('iframe[data-secret="'+t.secret+'"]'),o=l.querySelectorAll('blockquote[data-secret="'+t.secret+'"]'),c=new RegExp("^https?:$","i"),i=0;i<o.length;i++)o[i].style.display="none";for(i=0;i<a.length;i++)s=a[i],e.source===s.contentWindow&&(s.removeAttribute("style"),"height"===t.message?(1e3<(r=parseInt(t.value,10))?r=1e3:~~r<200&&(r=200),s.height=r):"link"===t.message&&(r=new URL(s.getAttribute("src")),n=new URL(t.value),c.test(n.protocol))&&n.host===r.host&&l.activeElement===s&&(d.top.location.href=t.value))}},d.addEventListener("message",d.wp.receiveEmbedMessage,!1),l.addEventListener("DOMContentLoaded",function(){for(var e,t,s=l.querySelectorAll("iframe.wp-embedded-content"),r=0;r<s.length;r++)(t=(e=s[r]).getAttribute("data-secret"))||(t=Math.random().toString(36).substring(2,12),e.src+="#?secret="+t,e.setAttribute("data-secret",t)),e.contentWindow.postMessage({message:"ready",secret:t},"*")},!1)))}(window,document);
//# sourceURL=https://batijournal.com/wp-includes/js/wp-embed.min.js
/* ]]> */
</script>

Dans un rapport sur « le soutien aux logements face aux évolutions climatiques et au vieillissement de la population », la Cour des comptes reste critique face à l’efficacité des aides. L’horizon 2050 lie urgence climatique et urgence démographique. Alors que la France vient de retenir un scénario de réchauffement possible d’environ 2° Celsius en [&hellip;]
