{"version":"1.0","provider_name":"Batijournal","provider_url":"https:\/\/batijournal.com","author_name":"Bati-journal","author_url":"https:\/\/batijournal.com\/index.php\/author\/elodie\/","title":"Mois de la construction bois en Franche-Comt\u00e9","type":"rich","width":600,"height":338,"html":"<blockquote class=\"wp-embedded-content\" data-secret=\"2KWkndSGYc\"><a href=\"https:\/\/batijournal.com\/index.php\/mois-de-la-construction-bois-en-franche-comte\/80016\/\">Mois de la construction bois en Franche-Comt\u00e9<\/a><\/blockquote><iframe sandbox=\"allow-scripts\" security=\"restricted\" src=\"https:\/\/batijournal.com\/index.php\/mois-de-la-construction-bois-en-franche-comte\/80016\/embed\/#?secret=2KWkndSGYc\" width=\"600\" height=\"338\" title=\"\u00ab\u00a0Mois de la construction bois en Franche-Comt\u00e9\u00a0\u00bb &#8212; Batijournal\" data-secret=\"2KWkndSGYc\" frameborder=\"0\" marginwidth=\"0\" marginheight=\"0\" scrolling=\"no\" class=\"wp-embedded-content\"><\/iframe><script type=\"text\/javascript\">\n\/* <![CDATA[ *\/\n\/*! This file is auto-generated *\/\n!function(d,l){\"use strict\";l.querySelector&&d.addEventListener&&\"undefined\"!=typeof URL&&(d.wp=d.wp||{},d.wp.receiveEmbedMessage||(d.wp.receiveEmbedMessage=function(e){var t=e.data;if((t||t.secret||t.message||t.value)&&!\/[^a-zA-Z0-9]\/.test(t.secret)){for(var s,r,n,a=l.querySelectorAll('iframe[data-secret=\"'+t.secret+'\"]'),o=l.querySelectorAll('blockquote[data-secret=\"'+t.secret+'\"]'),c=new RegExp(\"^https?:$\",\"i\"),i=0;i<o.length;i++)o[i].style.display=\"none\";for(i=0;i<a.length;i++)s=a[i],e.source===s.contentWindow&&(s.removeAttribute(\"style\"),\"height\"===t.message?(1e3<(r=parseInt(t.value,10))?r=1e3:~~r<200&&(r=200),s.height=r):\"link\"===t.message&&(r=new URL(s.getAttribute(\"src\")),n=new URL(t.value),c.test(n.protocol))&&n.host===r.host&&l.activeElement===s&&(d.top.location.href=t.value))}},d.addEventListener(\"message\",d.wp.receiveEmbedMessage,!1),l.addEventListener(\"DOMContentLoaded\",function(){for(var e,t,s=l.querySelectorAll(\"iframe.wp-embedded-content\"),r=0;r<s.length;r++)(t=(e=s[r]).getAttribute(\"data-secret\"))||(t=Math.random().toString(36).substring(2,12),e.src+=\"#?secret=\"+t,e.setAttribute(\"data-secret\",t)),e.contentWindow.postMessage({message:\"ready\",secret:t},\"*\")},!1)))}(window,document);\n\/\/# sourceURL=https:\/\/batijournal.com\/wp-includes\/js\/wp-embed.min.js\n\/* ]]> *\/\n<\/script>\n","description":"L\u0092&rsquo;ADIB programme pour cet automne \u201cLe Mois de la Construction Bois en Franche-Comt\u00e9\u201c. L&rsquo;\u0092op\u00e9ration, pr\u00e9vue du 20 septembre au 25 octobre 2008, vise \u00e0 organiser chaque samedi des portes ouvertes dans une ou plusieurs r\u00e9alisations ou entreprises. Elle est soutenue en partie par les Pouvoirs publics et l\u0092&rsquo;ADIB dans le cadre du programme d\u0092&rsquo;actions collectives [&hellip;]"}

Mois de la construction bois en Franche-Comté

<blockquote class="wp-embedded-content" data-secret="2KWkndSGYc"><a href="https://batijournal.com/index.php/mois-de-la-construction-bois-en-franche-comte/80016/">Mois de la construction bois en Franche-Comté</a></blockquote><iframe sandbox="allow-scripts" security="restricted" src="https://batijournal.com/index.php/mois-de-la-construction-bois-en-franche-comte/80016/embed/#?secret=2KWkndSGYc" width="600" height="338" title="« Mois de la construction bois en Franche-Comté » &#8212; Batijournal" data-secret="2KWkndSGYc" frameborder="0" marginwidth="0" marginheight="0" scrolling="no" class="wp-embedded-content"></iframe><script type="text/javascript">
/* <![CDATA[ */
/*! This file is auto-generated */
!function(d,l){"use strict";l.querySelector&&d.addEventListener&&"undefined"!=typeof URL&&(d.wp=d.wp||{},d.wp.receiveEmbedMessage||(d.wp.receiveEmbedMessage=function(e){var t=e.data;if((t||t.secret||t.message||t.value)&&!/[^a-zA-Z0-9]/.test(t.secret)){for(var s,r,n,a=l.querySelectorAll('iframe[data-secret="'+t.secret+'"]'),o=l.querySelectorAll('blockquote[data-secret="'+t.secret+'"]'),c=new RegExp("^https?:$","i"),i=0;i<o.length;i++)o[i].style.display="none";for(i=0;i<a.length;i++)s=a[i],e.source===s.contentWindow&&(s.removeAttribute("style"),"height"===t.message?(1e3<(r=parseInt(t.value,10))?r=1e3:~~r<200&&(r=200),s.height=r):"link"===t.message&&(r=new URL(s.getAttribute("src")),n=new URL(t.value),c.test(n.protocol))&&n.host===r.host&&l.activeElement===s&&(d.top.location.href=t.value))}},d.addEventListener("message",d.wp.receiveEmbedMessage,!1),l.addEventListener("DOMContentLoaded",function(){for(var e,t,s=l.querySelectorAll("iframe.wp-embedded-content"),r=0;r<s.length;r++)(t=(e=s[r]).getAttribute("data-secret"))||(t=Math.random().toString(36).substring(2,12),e.src+="#?secret="+t,e.setAttribute("data-secret",t)),e.contentWindow.postMessage({message:"ready",secret:t},"*")},!1)))}(window,document);
//# sourceURL=https://batijournal.com/wp-includes/js/wp-embed.min.js
/* ]]> */
</script>

L&rsquo;ADIB programme pour cet automne “Le Mois de la Construction Bois en Franche-Comté“. L&rsquo;opération, prévue du 20 septembre au 25 octobre 2008, vise à organiser chaque samedi des portes ouvertes dans une ou plusieurs réalisations ou entreprises. Elle est soutenue en partie par les Pouvoirs publics et l&rsquo;ADIB dans le cadre du programme d&rsquo;actions collectives [&hellip;]
