{"version":"1.0","provider_name":"Batijournal","provider_url":"https:\/\/batijournal.com","author_name":"Bati-journal","author_url":"https:\/\/batijournal.com\/index.php\/author\/elodie\/","title":"Nouveau barom\u00e8tre photovolta\u00efque","type":"rich","width":600,"height":338,"html":"<blockquote class=\"wp-embedded-content\" data-secret=\"sHHJXyZfX3\"><a href=\"https:\/\/batijournal.com\/index.php\/nouveau-barometre-photovoltaique\/71374\/\">Nouveau barom\u00e8tre photovolta\u00efque<\/a><\/blockquote><iframe sandbox=\"allow-scripts\" security=\"restricted\" src=\"https:\/\/batijournal.com\/index.php\/nouveau-barometre-photovoltaique\/71374\/embed\/#?secret=sHHJXyZfX3\" width=\"600\" height=\"338\" title=\"\u00ab\u00a0Nouveau barom\u00e8tre photovolta\u00efque\u00a0\u00bb &#8212; Batijournal\" data-secret=\"sHHJXyZfX3\" frameborder=\"0\" marginwidth=\"0\" marginheight=\"0\" scrolling=\"no\" class=\"wp-embedded-content\"><\/iframe><script type=\"text\/javascript\">\n\/* <![CDATA[ *\/\n\/*! This file is auto-generated *\/\n!function(d,l){\"use strict\";l.querySelector&&d.addEventListener&&\"undefined\"!=typeof URL&&(d.wp=d.wp||{},d.wp.receiveEmbedMessage||(d.wp.receiveEmbedMessage=function(e){var t=e.data;if((t||t.secret||t.message||t.value)&&!\/[^a-zA-Z0-9]\/.test(t.secret)){for(var s,r,n,a=l.querySelectorAll('iframe[data-secret=\"'+t.secret+'\"]'),o=l.querySelectorAll('blockquote[data-secret=\"'+t.secret+'\"]'),c=new RegExp(\"^https?:$\",\"i\"),i=0;i<o.length;i++)o[i].style.display=\"none\";for(i=0;i<a.length;i++)s=a[i],e.source===s.contentWindow&&(s.removeAttribute(\"style\"),\"height\"===t.message?(1e3<(r=parseInt(t.value,10))?r=1e3:~~r<200&&(r=200),s.height=r):\"link\"===t.message&&(r=new URL(s.getAttribute(\"src\")),n=new URL(t.value),c.test(n.protocol))&&n.host===r.host&&l.activeElement===s&&(d.top.location.href=t.value))}},d.addEventListener(\"message\",d.wp.receiveEmbedMessage,!1),l.addEventListener(\"DOMContentLoaded\",function(){for(var e,t,s=l.querySelectorAll(\"iframe.wp-embedded-content\"),r=0;r<s.length;r++)(t=(e=s[r]).getAttribute(\"data-secret\"))||(t=Math.random().toString(36).substring(2,12),e.src+=\"#?secret=\"+t,e.setAttribute(\"data-secret\",t)),e.contentWindow.postMessage({message:\"ready\",secret:t},\"*\")},!1)))}(window,document);\n\/\/# sourceURL=https:\/\/batijournal.com\/wp-includes\/js\/wp-embed.min.js\n\/* ]]> *\/\n<\/script>\n","thumbnail_url":"https:\/\/batijournal.com\/wp-content\/uploads\/2015\/03\/25378788.jpg","thumbnail_width":483,"thumbnail_height":600,"description":"Pour la premi\u00e8re fois de son histoire, la fili\u00e8re photovolta\u00efque est devenue en Europe la premi\u00e8re fili\u00e8re \u00e9lectrique renouvelable en puissance nouvellement install\u00e9e. Selon EurObserv\u2019ER, 13 023,2 MWc de modules photovolta\u00efques ont \u00e9t\u00e9 connect\u00e9s dans l\u2019Union europ\u00e9enne durant l\u2019ann\u00e9e 2010, soit 120,1 % de plus qu\u2019en 2009 (5918,2 MWc). Ces installations suppl\u00e9mentaires portent la puissance [&hellip;]"}

Nouveau baromètre photovoltaïque

<blockquote class="wp-embedded-content" data-secret="sHHJXyZfX3"><a href="https://batijournal.com/index.php/nouveau-barometre-photovoltaique/71374/">Nouveau baromètre photovoltaïque</a></blockquote><iframe sandbox="allow-scripts" security="restricted" src="https://batijournal.com/index.php/nouveau-barometre-photovoltaique/71374/embed/#?secret=sHHJXyZfX3" width="600" height="338" title="« Nouveau baromètre photovoltaïque » &#8212; Batijournal" data-secret="sHHJXyZfX3" frameborder="0" marginwidth="0" marginheight="0" scrolling="no" class="wp-embedded-content"></iframe><script type="text/javascript">
/* <![CDATA[ */
/*! This file is auto-generated */
!function(d,l){"use strict";l.querySelector&&d.addEventListener&&"undefined"!=typeof URL&&(d.wp=d.wp||{},d.wp.receiveEmbedMessage||(d.wp.receiveEmbedMessage=function(e){var t=e.data;if((t||t.secret||t.message||t.value)&&!/[^a-zA-Z0-9]/.test(t.secret)){for(var s,r,n,a=l.querySelectorAll('iframe[data-secret="'+t.secret+'"]'),o=l.querySelectorAll('blockquote[data-secret="'+t.secret+'"]'),c=new RegExp("^https?:$","i"),i=0;i<o.length;i++)o[i].style.display="none";for(i=0;i<a.length;i++)s=a[i],e.source===s.contentWindow&&(s.removeAttribute("style"),"height"===t.message?(1e3<(r=parseInt(t.value,10))?r=1e3:~~r<200&&(r=200),s.height=r):"link"===t.message&&(r=new URL(s.getAttribute("src")),n=new URL(t.value),c.test(n.protocol))&&n.host===r.host&&l.activeElement===s&&(d.top.location.href=t.value))}},d.addEventListener("message",d.wp.receiveEmbedMessage,!1),l.addEventListener("DOMContentLoaded",function(){for(var e,t,s=l.querySelectorAll("iframe.wp-embedded-content"),r=0;r<s.length;r++)(t=(e=s[r]).getAttribute("data-secret"))||(t=Math.random().toString(36).substring(2,12),e.src+="#?secret="+t,e.setAttribute("data-secret",t)),e.contentWindow.postMessage({message:"ready",secret:t},"*")},!1)))}(window,document);
//# sourceURL=https://batijournal.com/wp-includes/js/wp-embed.min.js
/* ]]> */
</script>

Pour la première fois de son histoire, la filière photovoltaïque est devenue en Europe la première filière électrique renouvelable en puissance nouvellement installée. Selon EurObserv’ER, 13 023,2 MWc de modules photovoltaïques ont été connectés dans l’Union européenne durant l’année 2010, soit 120,1 % de plus qu’en 2009 (5918,2 MWc). Ces installations supplémentaires portent la puissance [&hellip;]
