{"version":"1.0","provider_name":"Batijournal","provider_url":"https:\/\/batijournal.com","author_name":"St\u00e9phane Miget","author_url":"https:\/\/batijournal.com\/index.php\/author\/stephane\/","title":"Les Parcs Naturels R\u00e9gionaux s\u2019engagent pour la ville durable","type":"rich","width":600,"height":338,"html":"<blockquote class=\"wp-embedded-content\" data-secret=\"XsBCynnpYg\"><a href=\"https:\/\/batijournal.com\/index.php\/parcs-naturels-regionaux-sengagent-ville-durable\/95445\/\">Les Parcs Naturels R\u00e9gionaux s\u2019engagent pour la ville durable<\/a><\/blockquote><iframe sandbox=\"allow-scripts\" security=\"restricted\" src=\"https:\/\/batijournal.com\/index.php\/parcs-naturels-regionaux-sengagent-ville-durable\/95445\/embed\/#?secret=XsBCynnpYg\" width=\"600\" height=\"338\" title=\"\u00ab\u00a0Les Parcs Naturels R\u00e9gionaux s\u2019engagent pour la ville durable\u00a0\u00bb &#8212; Batijournal\" data-secret=\"XsBCynnpYg\" frameborder=\"0\" marginwidth=\"0\" marginheight=\"0\" scrolling=\"no\" class=\"wp-embedded-content\"><\/iframe><script type=\"text\/javascript\">\n\/* <![CDATA[ *\/\n\/*! This file is auto-generated *\/\n!function(d,l){\"use strict\";l.querySelector&&d.addEventListener&&\"undefined\"!=typeof URL&&(d.wp=d.wp||{},d.wp.receiveEmbedMessage||(d.wp.receiveEmbedMessage=function(e){var t=e.data;if((t||t.secret||t.message||t.value)&&!\/[^a-zA-Z0-9]\/.test(t.secret)){for(var s,r,n,a=l.querySelectorAll('iframe[data-secret=\"'+t.secret+'\"]'),o=l.querySelectorAll('blockquote[data-secret=\"'+t.secret+'\"]'),c=new RegExp(\"^https?:$\",\"i\"),i=0;i<o.length;i++)o[i].style.display=\"none\";for(i=0;i<a.length;i++)s=a[i],e.source===s.contentWindow&&(s.removeAttribute(\"style\"),\"height\"===t.message?(1e3<(r=parseInt(t.value,10))?r=1e3:~~r<200&&(r=200),s.height=r):\"link\"===t.message&&(r=new URL(s.getAttribute(\"src\")),n=new URL(t.value),c.test(n.protocol))&&n.host===r.host&&l.activeElement===s&&(d.top.location.href=t.value))}},d.addEventListener(\"message\",d.wp.receiveEmbedMessage,!1),l.addEventListener(\"DOMContentLoaded\",function(){for(var e,t,s=l.querySelectorAll(\"iframe.wp-embedded-content\"),r=0;r<s.length;r++)(t=(e=s[r]).getAttribute(\"data-secret\"))||(t=Math.random().toString(36).substring(2,12),e.src+=\"#?secret=\"+t,e.setAttribute(\"data-secret\",t)),e.contentWindow.postMessage({message:\"ready\",secret:t},\"*\")},!1)))}(window,document);\n\/\/# sourceURL=https:\/\/batijournal.com\/wp-includes\/js\/wp-embed.min.js\n\/* ]]> *\/\n<\/script>\n","thumbnail_url":"https:\/\/batijournal.com\/wp-content\/uploads\/2016\/12\/ecoquartiers.png","thumbnail_width":799,"thumbnail_height":483,"description":"Les grands op\u00e9rateurs de l\u2019\u00c9tat et la F\u00e9d\u00e9ration des Parcs Naturels R\u00e9gionaux ont formalis\u00e9 leur engagement en faveur de la ville durable et se sont engag\u00e9s aux c\u00f4t\u00e9s des \u00c9coQuartiers. L\u2019ANRU, le Commissariat G\u00e9n\u00e9ral \u00e0 l\u2019\u00c9galit\u00e9 des Territoires (CGET), l\u2019Agence de l\u2019environnement et de la ma\u00eetrise de l\u2019\u00e9nergie (ADEME), et la F\u00e9d\u00e9ration des Parcs Naturels [&hellip;]"}

Stéphane Miget

Les Parcs Naturels Régionaux s’engagent pour la ville durable

<blockquote class="wp-embedded-content" data-secret="XsBCynnpYg"><a href="https://batijournal.com/index.php/parcs-naturels-regionaux-sengagent-ville-durable/95445/">Les Parcs Naturels Régionaux s’engagent pour la ville durable</a></blockquote><iframe sandbox="allow-scripts" security="restricted" src="https://batijournal.com/index.php/parcs-naturels-regionaux-sengagent-ville-durable/95445/embed/#?secret=XsBCynnpYg" width="600" height="338" title="« Les Parcs Naturels Régionaux s’engagent pour la ville durable » &#8212; Batijournal" data-secret="XsBCynnpYg" frameborder="0" marginwidth="0" marginheight="0" scrolling="no" class="wp-embedded-content"></iframe><script type="text/javascript">
/* <![CDATA[ */
/*! This file is auto-generated */
!function(d,l){"use strict";l.querySelector&&d.addEventListener&&"undefined"!=typeof URL&&(d.wp=d.wp||{},d.wp.receiveEmbedMessage||(d.wp.receiveEmbedMessage=function(e){var t=e.data;if((t||t.secret||t.message||t.value)&&!/[^a-zA-Z0-9]/.test(t.secret)){for(var s,r,n,a=l.querySelectorAll('iframe[data-secret="'+t.secret+'"]'),o=l.querySelectorAll('blockquote[data-secret="'+t.secret+'"]'),c=new RegExp("^https?:$","i"),i=0;i<o.length;i++)o[i].style.display="none";for(i=0;i<a.length;i++)s=a[i],e.source===s.contentWindow&&(s.removeAttribute("style"),"height"===t.message?(1e3<(r=parseInt(t.value,10))?r=1e3:~~r<200&&(r=200),s.height=r):"link"===t.message&&(r=new URL(s.getAttribute("src")),n=new URL(t.value),c.test(n.protocol))&&n.host===r.host&&l.activeElement===s&&(d.top.location.href=t.value))}},d.addEventListener("message",d.wp.receiveEmbedMessage,!1),l.addEventListener("DOMContentLoaded",function(){for(var e,t,s=l.querySelectorAll("iframe.wp-embedded-content"),r=0;r<s.length;r++)(t=(e=s[r]).getAttribute("data-secret"))||(t=Math.random().toString(36).substring(2,12),e.src+="#?secret="+t,e.setAttribute("data-secret",t)),e.contentWindow.postMessage({message:"ready",secret:t},"*")},!1)))}(window,document);
//# sourceURL=https://batijournal.com/wp-includes/js/wp-embed.min.js
/* ]]> */
</script>

Les grands opérateurs de l’État et la Fédération des Parcs Naturels Régionaux ont formalisé leur engagement en faveur de la ville durable et se sont engagés aux côtés des ÉcoQuartiers. L’ANRU, le Commissariat Général à l’Égalité des Territoires (CGET), l’Agence de l’environnement et de la maîtrise de l’énergie (ADEME), et la Fédération des Parcs Naturels [&hellip;]
