{"version":"1.0","provider_name":"Batijournal","provider_url":"https:\/\/batijournal.com","author_name":"St\u00e9phane Miget","author_url":"https:\/\/batijournal.com\/index.php\/author\/stephane\/","title":"Planification urbaine bas carbone","type":"rich","width":600,"height":338,"html":"<blockquote class=\"wp-embedded-content\" data-secret=\"zflEgBoTA4\"><a href=\"https:\/\/batijournal.com\/index.php\/planification-urbaine-bas-carbone\/104223\/\">Planification urbaine bas carbone<\/a><\/blockquote><iframe sandbox=\"allow-scripts\" security=\"restricted\" src=\"https:\/\/batijournal.com\/index.php\/planification-urbaine-bas-carbone\/104223\/embed\/#?secret=zflEgBoTA4\" width=\"600\" height=\"338\" title=\"\u00ab\u00a0Planification urbaine bas carbone\u00a0\u00bb &#8212; Batijournal\" data-secret=\"zflEgBoTA4\" frameborder=\"0\" marginwidth=\"0\" marginheight=\"0\" scrolling=\"no\" class=\"wp-embedded-content\"><\/iframe><script type=\"text\/javascript\">\n\/* <![CDATA[ *\/\n\/*! This file is auto-generated *\/\n!function(d,l){\"use strict\";l.querySelector&&d.addEventListener&&\"undefined\"!=typeof URL&&(d.wp=d.wp||{},d.wp.receiveEmbedMessage||(d.wp.receiveEmbedMessage=function(e){var t=e.data;if((t||t.secret||t.message||t.value)&&!\/[^a-zA-Z0-9]\/.test(t.secret)){for(var s,r,n,a=l.querySelectorAll('iframe[data-secret=\"'+t.secret+'\"]'),o=l.querySelectorAll('blockquote[data-secret=\"'+t.secret+'\"]'),c=new RegExp(\"^https?:$\",\"i\"),i=0;i<o.length;i++)o[i].style.display=\"none\";for(i=0;i<a.length;i++)s=a[i],e.source===s.contentWindow&&(s.removeAttribute(\"style\"),\"height\"===t.message?(1e3<(r=parseInt(t.value,10))?r=1e3:~~r<200&&(r=200),s.height=r):\"link\"===t.message&&(r=new URL(s.getAttribute(\"src\")),n=new URL(t.value),c.test(n.protocol))&&n.host===r.host&&l.activeElement===s&&(d.top.location.href=t.value))}},d.addEventListener(\"message\",d.wp.receiveEmbedMessage,!1),l.addEventListener(\"DOMContentLoaded\",function(){for(var e,t,s=l.querySelectorAll(\"iframe.wp-embedded-content\"),r=0;r<s.length;r++)(t=(e=s[r]).getAttribute(\"data-secret\"))||(t=Math.random().toString(36).substring(2,12),e.src+=\"#?secret=\"+t,e.setAttribute(\"data-secret\",t)),e.contentWindow.postMessage({message:\"ready\",secret:t},\"*\")},!1)))}(window,document);\n\/\/# sourceURL=https:\/\/batijournal.com\/wp-includes\/js\/wp-embed.min.js\n\/* ]]> *\/\n<\/script>\n","thumbnail_url":"https:\/\/batijournal.com\/wp-content\/uploads\/2020\/05\/carte-collectivites-768x427-1.png","thumbnail_width":768,"thumbnail_height":427,"description":"Depuis novembre 2019, l\u2019ADEME accompagne 16 collectivit\u00e9s territoriales laur\u00e9ates de l\u2019appel \u00e0 manifestation d\u2019int\u00e9r\u00eat \u00ab planification urbaine au service des strat\u00e9gies bas carbone \u00bb pour exp\u00e9rimenter l\u2019effet levier de l\u2019urbanisme dans la mise en \u0153uvre de la transition \u00e9nerg\u00e9tique et \u00e9cologique. Cet appel \u00e0 projet vise \u00e0 favoriser la prise en compte des enjeux de [&hellip;]"}

Stéphane Miget

Depuis novembre 2019, l’ADEME accompagne 16 collectivités territoriales lauréates de l’appel à manifestation d’intérêt « planification urbaine au service des stratégies bas carbone » pour expérimenter l’effet levier de l’urbanisme dans la mise en œuvre de la transition énergétique et écologique. Cet appel à projet vise à favoriser la prise en compte des enjeux de [&hellip;]
