{"version":"1.0","provider_name":"Batijournal","provider_url":"https:\/\/batijournal.com","author_name":"St\u00e9phane Miget","author_url":"https:\/\/batijournal.com\/index.php\/author\/stephane\/","title":"Les Portes du temps s'ouvrent de nouveau","type":"rich","width":600,"height":338,"html":"<blockquote class=\"wp-embedded-content\" data-secret=\"jeMWGPuaxf\"><a href=\"https:\/\/batijournal.com\/index.php\/portes-temps-souvrent-de-nouveau\/93304\/\">Les Portes du temps s&rsquo;ouvrent de nouveau<\/a><\/blockquote><iframe sandbox=\"allow-scripts\" security=\"restricted\" src=\"https:\/\/batijournal.com\/index.php\/portes-temps-souvrent-de-nouveau\/93304\/embed\/#?secret=jeMWGPuaxf\" width=\"600\" height=\"338\" title=\"\u00ab\u00a0Les Portes du temps s&rsquo;ouvrent de nouveau\u00a0\u00bb &#8212; Batijournal\" data-secret=\"jeMWGPuaxf\" frameborder=\"0\" marginwidth=\"0\" marginheight=\"0\" scrolling=\"no\" class=\"wp-embedded-content\"><\/iframe><script type=\"text\/javascript\">\n\/* <![CDATA[ *\/\n\/*! This file is auto-generated *\/\n!function(d,l){\"use strict\";l.querySelector&&d.addEventListener&&\"undefined\"!=typeof URL&&(d.wp=d.wp||{},d.wp.receiveEmbedMessage||(d.wp.receiveEmbedMessage=function(e){var t=e.data;if((t||t.secret||t.message||t.value)&&!\/[^a-zA-Z0-9]\/.test(t.secret)){for(var s,r,n,a=l.querySelectorAll('iframe[data-secret=\"'+t.secret+'\"]'),o=l.querySelectorAll('blockquote[data-secret=\"'+t.secret+'\"]'),c=new RegExp(\"^https?:$\",\"i\"),i=0;i<o.length;i++)o[i].style.display=\"none\";for(i=0;i<a.length;i++)s=a[i],e.source===s.contentWindow&&(s.removeAttribute(\"style\"),\"height\"===t.message?(1e3<(r=parseInt(t.value,10))?r=1e3:~~r<200&&(r=200),s.height=r):\"link\"===t.message&&(r=new URL(s.getAttribute(\"src\")),n=new URL(t.value),c.test(n.protocol))&&n.host===r.host&&l.activeElement===s&&(d.top.location.href=t.value))}},d.addEventListener(\"message\",d.wp.receiveEmbedMessage,!1),l.addEventListener(\"DOMContentLoaded\",function(){for(var e,t,s=l.querySelectorAll(\"iframe.wp-embedded-content\"),r=0;r<s.length;r++)(t=(e=s[r]).getAttribute(\"data-secret\"))||(t=Math.random().toString(36).substring(2,12),e.src+=\"#?secret=\"+t,e.setAttribute(\"data-secret\",t)),e.contentWindow.postMessage({message:\"ready\",secret:t},\"*\")},!1)))}(window,document);\n\/\/# sourceURL=https:\/\/batijournal.com\/wp-includes\/js\/wp-embed.min.js\n\/* ]]> *\/\n<\/script>\n","thumbnail_url":"https:\/\/batijournal.com\/wp-content\/uploads\/2016\/07\/Affiche-les-portes-du-temps-2016.jpg","thumbnail_width":667,"thumbnail_height":1000,"description":"La 12\u00e8me \u00e9dition des Portes du temps se d\u00e9roulera pendant les vacances d\u2019\u00e9t\u00e9 et d\u2019automne 2016. Dispositif de d\u00e9mocratisation culturelle et de lutte contre les fractures sociales, cette op\u00e9ration permet de sensibiliser au patrimoine et \u00e0 l\u2019histoire, en dehors du temps scolaire, les jeunes issus des quartiers populaires. 35 000 enfants et adolescents sont attendus [&hellip;]"}

Stéphane Miget

La 12ème édition des Portes du temps se déroulera pendant les vacances d’été et d’automne 2016. Dispositif de démocratisation culturelle et de lutte contre les fractures sociales, cette opération permet de sensibiliser au patrimoine et à l’histoire, en dehors du temps scolaire, les jeunes issus des quartiers populaires. 35 000 enfants et adolescents sont attendus [&hellip;]
