{"version":"1.0","provider_name":"Batijournal","provider_url":"https:\/\/batijournal.com","author_name":"St\u00e9phane Miget","author_url":"https:\/\/batijournal.com\/index.php\/author\/stephane\/","title":"Le Premier ministre laisse planer le doute sur les aides au logement","type":"rich","width":600,"height":338,"html":"<blockquote class=\"wp-embedded-content\" data-secret=\"03VDa8iSTH\"><a href=\"https:\/\/batijournal.com\/index.php\/premier-ministre-laisse-planer-doute-aides-logement\/96420\/\">Le Premier ministre laisse planer le doute sur les aides au logement<\/a><\/blockquote><iframe sandbox=\"allow-scripts\" security=\"restricted\" src=\"https:\/\/batijournal.com\/index.php\/premier-ministre-laisse-planer-doute-aides-logement\/96420\/embed\/#?secret=03VDa8iSTH\" width=\"600\" height=\"338\" title=\"\u00ab\u00a0Le Premier ministre laisse planer le doute sur les aides au logement\u00a0\u00bb &#8212; Batijournal\" data-secret=\"03VDa8iSTH\" frameborder=\"0\" marginwidth=\"0\" marginheight=\"0\" scrolling=\"no\" class=\"wp-embedded-content\"><\/iframe><script type=\"text\/javascript\">\n\/* <![CDATA[ *\/\n\/*! This file is auto-generated *\/\n!function(d,l){\"use strict\";l.querySelector&&d.addEventListener&&\"undefined\"!=typeof URL&&(d.wp=d.wp||{},d.wp.receiveEmbedMessage||(d.wp.receiveEmbedMessage=function(e){var t=e.data;if((t||t.secret||t.message||t.value)&&!\/[^a-zA-Z0-9]\/.test(t.secret)){for(var s,r,n,a=l.querySelectorAll('iframe[data-secret=\"'+t.secret+'\"]'),o=l.querySelectorAll('blockquote[data-secret=\"'+t.secret+'\"]'),c=new RegExp(\"^https?:$\",\"i\"),i=0;i<o.length;i++)o[i].style.display=\"none\";for(i=0;i<a.length;i++)s=a[i],e.source===s.contentWindow&&(s.removeAttribute(\"style\"),\"height\"===t.message?(1e3<(r=parseInt(t.value,10))?r=1e3:~~r<200&&(r=200),s.height=r):\"link\"===t.message&&(r=new URL(s.getAttribute(\"src\")),n=new URL(t.value),c.test(n.protocol))&&n.host===r.host&&l.activeElement===s&&(d.top.location.href=t.value))}},d.addEventListener(\"message\",d.wp.receiveEmbedMessage,!1),l.addEventListener(\"DOMContentLoaded\",function(){for(var e,t,s=l.querySelectorAll(\"iframe.wp-embedded-content\"),r=0;r<s.length;r++)(t=(e=s[r]).getAttribute(\"data-secret\"))||(t=Math.random().toString(36).substring(2,12),e.src+=\"#?secret=\"+t,e.setAttribute(\"data-secret\",t)),e.contentWindow.postMessage({message:\"ready\",secret:t},\"*\")},!1)))}(window,document);\n\/\/# sourceURL=https:\/\/batijournal.com\/wp-includes\/js\/wp-embed.min.js\n\/* ]]> *\/\n<\/script>\n","thumbnail_url":"https:\/\/batijournal.com\/wp-content\/uploads\/2017\/07\/discours-premier-ministre-edouard-philippe-assemblee-nationale.jpg","thumbnail_width":960,"thumbnail_height":600,"description":"Le Premier ministre a prononc\u00e9, le 4 juillet 2017, sa d\u00e9claration de politique g\u00e9n\u00e9rale \u00e0 l\u2019Assembl\u00e9e nationale. Quelques \u00e9l\u00e9ments de son discours concernent le logement et s\u00e8ment le doute sur la poursuite des aides \u00e0 la construction. Dans son r\u00e9cent rapport, la Cour des Comptes remet d\u00e9j\u00e0 en cause l&rsquo;efficacit\u00e9 de diverses aides comme la [&hellip;]"}

Stéphane Miget

Le Premier ministre a prononcé, le 4 juillet 2017, sa déclaration de politique générale à l’Assemblée nationale. Quelques éléments de son discours concernent le logement et sèment le doute sur la poursuite des aides à la construction. Dans son récent rapport, la Cour des Comptes remet déjà en cause l&rsquo;efficacité de diverses aides comme la [&hellip;]
