{"version":"1.0","provider_name":"Batijournal","provider_url":"https:\/\/batijournal.com","author_name":"St\u00e9phane Miget","author_url":"https:\/\/batijournal.com\/index.php\/author\/stephane\/","title":"Premi\u00e8re \u00e9dition des Journ\u00e9es nationales de l\u2019architecture","type":"rich","width":600,"height":338,"html":"<blockquote class=\"wp-embedded-content\" data-secret=\"FKCE0bux2b\"><a href=\"https:\/\/batijournal.com\/index.php\/premiere-edition-journees-nationales-de-larchitecture\/93618\/\">Premi\u00e8re \u00e9dition des Journ\u00e9es nationales de l\u2019architecture<\/a><\/blockquote><iframe sandbox=\"allow-scripts\" security=\"restricted\" src=\"https:\/\/batijournal.com\/index.php\/premiere-edition-journees-nationales-de-larchitecture\/93618\/embed\/#?secret=FKCE0bux2b\" width=\"600\" height=\"338\" title=\"\u00ab\u00a0Premi\u00e8re \u00e9dition des Journ\u00e9es nationales de l\u2019architecture\u00a0\u00bb &#8212; Batijournal\" data-secret=\"FKCE0bux2b\" frameborder=\"0\" marginwidth=\"0\" marginheight=\"0\" scrolling=\"no\" class=\"wp-embedded-content\"><\/iframe><script type=\"text\/javascript\">\n\/* <![CDATA[ *\/\n\/*! This file is auto-generated *\/\n!function(d,l){\"use strict\";l.querySelector&&d.addEventListener&&\"undefined\"!=typeof URL&&(d.wp=d.wp||{},d.wp.receiveEmbedMessage||(d.wp.receiveEmbedMessage=function(e){var t=e.data;if((t||t.secret||t.message||t.value)&&!\/[^a-zA-Z0-9]\/.test(t.secret)){for(var s,r,n,a=l.querySelectorAll('iframe[data-secret=\"'+t.secret+'\"]'),o=l.querySelectorAll('blockquote[data-secret=\"'+t.secret+'\"]'),c=new RegExp(\"^https?:$\",\"i\"),i=0;i<o.length;i++)o[i].style.display=\"none\";for(i=0;i<a.length;i++)s=a[i],e.source===s.contentWindow&&(s.removeAttribute(\"style\"),\"height\"===t.message?(1e3<(r=parseInt(t.value,10))?r=1e3:~~r<200&&(r=200),s.height=r):\"link\"===t.message&&(r=new URL(s.getAttribute(\"src\")),n=new URL(t.value),c.test(n.protocol))&&n.host===r.host&&l.activeElement===s&&(d.top.location.href=t.value))}},d.addEventListener(\"message\",d.wp.receiveEmbedMessage,!1),l.addEventListener(\"DOMContentLoaded\",function(){for(var e,t,s=l.querySelectorAll(\"iframe.wp-embedded-content\"),r=0;r<s.length;r++)(t=(e=s[r]).getAttribute(\"data-secret\"))||(t=Math.random().toString(36).substring(2,12),e.src+=\"#?secret=\"+t,e.setAttribute(\"data-secret\",t)),e.contentWindow.postMessage({message:\"ready\",secret:t},\"*\")},!1)))}(window,document);\n\/\/# sourceURL=https:\/\/batijournal.com\/wp-includes\/js\/wp-embed.min.js\n\/* ]]> *\/\n<\/script>\n","description":"Audrey Azoulay, ministre de la Culture et de la Communication, lance la premi\u00e8re \u00e9dition des Journ\u00e9es nationales de l\u2019architecture qui auront lieu les 14, 15 et 16 octobre 2016. Elles ont pour objectif de d\u00e9velopper la connaissance par le grand public de toutes les dimensions de cette discipline. Elles affirment l\u2019ambition du minist\u00e8re de la [&hellip;]"}

Stéphane Miget

Première édition des Journées nationales de l’architecture

<blockquote class="wp-embedded-content" data-secret="FKCE0bux2b"><a href="https://batijournal.com/index.php/premiere-edition-journees-nationales-de-larchitecture/93618/">Première édition des Journées nationales de l’architecture</a></blockquote><iframe sandbox="allow-scripts" security="restricted" src="https://batijournal.com/index.php/premiere-edition-journees-nationales-de-larchitecture/93618/embed/#?secret=FKCE0bux2b" width="600" height="338" title="« Première édition des Journées nationales de l’architecture » &#8212; Batijournal" data-secret="FKCE0bux2b" frameborder="0" marginwidth="0" marginheight="0" scrolling="no" class="wp-embedded-content"></iframe><script type="text/javascript">
/* <![CDATA[ */
/*! This file is auto-generated */
!function(d,l){"use strict";l.querySelector&&d.addEventListener&&"undefined"!=typeof URL&&(d.wp=d.wp||{},d.wp.receiveEmbedMessage||(d.wp.receiveEmbedMessage=function(e){var t=e.data;if((t||t.secret||t.message||t.value)&&!/[^a-zA-Z0-9]/.test(t.secret)){for(var s,r,n,a=l.querySelectorAll('iframe[data-secret="'+t.secret+'"]'),o=l.querySelectorAll('blockquote[data-secret="'+t.secret+'"]'),c=new RegExp("^https?:$","i"),i=0;i<o.length;i++)o[i].style.display="none";for(i=0;i<a.length;i++)s=a[i],e.source===s.contentWindow&&(s.removeAttribute("style"),"height"===t.message?(1e3<(r=parseInt(t.value,10))?r=1e3:~~r<200&&(r=200),s.height=r):"link"===t.message&&(r=new URL(s.getAttribute("src")),n=new URL(t.value),c.test(n.protocol))&&n.host===r.host&&l.activeElement===s&&(d.top.location.href=t.value))}},d.addEventListener("message",d.wp.receiveEmbedMessage,!1),l.addEventListener("DOMContentLoaded",function(){for(var e,t,s=l.querySelectorAll("iframe.wp-embedded-content"),r=0;r<s.length;r++)(t=(e=s[r]).getAttribute("data-secret"))||(t=Math.random().toString(36).substring(2,12),e.src+="#?secret="+t,e.setAttribute("data-secret",t)),e.contentWindow.postMessage({message:"ready",secret:t},"*")},!1)))}(window,document);
//# sourceURL=https://batijournal.com/wp-includes/js/wp-embed.min.js
/* ]]> */
</script>

Audrey Azoulay, ministre de la Culture et de la Communication, lance la première édition des Journées nationales de l’architecture qui auront lieu les 14, 15 et 16 octobre 2016. Elles ont pour objectif de développer la connaissance par le grand public de toutes les dimensions de cette discipline. Elles affirment l’ambition du ministère de la [&hellip;]
