{"version":"1.0","provider_name":"Batijournal","provider_url":"https:\/\/batijournal.com","author_name":"St\u00e9phane Miget","author_url":"https:\/\/batijournal.com\/index.php\/author\/stephane\/","title":"Prescrire le bois \u00e0 l\u2019\u00e9chelle des r\u00e9gions","type":"rich","width":600,"height":338,"html":"<blockquote class=\"wp-embedded-content\" data-secret=\"veLQtW3L42\"><a href=\"https:\/\/batijournal.com\/index.php\/prescrire-le-bois-a-lechelle-des-regions\/110627\/\">Prescrire le bois \u00e0 l\u2019\u00e9chelle des r\u00e9gions<\/a><\/blockquote><iframe sandbox=\"allow-scripts\" security=\"restricted\" src=\"https:\/\/batijournal.com\/index.php\/prescrire-le-bois-a-lechelle-des-regions\/110627\/embed\/#?secret=veLQtW3L42\" width=\"600\" height=\"338\" title=\"\u00ab\u00a0Prescrire le bois \u00e0 l\u2019\u00e9chelle des r\u00e9gions\u00a0\u00bb &#8212; Batijournal\" data-secret=\"veLQtW3L42\" frameborder=\"0\" marginwidth=\"0\" marginheight=\"0\" scrolling=\"no\" class=\"wp-embedded-content\"><\/iframe><script type=\"text\/javascript\">\n\/* <![CDATA[ *\/\n\/*! This file is auto-generated *\/\n!function(d,l){\"use strict\";l.querySelector&&d.addEventListener&&\"undefined\"!=typeof URL&&(d.wp=d.wp||{},d.wp.receiveEmbedMessage||(d.wp.receiveEmbedMessage=function(e){var t=e.data;if((t||t.secret||t.message||t.value)&&!\/[^a-zA-Z0-9]\/.test(t.secret)){for(var s,r,n,a=l.querySelectorAll('iframe[data-secret=\"'+t.secret+'\"]'),o=l.querySelectorAll('blockquote[data-secret=\"'+t.secret+'\"]'),c=new RegExp(\"^https?:$\",\"i\"),i=0;i<o.length;i++)o[i].style.display=\"none\";for(i=0;i<a.length;i++)s=a[i],e.source===s.contentWindow&&(s.removeAttribute(\"style\"),\"height\"===t.message?(1e3<(r=parseInt(t.value,10))?r=1e3:~~r<200&&(r=200),s.height=r):\"link\"===t.message&&(r=new URL(s.getAttribute(\"src\")),n=new URL(t.value),c.test(n.protocol))&&n.host===r.host&&l.activeElement===s&&(d.top.location.href=t.value))}},d.addEventListener(\"message\",d.wp.receiveEmbedMessage,!1),l.addEventListener(\"DOMContentLoaded\",function(){for(var e,t,s=l.querySelectorAll(\"iframe.wp-embedded-content\"),r=0;r<s.length;r++)(t=(e=s[r]).getAttribute(\"data-secret\"))||(t=Math.random().toString(36).substring(2,12),e.src+=\"#?secret=\"+t,e.setAttribute(\"data-secret\",t)),e.contentWindow.postMessage({message:\"ready\",secret:t},\"*\")},!1)))}(window,document);\n\/\/# sourceURL=https:\/\/batijournal.com\/wp-includes\/js\/wp-embed.min.js\n\/* ]]> *\/\n<\/script>\n","thumbnail_url":"https:\/\/batijournal.com\/wp-content\/uploads\/2024\/05\/prescrire-le-materiau-bois-fibois-bois-de-france.png","thumbnail_width":819,"thumbnail_height":455,"description":"Prescrire le bois \u00e0 l\u2019\u00e9chelle des r\u00e9gions avec Lucie Meunier, coordinatrice du R\u00e9seau Prescrition Fibois France, Thomas Baudot, prescripteur bois Fibois Hauts de France, J\u00e9rome Martinez, responsable du label Bois de France"}

Stéphane Miget

Prescrire le bois à l’échelle des régions

<blockquote class="wp-embedded-content" data-secret="veLQtW3L42"><a href="https://batijournal.com/index.php/prescrire-le-bois-a-lechelle-des-regions/110627/">Prescrire le bois à l’échelle des régions</a></blockquote><iframe sandbox="allow-scripts" security="restricted" src="https://batijournal.com/index.php/prescrire-le-bois-a-lechelle-des-regions/110627/embed/#?secret=veLQtW3L42" width="600" height="338" title="« Prescrire le bois à l’échelle des régions » &#8212; Batijournal" data-secret="veLQtW3L42" frameborder="0" marginwidth="0" marginheight="0" scrolling="no" class="wp-embedded-content"></iframe><script type="text/javascript">
/* <![CDATA[ */
/*! This file is auto-generated */
!function(d,l){"use strict";l.querySelector&&d.addEventListener&&"undefined"!=typeof URL&&(d.wp=d.wp||{},d.wp.receiveEmbedMessage||(d.wp.receiveEmbedMessage=function(e){var t=e.data;if((t||t.secret||t.message||t.value)&&!/[^a-zA-Z0-9]/.test(t.secret)){for(var s,r,n,a=l.querySelectorAll('iframe[data-secret="'+t.secret+'"]'),o=l.querySelectorAll('blockquote[data-secret="'+t.secret+'"]'),c=new RegExp("^https?:$","i"),i=0;i<o.length;i++)o[i].style.display="none";for(i=0;i<a.length;i++)s=a[i],e.source===s.contentWindow&&(s.removeAttribute("style"),"height"===t.message?(1e3<(r=parseInt(t.value,10))?r=1e3:~~r<200&&(r=200),s.height=r):"link"===t.message&&(r=new URL(s.getAttribute("src")),n=new URL(t.value),c.test(n.protocol))&&n.host===r.host&&l.activeElement===s&&(d.top.location.href=t.value))}},d.addEventListener("message",d.wp.receiveEmbedMessage,!1),l.addEventListener("DOMContentLoaded",function(){for(var e,t,s=l.querySelectorAll("iframe.wp-embedded-content"),r=0;r<s.length;r++)(t=(e=s[r]).getAttribute("data-secret"))||(t=Math.random().toString(36).substring(2,12),e.src+="#?secret="+t,e.setAttribute("data-secret",t)),e.contentWindow.postMessage({message:"ready",secret:t},"*")},!1)))}(window,document);
//# sourceURL=https://batijournal.com/wp-includes/js/wp-embed.min.js
/* ]]> */
</script>

Prescrire le bois à l’échelle des régions avec Lucie Meunier, coordinatrice du Réseau Prescrition Fibois France, Thomas Baudot, prescripteur bois Fibois Hauts de France, Jérome Martinez, responsable du label Bois de France
