{"version":"1.0","provider_name":"Batijournal","provider_url":"https:\/\/batijournal.com","author_name":"St\u00e9phane Miget","author_url":"https:\/\/batijournal.com\/index.php\/author\/stephane\/","title":"Programme d\u2019actions en faveur de la mobilisation du foncier","type":"rich","width":600,"height":338,"html":"<blockquote class=\"wp-embedded-content\" data-secret=\"0HgKoJdYQO\"><a href=\"https:\/\/batijournal.com\/index.php\/programme-dactions-faveur-de-mobilisation-foncier\/91750\/\">Programme d\u2019actions en faveur de la mobilisation du foncier<\/a><\/blockquote><iframe sandbox=\"allow-scripts\" security=\"restricted\" src=\"https:\/\/batijournal.com\/index.php\/programme-dactions-faveur-de-mobilisation-foncier\/91750\/embed\/#?secret=0HgKoJdYQO\" width=\"600\" height=\"338\" title=\"\u00ab\u00a0Programme d\u2019actions en faveur de la mobilisation du foncier\u00a0\u00bb &#8212; Batijournal\" data-secret=\"0HgKoJdYQO\" frameborder=\"0\" marginwidth=\"0\" marginheight=\"0\" scrolling=\"no\" class=\"wp-embedded-content\"><\/iframe><script type=\"text\/javascript\">\n\/* <![CDATA[ *\/\n\/*! This file is auto-generated *\/\n!function(d,l){\"use strict\";l.querySelector&&d.addEventListener&&\"undefined\"!=typeof URL&&(d.wp=d.wp||{},d.wp.receiveEmbedMessage||(d.wp.receiveEmbedMessage=function(e){var t=e.data;if((t||t.secret||t.message||t.value)&&!\/[^a-zA-Z0-9]\/.test(t.secret)){for(var s,r,n,a=l.querySelectorAll('iframe[data-secret=\"'+t.secret+'\"]'),o=l.querySelectorAll('blockquote[data-secret=\"'+t.secret+'\"]'),c=new RegExp(\"^https?:$\",\"i\"),i=0;i<o.length;i++)o[i].style.display=\"none\";for(i=0;i<a.length;i++)s=a[i],e.source===s.contentWindow&&(s.removeAttribute(\"style\"),\"height\"===t.message?(1e3<(r=parseInt(t.value,10))?r=1e3:~~r<200&&(r=200),s.height=r):\"link\"===t.message&&(r=new URL(s.getAttribute(\"src\")),n=new URL(t.value),c.test(n.protocol))&&n.host===r.host&&l.activeElement===s&&(d.top.location.href=t.value))}},d.addEventListener(\"message\",d.wp.receiveEmbedMessage,!1),l.addEventListener(\"DOMContentLoaded\",function(){for(var e,t,s=l.querySelectorAll(\"iframe.wp-embedded-content\"),r=0;r<s.length;r++)(t=(e=s[r]).getAttribute(\"data-secret\"))||(t=Math.random().toString(36).substring(2,12),e.src+=\"#?secret=\"+t,e.setAttribute(\"data-secret\",t)),e.contentWindow.postMessage({message:\"ready\",secret:t},\"*\")},!1)))}(window,document);\n\/\/# sourceURL=https:\/\/batijournal.com\/wp-includes\/js\/wp-embed.min.js\n\/* ]]> *\/\n<\/script>\n","thumbnail_url":"https:\/\/batijournal.com\/wp-content\/uploads\/2016\/03\/arton2952.jpg","thumbnail_width":738,"thumbnail_height":490,"description":"Dominique Figeat, pr\u00e9sident de l\u2019Observatoire r\u00e9gional du foncier en Ile-de-France, a remis \u00e0 Emmanuelle Cosse, ministre du Logement et de l\u2019Habitat Durable et Christian Eckert, secr\u00e9taire d\u2019\u00c9tat au budget, le rapport rendant compte des r\u00e9flexions et propositions sur la formation des prix du foncier et l\u2019offre fonci\u00e8re destin\u00e9e \u00e0 la production de logements.\u00a0 La remise [&hellip;]"}

Stéphane Miget

Dominique Figeat, président de l’Observatoire régional du foncier en Ile-de-France, a remis à Emmanuelle Cosse, ministre du Logement et de l’Habitat Durable et Christian Eckert, secrétaire d’État au budget, le rapport rendant compte des réflexions et propositions sur la formation des prix du foncier et l’offre foncière destinée à la production de logements.  La remise [&hellip;]
