{"version":"1.0","provider_name":"Batijournal","provider_url":"https:\/\/batijournal.com","author_name":"St\u00e9phane Miget","author_url":"https:\/\/batijournal.com\/index.php\/author\/stephane\/","title":"RE2020, c\u2019est pour le 1er janvier 2022","type":"rich","width":600,"height":338,"html":"<blockquote class=\"wp-embedded-content\" data-secret=\"lF0ETXXLgR\"><a href=\"https:\/\/batijournal.com\/index.php\/re2020-cest-pour-le-1er-janvier-2022\/105517\/\">RE2020, c\u2019est pour le 1er janvier 2022<\/a><\/blockquote><iframe sandbox=\"allow-scripts\" security=\"restricted\" src=\"https:\/\/batijournal.com\/index.php\/re2020-cest-pour-le-1er-janvier-2022\/105517\/embed\/#?secret=lF0ETXXLgR\" width=\"600\" height=\"338\" title=\"\u00ab\u00a0RE2020, c\u2019est pour le 1er janvier 2022\u00a0\u00bb &#8212; Batijournal\" data-secret=\"lF0ETXXLgR\" frameborder=\"0\" marginwidth=\"0\" marginheight=\"0\" scrolling=\"no\" class=\"wp-embedded-content\"><\/iframe><script type=\"text\/javascript\">\n\/* <![CDATA[ *\/\n\/*! This file is auto-generated *\/\n!function(d,l){\"use strict\";l.querySelector&&d.addEventListener&&\"undefined\"!=typeof URL&&(d.wp=d.wp||{},d.wp.receiveEmbedMessage||(d.wp.receiveEmbedMessage=function(e){var t=e.data;if((t||t.secret||t.message||t.value)&&!\/[^a-zA-Z0-9]\/.test(t.secret)){for(var s,r,n,a=l.querySelectorAll('iframe[data-secret=\"'+t.secret+'\"]'),o=l.querySelectorAll('blockquote[data-secret=\"'+t.secret+'\"]'),c=new RegExp(\"^https?:$\",\"i\"),i=0;i<o.length;i++)o[i].style.display=\"none\";for(i=0;i<a.length;i++)s=a[i],e.source===s.contentWindow&&(s.removeAttribute(\"style\"),\"height\"===t.message?(1e3<(r=parseInt(t.value,10))?r=1e3:~~r<200&&(r=200),s.height=r):\"link\"===t.message&&(r=new URL(s.getAttribute(\"src\")),n=new URL(t.value),c.test(n.protocol))&&n.host===r.host&&l.activeElement===s&&(d.top.location.href=t.value))}},d.addEventListener(\"message\",d.wp.receiveEmbedMessage,!1),l.addEventListener(\"DOMContentLoaded\",function(){for(var e,t,s=l.querySelectorAll(\"iframe.wp-embedded-content\"),r=0;r<s.length;r++)(t=(e=s[r]).getAttribute(\"data-secret\"))||(t=Math.random().toString(36).substring(2,12),e.src+=\"#?secret=\"+t,e.setAttribute(\"data-secret\",t)),e.contentWindow.postMessage({message:\"ready\",secret:t},\"*\")},!1)))}(window,document);\n\/\/# sourceURL=https:\/\/batijournal.com\/wp-includes\/js\/wp-embed.min.js\n\/* ]]> *\/\n<\/script>\n","thumbnail_url":"https:\/\/batijournal.com\/wp-content\/uploads\/2021\/02\/seuils-carbone-RE2020.png","thumbnail_width":1089,"thumbnail_height":286,"description":"Emmanuelle Wargon, ministre d\u00e9l\u00e9gu\u00e9e aupr\u00e8s de la ministre de la transition \u00e9cologique, charg\u00e9e du Logement, a r\u00e9uni par visioconf\u00e9rence les principaux repr\u00e9sentants du monde de la construction afin d\u2019annoncer les derni\u00e8res d\u00e9cisions concernant la nouvelle r\u00e9glementation environnementale des b\u00e2timents neufs. L\u2019entr\u00e9e en vigueur de la RE2020 sera finalement fix\u00e9e au 1er janvier 2022, apr\u00e8s une [&hellip;]"}

Stéphane Miget

Emmanuelle Wargon, ministre déléguée auprès de la ministre de la transition écologique, chargée du Logement, a réuni par visioconférence les principaux représentants du monde de la construction afin d’annoncer les dernières décisions concernant la nouvelle réglementation environnementale des bâtiments neufs. L’entrée en vigueur de la RE2020 sera finalement fixée au 1er janvier 2022, après une [&hellip;]
