{"version":"1.0","provider_name":"Batijournal","provider_url":"https:\/\/batijournal.com","author_name":"Bati-journal","author_url":"https:\/\/batijournal.com\/index.php\/author\/elodie\/","title":"Reconversion patrimoniale du site minier du Carreau Wendel","type":"rich","width":600,"height":338,"html":"<blockquote class=\"wp-embedded-content\" data-secret=\"4C6d8Blic6\"><a href=\"https:\/\/batijournal.com\/index.php\/reconversion-patrimoniale-du-site-minier-du-carreau-wendel\/76263\/\">Reconversion patrimoniale du site minier du Carreau Wendel<\/a><\/blockquote><iframe sandbox=\"allow-scripts\" security=\"restricted\" src=\"https:\/\/batijournal.com\/index.php\/reconversion-patrimoniale-du-site-minier-du-carreau-wendel\/76263\/embed\/#?secret=4C6d8Blic6\" width=\"600\" height=\"338\" title=\"\u00ab\u00a0Reconversion patrimoniale du site minier du Carreau Wendel\u00a0\u00bb &#8212; Batijournal\" data-secret=\"4C6d8Blic6\" frameborder=\"0\" marginwidth=\"0\" marginheight=\"0\" scrolling=\"no\" class=\"wp-embedded-content\"><\/iframe><script type=\"text\/javascript\">\n\/* <![CDATA[ *\/\n\/*! This file is auto-generated *\/\n!function(d,l){\"use strict\";l.querySelector&&d.addEventListener&&\"undefined\"!=typeof URL&&(d.wp=d.wp||{},d.wp.receiveEmbedMessage||(d.wp.receiveEmbedMessage=function(e){var t=e.data;if((t||t.secret||t.message||t.value)&&!\/[^a-zA-Z0-9]\/.test(t.secret)){for(var s,r,n,a=l.querySelectorAll('iframe[data-secret=\"'+t.secret+'\"]'),o=l.querySelectorAll('blockquote[data-secret=\"'+t.secret+'\"]'),c=new RegExp(\"^https?:$\",\"i\"),i=0;i<o.length;i++)o[i].style.display=\"none\";for(i=0;i<a.length;i++)s=a[i],e.source===s.contentWindow&&(s.removeAttribute(\"style\"),\"height\"===t.message?(1e3<(r=parseInt(t.value,10))?r=1e3:~~r<200&&(r=200),s.height=r):\"link\"===t.message&&(r=new URL(s.getAttribute(\"src\")),n=new URL(t.value),c.test(n.protocol))&&n.host===r.host&&l.activeElement===s&&(d.top.location.href=t.value))}},d.addEventListener(\"message\",d.wp.receiveEmbedMessage,!1),l.addEventListener(\"DOMContentLoaded\",function(){for(var e,t,s=l.querySelectorAll(\"iframe.wp-embedded-content\"),r=0;r<s.length;r++)(t=(e=s[r]).getAttribute(\"data-secret\"))||(t=Math.random().toString(36).substring(2,12),e.src+=\"#?secret=\"+t,e.setAttribute(\"data-secret\",t)),e.contentWindow.postMessage({message:\"ready\",secret:t},\"*\")},!1)))}(window,document);\n\/\/# sourceURL=https:\/\/batijournal.com\/wp-includes\/js\/wp-embed.min.js\n\/* ]]> *\/\n<\/script>\n","description":"Dans le cadre de son accord de partenariat avec la Fondation du Patrimoine, la Fondation Total contribue au projet de reconversion en mus\u00e9e de la mine du site industriel du Carreau Wendel \u00e0 Petite-Rosselle (Moselle). L&rsquo;aide allou\u00e9e s&rsquo;\u00e9l\u00e8ve \u00e0 300 000 euros soit pr\u00e8s de 10% du montant global des travaux. Le gisement houiller lorrain [&hellip;]"}

Dans le cadre de son accord de partenariat avec la Fondation du Patrimoine, la Fondation Total contribue au projet de reconversion en musée de la mine du site industriel du Carreau Wendel à Petite-Rosselle (Moselle). L&rsquo;aide allouée s&rsquo;élève à 300 000 euros soit près de 10% du montant global des travaux. Le gisement houiller lorrain [&hellip;]
