{"version":"1.0","provider_name":"Batijournal","provider_url":"https:\/\/batijournal.com","author_name":"St\u00e9phane Miget","author_url":"https:\/\/batijournal.com\/index.php\/author\/stephane\/","title":"Les refuges du Parc national de la Vanoise font peau neuve","type":"rich","width":600,"height":338,"html":"<blockquote class=\"wp-embedded-content\" data-secret=\"QT0DxTGbl3\"><a href=\"https:\/\/batijournal.com\/index.php\/refuges-parc-national-de-vanoise-peau-neuve\/96171\/\">Les refuges du Parc national de la Vanoise font peau neuve<\/a><\/blockquote><iframe sandbox=\"allow-scripts\" security=\"restricted\" src=\"https:\/\/batijournal.com\/index.php\/refuges-parc-national-de-vanoise-peau-neuve\/96171\/embed\/#?secret=QT0DxTGbl3\" width=\"600\" height=\"338\" title=\"\u00ab\u00a0Les refuges du Parc national de la Vanoise font peau neuve\u00a0\u00bb &#8212; Batijournal\" data-secret=\"QT0DxTGbl3\" frameborder=\"0\" marginwidth=\"0\" marginheight=\"0\" scrolling=\"no\" class=\"wp-embedded-content\"><\/iframe><script type=\"text\/javascript\">\n\/* <![CDATA[ *\/\n\/*! This file is auto-generated *\/\n!function(d,l){\"use strict\";l.querySelector&&d.addEventListener&&\"undefined\"!=typeof URL&&(d.wp=d.wp||{},d.wp.receiveEmbedMessage||(d.wp.receiveEmbedMessage=function(e){var t=e.data;if((t||t.secret||t.message||t.value)&&!\/[^a-zA-Z0-9]\/.test(t.secret)){for(var s,r,n,a=l.querySelectorAll('iframe[data-secret=\"'+t.secret+'\"]'),o=l.querySelectorAll('blockquote[data-secret=\"'+t.secret+'\"]'),c=new RegExp(\"^https?:$\",\"i\"),i=0;i<o.length;i++)o[i].style.display=\"none\";for(i=0;i<a.length;i++)s=a[i],e.source===s.contentWindow&&(s.removeAttribute(\"style\"),\"height\"===t.message?(1e3<(r=parseInt(t.value,10))?r=1e3:~~r<200&&(r=200),s.height=r):\"link\"===t.message&&(r=new URL(s.getAttribute(\"src\")),n=new URL(t.value),c.test(n.protocol))&&n.host===r.host&&l.activeElement===s&&(d.top.location.href=t.value))}},d.addEventListener(\"message\",d.wp.receiveEmbedMessage,!1),l.addEventListener(\"DOMContentLoaded\",function(){for(var e,t,s=l.querySelectorAll(\"iframe.wp-embedded-content\"),r=0;r<s.length;r++)(t=(e=s[r]).getAttribute(\"data-secret\"))||(t=Math.random().toString(36).substring(2,12),e.src+=\"#?secret=\"+t,e.setAttribute(\"data-secret\",t)),e.contentWindow.postMessage({message:\"ready\",secret:t},\"*\")},!1)))}(window,document);\n\/\/# sourceURL=https:\/\/batijournal.com\/wp-includes\/js\/wp-embed.min.js\n\/* ]]> *\/\n<\/script>\n","thumbnail_url":"https:\/\/batijournal.com\/wp-content\/uploads\/2017\/06\/Refection-de-la-toiture-du-refuge-de-la-Leisse-Vanoise.png","thumbnail_width":886,"thumbnail_height":590,"description":"En 2017, le Parc national de la Vanoise a d\u00e9cid\u00e9 de mener une campagne ambitieuse de travaux de r\u00e9novation de ses refuges. L\u2019enveloppe ext\u00e9rieure et les toitures en tavaillons des refuges du Fond des Fours, du Col du Palet et de la Valette seront restaur\u00e9es. Les menuiseries des refuges du Fonds des Fours et de [&hellip;]"}

Stéphane Miget

En 2017, le Parc national de la Vanoise a décidé de mener une campagne ambitieuse de travaux de rénovation de ses refuges. L’enveloppe extérieure et les toitures en tavaillons des refuges du Fond des Fours, du Col du Palet et de la Valette seront restaurées. Les menuiseries des refuges du Fonds des Fours et de [&hellip;]
